{"id":385,"date":"2010-09-30T09:15:39","date_gmt":"2010-09-30T12:15:39","guid":{"rendered":"http:\/\/pororoca.unifap.br\/eletrica\/?page_id=385"},"modified":"2021-12-11T22:32:27","modified_gmt":"2021-12-12T01:32:27","slug":"publicacoes","status":"publish","type":"page","link":"https:\/\/www2.unifap.br\/eletrica\/publicacoes\/","title":{"rendered":"Publica\u00e7\u00f5es"},"content":{"rendered":"<p>52. ARA\u00daJO, ELIZANDRA PEREZ ; CUNHA, HELENILZA FERREIRA ALBUQUERQUE ; BRITO, ALAN UBAIARA ; CUNHA, ALAN CAVALCANTI DA .<strong> Indicadores de abastecimento de \u00e1gua e doen\u00e7as de transmiss\u00e3o h\u00eddrica em munic\u00edpios da Amaz\u00f4nia Oriental<\/strong>. ENGENHARIA SANIT\u00c1RIA E AMBIENTAL (ONLINE), v. 26, p. 1059-1068, 2021. &lt;<a href=\"https:\/\/doi.org\/10.1590\/S1413-415220200179\" target=\"_blank\" rel=\"noopener noreferrer\">https:\/\/doi.org\/10.1590\/S1413-415220200179<\/a>&gt;<\/p>\n<p>51. FRAN\u00c7OIS, D. E; PARMENTIERB, M. J.; MALHEIROS, J.; MALHEIROS, F.; GUEDES, M. C.; BRITO, A. U.; POGANIETZA, W. R. <strong>Solar energy enhances food sovereignty for riverbank families in the Brazilian Amazon.\u00a0<\/strong>In: Biswas S., Fran\u00e7ois D.E., Miller C.A., Parmentier M.J., Chettri N., and Poganietz W.R., (Eds.) (2021). <strong>Let Communities Lead: Stories and lessons on grassroots energy initiatives for sustainable futures<\/strong>. Center for Energy and Society, Arizona State University, p. 58-61, 2021. &lt;<a href=\"https:\/\/letcommunitieslead.files.wordpress.com\/2021\/11\/let-communities-lead-report_2021.pdf\" target=\"_blank\" rel=\"noopener noreferrer\">PDF<\/a>&gt;<\/p>\n<p>50. BRITO, A. U.; MENDONCA, C. M. C. (Org.) ; RIBEIRO, D. S. C. (Org.) ; LIMA, R. P. (Org.) . <strong>Inova\u00e7\u00e3o na Amaz\u00f4nia: debates sobre tecnologia, desenvolvimento e empreendedorismo &#8211; volume 3<\/strong>. 1\u00aa. ed. Rio de Janeiro, RJ: Editora Autografia Edi\u00e7\u00e3o e Comunica\u00e7\u00e3o Ltda, 2021. v. 3. 405p . &lt;<a href=\"https:\/\/www.amazon.com.br\/Inova%C3%A7%C3%A3o-Amaz%C3%B4nia-tecnologia-desenvolvimento-empreendedorismo-ebook\/dp\/B09HL66TNJ\" target=\"_blank\" rel=\"noopener noreferrer\">Ebook<\/a>&gt;<\/p>\n<p>49. DA CUNHA, ALAN CAVALCANTI ; DE ABREU, CARLOS HENRIQUE MEDEIROS ; CRIZANTO, JONATHAN LUZ PIRES ; CUNHA, HELENILZA FERREIRA ALBUQUERQUE ; BRITO, ALAAN UBAIARA ; PEREIRA, NEWTON NARCISO . <strong>Modeling pollutant dispersion scenarios in high vessel-traffic areas of the Lower Amazon River<\/strong>. MARINE POLLUTION BULLETIN, v. 168, p. 112404, 2021. &lt;<a href=\"http:\/\/dx.doi.org\/10.1016\/j.marpolbul.2021.112404\" target=\"_blank\" rel=\"noopener noreferrer\">http:\/\/dx.doi.org\/10.1016\/j.marpolbul.2021.112404<\/a>&gt;<\/p>\n<p>48. SENA DOS SANTOS, WANDERLEY ; FERREIRA TORRES, PEDRO ; UBAIARA BRITO, ALAAN ; ARRIFANO MANITO, ALEX RENAN ; FIGUEIREDO PINTO FILHO, GILBERTO ; LE\u00c3O MONTEIRO, WESLLEY ; NEGR\u00c3O MAC\u00caDO, WILSON . <strong>A novel method to determine the optimal operating point for centrifugal pumps applied in photovoltaic pumping systems<\/strong>. SOLAR ENERGY, v. 221, p. 46-59, 2021. &lt;<a href=\"http:\/\/dx.doi.org\/10.1016\/j.solener.2021.04.005\" target=\"_blank\" rel=\"noopener noreferrer\">http:\/\/dx.doi.org\/10.1016\/j.solener.2021.04.005<\/a>&gt;<\/p>\n<p>47. DAS NEVES, L. D.; COSTA, R. A. T.; GON\u00c7ALVES, L. A. D. S.; BRITO, A. U.. <strong>Indica\u00e7\u00e3o de Proced\u00eancia Das Lou\u00e7as Produzidas No Quilombo No Maruanum \u2013 AP<\/strong>. Cadernos de Prospec\u00e7\u00e3o V.14(2):633\u201347, 2021.\u00a0 &lt;<a href=\"https:\/\/periodicos.ufba.br\/index.php\/nit\/article\/view\/33089\/24308\" target=\"_blank\" rel=\"noopener noreferrer\">http:\/\/dx.doi\/10.9771\/cp.v14i2.33089<\/a>&gt;.<\/p>\n<p>46. DOS SANTOS, E. C. ; MACEDO, E. N. ; GALHARDO, M. A. B. ; COSTA, T. ; COSTA, A. ; BRITO, A. U. ; MONTEIRO, L. ; MAC\u00caDO, W. N. . <strong>Analysis of the Behavior of an Air Conditioning System Based on the Solar Energy Natural Regulation in Amazonian Climatic Conditions<\/strong>. JOURNAL OF SOLAR ENERGY ENGINEERING-TRANSACTIONS OF THE ASME, v. 143, p. 1-13, 2021. &lt;<a href=\"https:\/\/doi.org\/10.1115\/1.4048275\" target=\"_blank\" rel=\"noopener noreferrer\">https:\/\/doi.org\/10.1115\/1.4048275<\/a>&gt;<\/p>\n<p>45. QUEIROZ, A. O. ; BRITO, ALAAN ; MARANHAO, G. A. N. ; SILVA, S. M. G. ; OLIVEIRA, G. P.\u00a0<strong> Sistema fotovoltaico de bombeamento com carga motriz adicional<\/strong>. In: VIII CONGRESSO BRASILEIRO DE ENERGIA SOLAR &#8211; CBENS, 2020, Fortaleza\/CE. ANAIS DO VIII CONGRESSO BRASILEIRO DE ENERGIA SOLAR &#8211; 2020, Associa\u00e7\u00e3o Brasileira de Energia Solar, Fortaleza, CE, ISBN: 978-65-993338-0-4. &lt;<a href=\"https:\/\/anaiscbens.emnuvens.com.br\/cbens\/article\/view\/871\" target=\"_blank\" rel=\"noopener noreferrer\">PDF<\/a>&gt;<\/p>\n<p>44. RIBEIRO, D. S. C; MENDON\u00c7A, C. M. C.; BRITO, A. U.. <strong>Inova\u00e7\u00e3o na Amaz\u00f4nia: debates sobre tecnologia, desenvolvimento e empreendedorismo<\/strong>, volume 2, 1\u00aa edi\u00e7\u00e3o, Rio de Janeiro\/; Editora Autobiografia e Comunica\u00e7\u00e3o Ltda, 2020. v.2.221p. &lt;<a href=\"https:\/\/www.amazon.com.br\/s?i=digital-text&amp;rh=p_27%3AAlaan+Ubaiara+Brito+%28org.%29&amp;s=relevancerank&amp;text=Alaan+Ubaiara+Brito+%28org.%29&amp;ref=dp_byline_sr_ebooks_1\" target=\"_blank\" rel=\"noopener noreferrer\">ebook<\/a>&gt;<\/p>\n<p>43. QUEIROZ, A. O. ; BRITO, A. U. . <strong>Direct Connection Photovoltaic System in Multi-Motor Application for the Rural Sector<\/strong>. ENG AGR &#8211; JABOTICABAL, v. 40, p. 303-304, 2020. &lt;<a href=\"https:\/\/www.scielo.br\/scielo.php?script=sci_arttext&amp;pid=S0100-69162020000300303&amp;lng=pt&amp;nrm=iso&amp;tlng=en\">https:\/\/doi.org\/10.1590\/1809-4430-eng.agric.v40n3p303-314\/2020 <\/a>&gt;<\/p>\n<p>42. SANTOS, W.S.; TORRES, P. F.; BRITO, A. U. GALHARDO, M. A. B.; MAC\u00caDO, W. N.\u00a0<strong>A novel fuzzy controller for photovoltaic pumping systems driven by general-purpose frequency converters.<\/strong>\u00a0Sustainable Energy Technologies and Assessments, V. 40, August 2020 . &lt;<a href=\"https:\/\/doi.org\/10.1016\/j.seta.2020.100758\" target=\"_blank\" rel=\"noopener noreferrer\">https:\/\/doi.org\/10.1016\/j.seta.2020.100758<\/a>&gt;<\/p>\n<p>41.\u00a0FERREIRA, A. O. ;\u00a0BRITO, A. U.\u00a0; GALHARDO, M. A. B. ; FERREIRA, L. ; MAC\u00caDO, W. N..\u00a0 <strong>Modeling, control and simulation of a small photovoltaic-wind water pumping system without battery bank<\/strong>. COMPUTERS &amp; ELECTRICAL ENGINEERING<sup><img decoding=\"async\" id=\"00457906_1\" style=\"background: none 0px 0px repeat scroll transparent;border: 0px none;font-size: 11px;margin: 0px;padding: 0px;vertical-align: baseline;text-align: left\" src=\"http:\/\/buscatextual.cnpq.br\/buscatextual\/images\/curriculo\/jcr.gif\" \/><\/sup>, v. 84, p. 106619, 2020. &lt;<a href=\"http:\/\/dx.doi.org\/10.1016\/j.compeleceng.2020.106619\" target=\"_blank\" rel=\"noopener noreferrer\">http:\/\/dx.doi.org\/10.1016\/j.compeleceng.2020.106619<\/a>&gt;<\/p>\n<p style=\"text-align: left\">40. BRITO, A. C. U. ;\u00a0BRITO, A. U.\u00a0; GOMES, R. K. S. ; FARIAS, R. J. C. . <strong>EDUCA\u00c7\u00c3O AMBIENTAL: O Brincar com a Energia Solar em Escolas Urbanas da Amaz\u00f4nia Amapaense<\/strong>. Ambiente &amp; Educa\u00e7\u00e3o (FURG), v. 24, p. 93-116, 2019.&lt;<a href=\"https:\/\/periodicos.furg.br\/ambeduc\/article\/view\/7969\" target=\"_blank\" rel=\"noopener noreferrer\">https:\/\/doi.org\/10.14295\/ambeduc.v24i1.7969<\/a>&gt;<\/p>\n<p style=\"text-align: justify\">39.\u00a0SOUZA, V. C. ; BARATA, H. A. ; VIEIRA, J. P. A. ; OLIVEIRA, W. D. . <strong>Impacto\u00a0da Variabilidade da Gera\u00e7\u00e3o Fotovoltaica no Controle de Tens\u00e3o em Redes de\u00a0Distribui\u00e7\u00e3o Ativas.<\/strong> In: XVII ENCUENTRO REGIONAL IBEROAMERICANO DEL CIGRE, 2017, CIUDAD\u00a0DEL ESTE. XVII ERIAC, 2017.<\/p>\n<p style=\"text-align: justify\">38.\u00a0BEZERRA, U. H. ; OLIVEIRA, W. D. ; MARTINS, DANIEL A. ; VIEIRA, D. J. A. ;\u00a0VIEIRA, J. P. A. ; RODRIGUES, B. ; BERNARDES, B. C. . <strong>Metodologia de\u00a0Controle Preventivo\u00a0Baseada em \u00c1rvore de Decis\u00e3o para a Melhoria da Seguran\u00e7a Est\u00e1tica e Din\u00e2mica do Sistema Interligado da Eletronorte.<\/strong> In: Congresso de Inova\u00e7\u00e3o\u00a0Tecnol\u00f3gica em Energia\u00a0El\u00e9trica, 2017, Jo\u00e3o Pessoa &#8211; PB. IX CITENEL, 2017.<\/p>\n<p style=\"text-align: justify\">37.\u00a0BARATA, H. A. ; SOUZA, V. C. ; OLIVEIRA, W. D. ; VIEIRA, J. P. A. . <strong>Impacto\u00a0de Redes de Distribui\u00e7\u00e3o Ativas com Massiva Conex\u00e3o de Geradores\u00a0Fotovoltaicos na\u00a0Estabilidade de Tens\u00e3o de Longo Prazo em Sistemas de Pot\u00eancia.<\/strong> In: XVII\u00a0Encuentro Regional Iberoamericano del CIGRE, 2017, CIUDAD DEL ESTE &#8211;\u00a0Paraguai. XVII ERIAC,\u00a02017.<\/p>\n<p style=\"text-align: justify\">36.\u00a0RODRIGUES, C. E. M. ; SOARES, T. M. ; TOSTES, M. E. L. ; OLIVEIRA, W. D. .<strong>\u00a0Caracteriza\u00e7\u00e3o de Supraharm\u00f4nicos Utilizando a Transformada Wavelet.<\/strong> In:\u00a0Confer\u00eancia\u00a0Brasileira sobre Qualidade da Energia El\u00e9trica, 2017, Curitiba &#8211; PR. XII\u00a0CBQEE, 2017.<\/p>\n<p style=\"text-align: justify\">35.\u00a0OLIVEIRA, WERBESTON D.\u00a0; VIEIRA, JO\u00c3O P.A. ; BEZERRA,\u00a0UBIRATAN H. ; MARTINS, DANIEL A. ; RODRIGUES, BENEDITO DAS G. .<strong> Power\u00a0system security assessment for multiple contingencies using multiway\u00a0decision tree.<\/strong> ELECTRIC POWER SYSTEMS RESEARCH, v. 148, p.\u00a0<a href=\"264-272, 2017\">264-272, 2017<\/a>. Dispon\u00edvel em:\u00a0&lt;<a href=\"http:\/\/dx.doi.org\/10.1016\/j.epsr.2017.03.029\" target=\"_blank\" rel=\"noopener noreferrer\">http:\/\/dx.doi.org\/10.1016\/j.epsr.2017.03.029<\/a>&gt;<\/p>\n<p>34. BRITO, A. C. U.; BRITO, A. U. ; FARIAS, R. J. C. <strong>Tenda educativa de jogos: brincar e aprender com a luz. Cartilha<\/strong>, 2016, ISBN: 978-85-921846-0-5.<\/p>\n<p>33. FONSECA, C. S. ; MONTEIRO, F. ; BRITO, ALAAN . <strong>Implanta\u00e7\u00e3o de Sistemas Fotovoltaicos em Comunidades\u00a0<\/strong><strong>Remotas no Estado do Amap\u00e1: A Pol\u00edtica P\u00fablica, Desafios e Possibilidades<\/strong>. In: VI Congresso Brasileiro de Energia Solar, 2016, Belo Horizonte &#8211; MG. Anais do VI Congresso Brasileiro de Energia Solar (VI CBENS), 2016. &lt;<a href=\"http:\/\/www.abens.org.br\/CBENS2016\/anais\/anais\/trabalhos\/2402Ofinal.pdf\" target=\"_blank\" rel=\"noopener noreferrer\">http:\/\/www.abens.org.br\/CBENS2016\/anais\/anais\/trabalhos\/2402Ofinal.pdf<\/a>&gt;<\/p>\n<p style=\"text-align: justify\">32.\u00a0MARANHAO, G. A. N. ; BRITO, A. U. ; PINHO, J. T. ; FONSECA, J\u00c9SSICA ; LEAL, ANDERSON ; MAC\u00caDO, Wilson Negr\u00e3o . <strong>Experimental Results of a Fuzzy Controlled Variable-Speed Drive for Photovoltaic Pumping Systems<\/strong>. IEEE Sensors Journal, v. 16, p. 2854-2864, 2016. Dispon\u00edvel em:\u00a0<a href=\"http:\/\/dx.doi.org\/10.1109\/JSEN.2016.2524530\" target=\"_blank\" rel=\"noopener noreferrer\">http:\/\/dx.doi.org\/10.1109\/JSEN.2016.2524530<\/a><\/p>\n<p style=\"text-align: justify\">31.\u00a0MARANH\u00c3O, GERALDO ; BRITO, ALAAN ; LEAL, ANDERSON ; FONSECA, J\u00c9SSICA ; MAC\u00caDO, WILSON . <strong style=\"line-height: 1.5em\">Using LDR as Sensing Element for an External Fuzzy Controller Applied in Photovoltaic Pumping Systems with Variable-Speed Drives<\/strong>. Sensors (Basel), v. 15, p. 24445-24457, 2015. Dispon\u00edvem em: <a style=\"line-height: 1.5em\" href=\"http:\/\/dx.doi.org\/10.3390\/s150924445\" target=\"_blank\" rel=\"noopener noreferrer\">http:\/\/dx.doi.org\/10.3390\/s150924445<\/a><\/p>\n<p style=\"text-align: justify\">30. BRITO, A. U.; MARANHAO, G. A. N. ; MONTEIRO, F. ; SANTANA, F. P. ; PORTELA, G. ; SOUZA, J. H. D. ; PEREIRA, M. R. A. . <strong>Sistema H\u00eddrido Solar-E\u00f3lico de Bombeamento de \u00c1gua: Configura\u00e7\u00e3o, Opera\u00e7\u00e3o e Particularidades<\/strong>.. In: XXIII Semin\u00e1rio Nacional de Produ\u00e7\u00e3o e Transmiss\u00e3o de Energia El\u00e9trica, 2015, Foz do Igua\u00e7u &#8211; PR. XXIII Semin\u00e1rio Nacional de Produ\u00e7\u00e3o e Transmiss\u00e3o de Energia El\u00e9trica, 2015.<\/p>\n<p style=\"text-align: justify\">29.\u00a0CUNHA, A. C. ; VILHENA, J. E. S. ; SANTOS, E. S. ; SARAIVA, J. B. ; KUHN, P. ; BRITO, D. C. ; SOUZA, E. B. ; ROCHA, E. P. ; CUNHA, H. F. A. ; BRITO, A. U. ; BRASIL JUNIOR, A. C. P. ; PACA, V. H. ; SANTOS, P. V. C. J. . <strong>Evento extremo de chuva-vaz\u00e3o na bacia hidrogr\u00e1fica do rio Araguari, Amap\u00e1, Brasil<\/strong>. Revista Brasileira de Meteorologia (Impresso), v. 29, p. 95-110, 2014. Dispon\u00edvel em:\u00a0<a href=\"http:\/\/dx.doi.org\/10.1590\/0102-778620130051\" target=\"_blank\" rel=\"noopener noreferrer\">http:\/\/dx.doi.org\/10.1590\/0102-778620130051<\/a><\/p>\n<p style=\"text-align: justify\">28.\u00a0MENDEZ, B. F. ; BRITO, A. U. ; NASCIMENTO, M. A. S. ; CUNHA, A. C. . <strong>Uso de inversores de frequ\u00eancia e motobombas nacionais em sistemas e\u00f3licos de bombeamento de \u00e1gua<\/strong>. In: Elizabeth Viana Moraes da Costa, Fernando Castro Amoras, Liudmila Miyar Otero. (Org.). CI\u00caNCIAS EXATAS: Resultados dos projetos de inicia\u00e7\u00e3o cient\u00edfica da Universidade Federal do Amap\u00e1 (2009-2011). 1\u00b0 ed. Macap\u00e1: Editora da Universidade Federal do Amap\u00e1, 2014, v. 1, p. 57-67.<\/p>\n<p style=\"text-align: justify\">27.\u00a0MACIEL, D. H. S. M. ; BRITO, A. U. . <strong>Pol\u00edtica P\u00fablica de Investimento em Sistemas Fotovoltaicos Conectados \u00e0 Rede Frente ao Enquadramento Tarif\u00e1rio<\/strong>. In: V Congresso Brasileiro de Energia Solar, 2014, Recife &#8211; PE. Anais do V Congresso Brasileiro de Energia Solar, 2014.<\/p>\n<p style=\"text-align: justify\">26. LEAL, C. C. L. V. ; BRITO, A. U. ; CUNHA, A. C. . <strong>Potencial de Gera\u00e7\u00e3o de Energia El\u00e9trica pela Unidade de Disposi\u00e7\u00e3o Final de Res\u00edduos S\u00f3lidos de Macap\u00e1 &#8211; AP<\/strong>. Revista SODEBRAS, V.9, p.33-37, 2014. Dispon\u00edvel em:\u00a0<a href=\"http:\/\/www.sodebras.com.br\/edicoes\/N99.pdf\" target=\"_blank\" rel=\"noopener noreferrer\">http:\/\/www.sodebras.com.br\/edicoes\/N99.pdf<\/a><\/p>\n<p style=\"text-align: left\">25.\u00a0SANTOS, CLEYDSON B. R. DOS ; LOBATO, CLEISON C. ; VIEIRA, JOSINETE B. ; BRASIL, DAVI S. B. ; BRITO, ALAAN U. ; MAC\u00caDO, WILLIAMS J. C. ; CARVALHO, JOS\u00c9 CARLOS T. ; PINHEIRO, JOS\u00c9 C. . <strong>Evaluation of Quantum Chemical Methods and Basis Sets Applied in the Molecular Modeling of Artemisinin<\/strong>. Computational Molecular Bioscience, v. 03, p. 66-79, 2013. Dispon\u00edvel em:\u00a0<a href=\"http:\/\/dx.doi.org\/10.4236\/cmb.2013.33009\" target=\"_blank\" rel=\"noopener noreferrer\">http:\/\/dx.doi.org\/10.4236\/cmb.2013.33009<\/a><\/p>\n<p>24. C. C. L. V. Leal, A. U. Brito, A. C. Cunha. <strong>An\u00e1lise do Custo de Gera\u00e7\u00e3o de Energia El\u00e9trica pela Unidade de Disposi\u00e7\u00e3o Final de RSU de Macap\u00e1<\/strong>. In: Ansis do IV Congresso Brasileiro de Energia Solar e V Confer\u00eancia Latino Americana da ISES, S\u00e3o Paulo, Brasil, 2012. Dispon\u00edvel em:\u00a0<a href=\"http:\/\/www.acquaviva.com.br\/CD_CBENS\/trabalhos\/T196.pdf\" target=\"_blank\" rel=\"noopener noreferrer\">http:\/\/www.acquaviva.com.br\/CD_CBENS\/trabalhos\/T196.pdf<\/a><\/p>\n<p>23. L. E. M. Jesus, A. U. Brito, M. C. Fedrizzi, A. F. C. Pinto, R. Zilles. <strong>Desenvolvimento de um Sistema de Supervis\u00e3o e Aquisi\u00e7\u00e3o de Dados para Bancada de Ensaios de Motobombas Utilizando o LABVIEW<\/strong>. In: Anais do IV Congresso Brasileiro de Energia Solar e V Confer\u00eancia Latino Americana da ISES, S\u00e3o Paulo, Brasil, 2012. Dispon\u00edvel em:\u00a0<a href=\"http:\/\/www.acquaviva.com.br\/CD_CBENS\/trabalhos\/T234.pdf\" target=\"_blank\" rel=\"noopener noreferrer\">http:\/\/www.acquaviva.com.br\/CD_CBENS\/trabalhos\/T234.pdf<\/a><\/p>\n<p>22.\u00a0D. D. Marques, A. U. Brito, A. C. Cunha, L. R. de Souza. <strong>Varia\u00e7\u00e3o da Radia\u00e7\u00e3o Solar no Estado do Amap\u00e1: Estudo de Caso em Macap\u00e1, Pacu\u00ed, Serra do Navio e Oiapoque no Per\u00edodo de 2006 a 2008<\/strong>. Revista Brasileira de Meteorologia, ISSN: 0102-7786,\u00a0v.27, n.2, 287 &#8211; 294, 2012. Dispon\u00edvel em:\u00a0<a href=\"http:\/\/www.scielo.br\/pdf\/rbmet\/v27n2\/a02v27n2.pdf\" target=\"_blank\" rel=\"noopener noreferrer\">http:\/\/www.scielo.br\/pdf\/rbmet\/v27n2\/a02v27n2.pdf<\/a><\/p>\n<p>21.ROCHA, E. M. ; MARANH\u00c3O, G. N. A. ; BARRA JUNIOR, W. . <strong>Detec\u00e7\u00e3o de Faltas Incipientes em Enrolamentos de Estato de Motores Trif\u00e1sicos de Indu\u00e7\u00e3o, Utilizando-se Estima\u00e7\u00e3o Param\u00e9trica<\/strong>. In: VII Semin\u00e1rio Nacional de Controle e Automa\u00e7\u00e3o, 2011, Salvador-BA. VII Semin\u00e1rio Nacional de Controle e Automa\u00e7\u00e3o, 2011.<\/p>\n<p>20.VIEIRA, J. P. A.; NUNES, M. V. A.; NASCIMENTO, A. C.; BEZERRA, U. H.; LOPES,\u00a0<strong>A. C.. <\/strong><strong>REACTIVE POWER CONTROL OF DIRECT DRIVE SYNCHRONOUS WIND GENERATORS TO ENHANCE THE LOW VOLTAGE RIDE-THROUGH CAPABILITY<\/strong>. In: Intech. (Org.). Wind Turbines. Vienna-Austria: Ibrahim Al-Bahadly, 2011, v. 21, p. 495-506.<br \/>\nRefer\u00eancias adicionais: Austria\/Ingl\u00eas;<br \/>\nHomepage:\u00a0<a href=\"http:\/\/www.intechopen.com\/books\/show\/title\/wind-turbines\">http:\/\/www.intechopen.com\/books\/show\/title\/wind-turbines<\/a>;<br \/>\nISBN: 9789533072.<\/p>\n<p>19.A. DA COSTA, M.A. SANZ-BOBI, L. ROUCO, R. PALACIOS, L. FLORES, P. CIRUJANO, &#8220;<strong>A tool for the assessment of the electromagnetic forces in power distribution transformers<\/strong>&#8220;, Journal of Energy and Power Engineering. vol. 5, no. 10, pp. 972-977, October 2011; ISSN\/ISBN 1934-8975.<\/p>\n<p>18.\u00a0M. C. Fedrizzi, A. U. Brito, T. A. Melendez, R. Zilles. <strong>Condicionamento de Pot\u00eancia e Motobombas Nacionais em Sistemas Fotovoltaicos de Bombeamento<\/strong>.\u00a0Revista Brasileira de Energia Solar,\u00a0ISSN: 2178-9606,\u00a0Volume II, S\u00e9rie 2, p\u00e1ginas 129-137, 2011.<\/p>\n<p style=\"text-align: justify\">17.\u00a0M. A. S. Nascimento, J. T. Pinho, A. U. Brito. <strong>Study and Development of a Pumping System Using a Small Wind Turbine Coupled to a Centrifugal Pump by Means of a Frequency Inverter<\/strong>. In: \u00a0Proceedings of the ISES SOLAR WORLD CONGRESS, v.1, \u00a0Kassel, Germany, \u00a02011.<\/p>\n<p style=\"text-align: justify\">16. M. A. S. Nascimento, J. T. Pinho, A. U. Brito.\u00a0<strong>Estudo de um Sistema de Bombeamento de \u00c1gua utilizando Aerogerador de Pequeno Porte acoplado a Bomba Centr\u00edfuga atrav\u00e9s de um Inversor de Frequ\u00eancia,<\/strong> In Anais do\u00a09<sup>th<\/sup> Latin-American Congress: Electricity Generation and Transmission, Mar del Plata, Argentina, 6<sup>th<\/sup>-9<sup>th<\/sup>, November 2011.<\/p>\n<p style=\"text-align: justify\">15. L. C. S. Frade, A.U. Brito, F. E. A. D. Santos, J. S. L. T. Milit\u00e3o, A. A. B. Pardauil, A. M. Pereira, A. P. Pican\u00e7o, G. S. E. S Martinez.\u00a0<strong>Rede Amaz\u00f4nica De Conhecimento Energ\u00e9tico (RACE) &#8211; A Transforma\u00e7\u00e3o nos Cursos de Engenharia El\u00e9trica na Amaz\u00f4nia Ap\u00f3s a Edi\u00e7\u00e3o da Lei 9.991,<\/strong> In anais do XXI Semin\u00e1rio Nacional de Produ\u00e7\u00e3o e Transmiss\u00e3o de Energia El\u00e9trica \u2013 XXI SNPTEE, 23 a 26 de outubro de 2011 \u2013 Florian\u00f3polis\/SC.<\/p>\n<p style=\"text-align: justify\">14. Maranh\u00e3o, G., de Almeida, R.G. &amp; BarraJr, W. (2011), &#8220;<strong>Diagn\u00f3stico de Curto-circuito Parcial nas Espiras do Enrolamento de Campo de um Gerador S\u00edncrono Utilizando Identifica\u00e7\u00e3o Param\u00e9trica Recursiva e um Avaliador Fuzzy<\/strong>&#8220;, In Anais do X Simp\u00f3sio Brasileiro de Automa\u00e7\u00e3o Inteligente. Universidade Federal de S\u00e3o Jo\u00e3o del-Rei, S\u00e3o Jo\u00e3o del-Rei, MG, Brasil. setembro 2011., pp. 165-170.<\/p>\n<p style=\"text-align: justify\">13. NERY, Jos\u00e9 Reinaldo Cardoso; BONOTTO, Daniel Marcos .\u00a0<strong><sup>210<\/sup><\/strong><strong>Pb and composition data of near-surface sediments and interstitial waters evidencing anthropogenic inputs in Amazon River mouth, Macap\u00e1, Brazil<\/strong>. Journal of Environmental Radioactivity, p. 348-362, 2011.<\/p>\n<p style=\"text-align: justify\">12. \u00a0A. U. Brito, A. C. Cunha, M. S. Nascimento, J. T. Pinho, C. P Fernandes, B. F. Mendez.\u00a0<strong>Aproveitamento Energ\u00e9tico dos Recursos Naturais Renov\u00e1veis da Amaz\u00f4nia: Resultados do Projeto AERBOM no Estado do Amap\u00e1<\/strong>. I Confer\u00eancia Franco-Brasileira sobre a Biodiversidade Amaz\u00f4nica, 12 e 13 de abril de 2011, Guiana Francesa.<\/p>\n<p style=\"text-align: justify\">11. A. C. Cunha, A. U. Brito, L. A. Pinheiro, H. F. A. Cunha, A. C. P. Brasil Jr, &#8220;<strong>Simula\u00e7\u00e3o Hidrodin\u00e2mica e Avalia\u00e7\u00e3o de Potencial Hidrocin\u00e9tico: Estudo da Foz do Rio Matapi no Baixo Rio Amazonas Amap\u00e1\/ Brasil<\/strong>, Revista Brasileira de Energia Solar, ISSN: 2178-9606, Ano 1 &#8211; N\u00famero 2 &#8211; Setembro de 2010 &#8211; P\u00e1ginas 139-148.<\/p>\n<p style=\"text-align: justify\">10. M. C. Fedrizzi, A. U. Brito, T. A. Melendez, R. Zilles, &#8220;<strong>Condicionamento de Pot\u00eancia e Motobombas Nacionais em Sistemas Fotovoltaicos de Bombeamento&#8221;<\/strong>. In: III Congresso Brasileiro de Energia Solar, 21 a 24 de Setembro de 2010, Bel\u00e9m-PA.<\/p>\n<p style=\"text-align: justify\">9. S. Althammer; E. Fobhag; H. M. Hoffmann; J. R. C. Nery; D. M. Bonotto.<strong>The use of the<\/strong> <strong><sup>210<\/sup><\/strong><strong>Pb method for preliminary evaluating the sedimentation rate in Amazon river mouth.<\/strong> Annals of Warsaw University of Life Sciences \u2013 SGGW, Land Reclamation, v. 42, n. 1, 2010. p. 149-157. Dispon\u00edvel em:\u00a0<a href=\"http:\/\/ann_landreclam.sggw.pl\/z421\/art15.pdf\">http:\/\/ann_landreclam.sggw.pl\/z421\/art15.pdf<\/a><\/p>\n<p style=\"text-align: justify\">8. LOPES, A. C.; NASCIMENTO, A. C.; VIEIRA, J. P. A.; NUNES, M. V. A.; BEZERRA, <strong>U. H.. <\/strong><strong>REACTIVE POWER CONTROL OF DIRECT DRIVE SYNCHRONOUS WIND GENERATORS TO ENHANCE THE LOW VOLTAGE RIDE-THROUGH CAPABILITY<\/strong>. In: Bulk Power System Dynamics and Control, 2010, Buzios-RJ. VIII IREP Symposium, 2010. p. 1-6.<\/p>\n<p style=\"text-align: justify\">7. LOPES, A. C.; VIEIRA, J. P. A.; NUNES, M. V. A.; BEZERRA, U. H.; NASCIMENTO, <strong>A. C.. <\/strong><strong>USING GENETIC ALGORITHM TO TUNE PI-CONTROLLERS FOR THE DIRECT-DRIVE SYNCHRONOUS WIND GENERATORS<\/strong>. In: MEPS&#8217;10 Symposium, 2010, Wroclaw. Modern Electric Power Systems, 2010.<\/p>\n<p style=\"text-align: justify\">6. LOPES, A. C.; SANZ-BOBI, M. A.; RODRIGUEZ, L. R.; HIELSCHER, R. P.; FLORES, L.; CIRUJANO, P.. <strong>A TOOL FOR THE ASSESSMENT OF THE ELECTROMAGNETIC FORCES IN POWER DISTRIBUTION TRANSFORMERS<\/strong>. In: ARWtr 2010, 2010, Santiago de Compostela. Spain. The 3nd International Advanced Research Workshop on transformers, 2010.<\/p>\n<p style=\"text-align: justify\">5. FONSECA, W. S.; NUNES, M. V. A.; LOPES, <strong>A. C.. ANALISE DE ESFOR\u00c7OS ELETROMEC\u00c2NICOS EM TRANSFORMADORES AMORFOS ATRAV\u00c9S DE MODELAGEM COMPUTACIONAL COMPARANDO \u00c0 NORMA IEC 60076-5<\/strong>. In: CIIIT 2010, 2010, Orlando-Florida. CIIIT 2010: Segunda Conferencia Ibero-Americana de Ingenier\u00eda e Innovaci\u00f3n Tecnol\u00f3gica, 2010.<\/p>\n<p style=\"text-align: justify\">4. FONSECA, W. S.; NUNES, M. V. A.; LOPES, <strong>A. C.. AN\u00c1LISE PRELIMINAR DE POTENCIAL E\u00d3LICO UTILIZANDO L\u00d3GICA FUZZY<\/strong>. In: CISCI 2010, 2010, Orlando-Fl\u00f3rida. Novena Conferencia Iberoamericana em Sistemas, Cibern\u00e9tica e Inform\u00e1tica, 2010.<\/p>\n<p style=\"text-align: justify\">3. FONSECA, W. S.; NUNES, M. V. A.; LOPES, <strong>A. C.. MODELAGEM DE ESFOR\u00c7OS ELETROMEC\u00c2NICOS DE TRANSFORMADOR DE N\u00daCLEO AMORFO ATRAV\u00c9S DO M\u00c9TODO DE ELEMENTOS FINITOS<\/strong>. In: IEEE\/PES T&amp;D2010 Latin Am\u00e9rica, 2010, S\u00e3o Paulo. Anais do IEEE\/PES T&amp;D2010 Latin Am\u00e9rica, 2010.<\/p>\n<p style=\"text-align: justify\">2- DE SOUSA, Marcos Paulo Alves ; FILHO, Manoel Ribeiro ; NUNES, Marcus Vin\u00edcius Alves ; LOPES, A. C. . <strong>Maintenance and operation of a hydroelectric unit of energy in a power system using virtual reality?<\/strong>. International Journal of Electrical Power &amp; Energy Systems, v. 32, p. 599-606, 2010.; ISSN\/ISBN: 01420615.<\/p>\n<p style=\"text-align: justify\">1- DE SOUSA, Marcos Paulo Alves ; FILHO, Manoel Ribeiro ; NUNES, Marcus Vin\u00edcius Alves ; LOPES, Andrey da Costa ; LOPES, A. C. . <strong>A 3D learning tool for a hydroelectric unit. Computer Applications in Engineering Education<\/strong>, p. n\/a-n\/a, 2010.; ISSN\/ISBN: 10613773.<\/p>\n<p>&nbsp;<\/p>\n","protected":false},"excerpt":{"rendered":"<p>52. ARA\u00daJO, ELIZANDRA PEREZ ; CUNHA, HELENILZA FERREIRA ALBUQUERQUE ; BRITO, ALAN UBAIARA ; CUNHA, ALAN CAVALCANTI DA . Indicadores de abastecimento de \u00e1gua e doen\u00e7as de transmiss\u00e3o h\u00eddrica em munic\u00edpios da Amaz\u00f4nia Oriental. ENGENHARIA SANIT\u00c1RIA E AMBIENTAL (ONLINE), v. 26, p. 1059-1068, 2021. &lt;https:\/\/doi.org\/10.1590\/S1413-415220200179&gt; 51. FRAN\u00c7OIS, D. E; PARMENTIERB, M. J.; MALHEIROS, J.; MALHEIROS,&hellip;<\/p>\n","protected":false},"author":65,"featured_media":0,"parent":0,"menu_order":4,"comment_status":"closed","ping_status":"closed","template":"fullwidth.php","meta":{"inline_featured_image":false,"ngg_post_thumbnail":0,"footnotes":""},"class_list":["post-385","page","type-page","status-publish","hentry"],"_links":{"self":[{"href":"https:\/\/www2.unifap.br\/eletrica\/wp-json\/wp\/v2\/pages\/385","targetHints":{"allow":["GET"]}}],"collection":[{"href":"https:\/\/www2.unifap.br\/eletrica\/wp-json\/wp\/v2\/pages"}],"about":[{"href":"https:\/\/www2.unifap.br\/eletrica\/wp-json\/wp\/v2\/types\/page"}],"author":[{"embeddable":true,"href":"https:\/\/www2.unifap.br\/eletrica\/wp-json\/wp\/v2\/users\/65"}],"replies":[{"embeddable":true,"href":"https:\/\/www2.unifap.br\/eletrica\/wp-json\/wp\/v2\/comments?post=385"}],"version-history":[{"count":59,"href":"https:\/\/www2.unifap.br\/eletrica\/wp-json\/wp\/v2\/pages\/385\/revisions"}],"predecessor-version":[{"id":8430,"href":"https:\/\/www2.unifap.br\/eletrica\/wp-json\/wp\/v2\/pages\/385\/revisions\/8430"}],"wp:attachment":[{"href":"https:\/\/www2.unifap.br\/eletrica\/wp-json\/wp\/v2\/media?parent=385"}],"curies":[{"name":"wp","href":"https:\/\/api.w.org\/{rel}","templated":true}]}}