{"id":6505,"date":"2020-06-18T14:20:36","date_gmt":"2020-06-18T17:20:36","guid":{"rendered":"http:\/\/www2.unifap.br\/eletrica\/?page_id=6505"},"modified":"2020-10-25T19:12:47","modified_gmt":"2020-10-25T22:12:47","slug":"ajuste-de-matriculas","status":"publish","type":"page","link":"https:\/\/www2.unifap.br\/eletrica\/portal-administrativo\/requerimentos-on-line\/ajuste-de-matriculas\/","title":{"rendered":"Ajuste de Matr\u00edculas"},"content":{"rendered":"\t\t<div data-elementor-type=\"wp-page\" data-elementor-id=\"6505\" class=\"elementor elementor-6505\">\n\t\t\t\t\t\t<section class=\"elementor-section elementor-top-section elementor-element elementor-element-812ccf1 elementor-section-boxed elementor-section-height-default elementor-section-height-default\" data-id=\"812ccf1\" data-element_type=\"section\" data-e-type=\"section\">\n\t\t\t\t\t\t<div class=\"elementor-container elementor-column-gap-default\">\n\t\t\t\t\t<div class=\"elementor-column elementor-col-100 elementor-top-column elementor-element elementor-element-92f4a13\" data-id=\"92f4a13\" data-element_type=\"column\" data-e-type=\"column\">\n\t\t\t<div class=\"elementor-widget-wrap elementor-element-populated\">\n\t\t\t\t\t\t<div class=\"elementor-element elementor-element-ab08ff8 elementor-widget elementor-widget-heading\" data-id=\"ab08ff8\" data-element_type=\"widget\" data-e-type=\"widget\" data-widget_type=\"heading.default\">\n\t\t\t\t<div class=\"elementor-widget-container\">\n\t\t\t\t\t<h2 class=\"elementor-heading-title elementor-size-default\">REQUERIMENTO DE AJUSTE DE MATR\u00cdCULAS<\/h2>\t\t\t\t<\/div>\n\t\t\t\t<\/div>\n\t\t\t\t\t<\/div>\n\t\t<\/div>\n\t\t\t\t\t<\/div>\n\t\t<\/section>\n\t\t\t\t<section class=\"elementor-section elementor-top-section elementor-element elementor-element-83f1551 elementor-section-boxed elementor-section-height-default elementor-section-height-default\" data-id=\"83f1551\" data-element_type=\"section\" data-e-type=\"section\">\n\t\t\t\t\t\t<div class=\"elementor-container elementor-column-gap-default\">\n\t\t\t\t\t<div class=\"elementor-column elementor-col-100 elementor-top-column elementor-element elementor-element-cc2ac4f\" data-id=\"cc2ac4f\" data-element_type=\"column\" data-e-type=\"column\">\n\t\t\t<div class=\"elementor-widget-wrap elementor-element-populated\">\n\t\t\t\t\t\t<div class=\"elementor-element elementor-element-1f7fd4a elementor-widget elementor-widget-text-editor\" data-id=\"1f7fd4a\" data-element_type=\"widget\" data-e-type=\"widget\" data-widget_type=\"text-editor.default\">\n\t\t\t\t<div class=\"elementor-widget-container\">\n\t\t\t\t\t\t\t\t\t<p>O Ajuste de Matr\u00edculas (cancelamento ou matr\u00edcula) dever\u00e1 ser solicitado obedecendo o per\u00edodo de ajustes de matr\u00edcula definido no Calend\u00e1rio Acad\u00eamico vigente.<\/p><p>Solicita\u00e7\u00f5es realizadas fora desse per\u00edodo n\u00e3o ser\u00e3o aceitas.\u00a0<\/p><p><strong>Observa\u00e7\u00f5es:\u00a0<\/strong><\/p><p>1- O preenchimento desta solicita\u00e7\u00e3o n\u00e3o implica, em hip\u00f3tese nenhuma, a obten\u00e7\u00e3o da vaga;\u00a0<br \/>2 &#8211; N\u00e3o ser\u00e1 poss\u00edvel solicitar o cancelamento de todas as disciplinas j\u00e1 matriculadas.\u00a0<br \/>3- O trancamento de semestre \u00e9 solicitado diretamente no DERCA.<\/p>\t\t\t\t\t\t\t\t<\/div>\n\t\t\t\t<\/div>\n\t\t\t\t<div class=\"elementor-element elementor-element-196eae8 elementor-widget-divider--view-line elementor-widget elementor-widget-divider\" data-id=\"196eae8\" data-element_type=\"widget\" data-e-type=\"widget\" data-widget_type=\"divider.default\">\n\t\t\t\t<div class=\"elementor-widget-container\">\n\t\t\t\t\t\t\t<div class=\"elementor-divider\">\n\t\t\t<span class=\"elementor-divider-separator\">\n\t\t\t\t\t\t<\/span>\n\t\t<\/div>\n\t\t\t\t\t\t<\/div>\n\t\t\t\t<\/div>\n\t\t\t\t\t<\/div>\n\t\t<\/div>\n\t\t\t\t\t<\/div>\n\t\t<\/section>\n\t\t\t\t<section class=\"elementor-section elementor-top-section elementor-element elementor-element-559657c elementor-section-boxed elementor-section-height-default elementor-section-height-default\" data-id=\"559657c\" data-element_type=\"section\" data-e-type=\"section\">\n\t\t\t\t\t\t<div class=\"elementor-container elementor-column-gap-default\">\n\t\t\t\t\t<div class=\"elementor-column elementor-col-100 elementor-top-column elementor-element elementor-element-c908dd3\" data-id=\"c908dd3\" data-element_type=\"column\" data-e-type=\"column\">\n\t\t\t<div class=\"elementor-widget-wrap elementor-element-populated\">\n\t\t\t\t\t\t<div class=\"elementor-element elementor-element-1d244d0 elementor-view-default elementor-position-block-start elementor-mobile-position-block-start elementor-widget elementor-widget-icon-box\" data-id=\"1d244d0\" data-element_type=\"widget\" data-e-type=\"widget\" data-widget_type=\"icon-box.default\">\n\t\t\t\t<div class=\"elementor-widget-container\">\n\t\t\t\t\t\t\t<div class=\"elementor-icon-box-wrapper\">\n\n\t\t\t\t\t\t<div class=\"elementor-icon-box-icon\">\n\t\t\t\t<a href=\"https:\/\/forms.gle\/YYPvA1h7XrkECnDM6\" target=\"_blank\" class=\"elementor-icon\" tabindex=\"-1\" aria-label=\"Requerimento On-line de Ajuste de Matr\u00edcula\">\n\t\t\t\t<i aria-hidden=\"true\" class=\"fas fa-file-invoice\"><\/i>\t\t\t\t<\/a>\n\t\t\t<\/div>\n\t\t\t\n\t\t\t\t\t\t<div class=\"elementor-icon-box-content\">\n\n\t\t\t\t\t\t\t\t\t<h3 class=\"elementor-icon-box-title\">\n\t\t\t\t\t\t<a href=\"https:\/\/forms.gle\/YYPvA1h7XrkECnDM6\" target=\"_blank\" >\n\t\t\t\t\t\t\tRequerimento On-line de Ajuste de Matr\u00edcula\t\t\t\t\t\t<\/a>\n\t\t\t\t\t<\/h3>\n\t\t\t\t\n\t\t\t\t\t\t\t\t\t<p class=\"elementor-icon-box-description\">\n\t\t\t\t\t\t<span>Clique no link acima para acessar o requerimento on-line de Ajuste de Matr\u00edcula&nbsp;<\/span>\t\t\t\t\t<\/p>\n\t\t\t\t\n\t\t\t<\/div>\n\t\t\t\n\t\t<\/div>\n\t\t\t\t\t\t<\/div>\n\t\t\t\t<\/div>\n\t\t\t\t<div class=\"elementor-element elementor-element-ba690dd elementor-widget-divider--view-line elementor-widget elementor-widget-divider\" data-id=\"ba690dd\" data-element_type=\"widget\" data-e-type=\"widget\" data-widget_type=\"divider.default\">\n\t\t\t\t<div class=\"elementor-widget-container\">\n\t\t\t\t\t\t\t<div class=\"elementor-divider\">\n\t\t\t<span class=\"elementor-divider-separator\">\n\t\t\t\t\t\t<\/span>\n\t\t<\/div>\n\t\t\t\t\t\t<\/div>\n\t\t\t\t<\/div>\n\t\t\t\t\t<\/div>\n\t\t<\/div>\n\t\t\t\t\t<\/div>\n\t\t<\/section>\n\t\t\t\t<section class=\"elementor-section elementor-top-section elementor-element elementor-element-0dc53ed elementor-section-boxed elementor-section-height-default elementor-section-height-default\" data-id=\"0dc53ed\" data-element_type=\"section\" data-e-type=\"section\">\n\t\t\t\t\t\t<div class=\"elementor-container elementor-column-gap-default\">\n\t\t\t\t\t<div class=\"elementor-column elementor-col-100 elementor-top-column elementor-element elementor-element-5c30e10\" data-id=\"5c30e10\" data-element_type=\"column\" data-e-type=\"column\">\n\t\t\t<div class=\"elementor-widget-wrap elementor-element-populated\">\n\t\t\t\t\t\t<div class=\"elementor-element elementor-element-e412c73 elementor-widget elementor-widget-text-editor\" data-id=\"e412c73\" data-element_type=\"widget\" data-e-type=\"widget\" data-widget_type=\"text-editor.default\">\n\t\t\t\t<div class=\"elementor-widget-container\">\n\t\t\t\t\t\t\t\t\t<p><strong>Em caso de d\u00favidas, atente para os procedimentos da sua solicita\u00e7\u00e3o de ajuste de matr\u00edculas abaixo!<\/strong><\/p>\t\t\t\t\t\t\t\t<\/div>\n\t\t\t\t<\/div>\n\t\t\t\t<div class=\"elementor-element elementor-element-533bebc elementor-widget elementor-widget-image\" data-id=\"533bebc\" data-element_type=\"widget\" data-e-type=\"widget\" data-widget_type=\"image.default\">\n\t\t\t\t<div class=\"elementor-widget-container\">\n\t\t\t\t\t\t\t\t\t\t\t\t\t\t\t<img fetchpriority=\"high\" decoding=\"async\" width=\"1393\" height=\"1049\" src=\"https:\/\/www2.unifap.br\/eletrica\/files\/2020\/06\/Requerimento-de-Matr\u00edcula_site.png\" class=\"attachment-full size-full wp-image-6533\" alt=\"\" srcset=\"https:\/\/www2.unifap.br\/eletrica\/files\/2020\/06\/Requerimento-de-Matr\u00edcula_site.png 1393w, https:\/\/www2.unifap.br\/eletrica\/files\/2020\/06\/Requerimento-de-Matr\u00edcula_site-300x226.png 300w, https:\/\/www2.unifap.br\/eletrica\/files\/2020\/06\/Requerimento-de-Matr\u00edcula_site-1024x771.png 1024w, https:\/\/www2.unifap.br\/eletrica\/files\/2020\/06\/Requerimento-de-Matr\u00edcula_site-768x578.png 768w\" sizes=\"(max-width: 1393px) 100vw, 1393px\" \/>\t\t\t\t\t\t\t\t\t\t\t\t\t\t\t<\/div>\n\t\t\t\t<\/div>\n\t\t\t\t\t<\/div>\n\t\t<\/div>\n\t\t\t\t\t<\/div>\n\t\t<\/section>\n\t\t\t\t<\/div>\n\t\t","protected":false},"excerpt":{"rendered":"<p>REQUERIMENTO DE AJUSTE DE MATR\u00cdCULAS O Ajuste de Matr\u00edculas (cancelamento ou matr\u00edcula) dever\u00e1 ser solicitado obedecendo o per\u00edodo de ajustes de matr\u00edcula definido no Calend\u00e1rio Acad\u00eamico vigente. Solicita\u00e7\u00f5es realizadas fora desse per\u00edodo n\u00e3o ser\u00e3o aceitas.\u00a0 Observa\u00e7\u00f5es:\u00a0 1- O preenchimento desta solicita\u00e7\u00e3o n\u00e3o implica, em hip\u00f3tese nenhuma, a obten\u00e7\u00e3o da vaga;\u00a02 &#8211; N\u00e3o ser\u00e1 poss\u00edvel solicitar&hellip;<\/p>\n","protected":false},"author":3882,"featured_media":0,"parent":6481,"menu_order":0,"comment_status":"closed","ping_status":"closed","template":"fullwidth.php","meta":{"inline_featured_image":false,"ngg_post_thumbnail":0,"footnotes":""},"class_list":["post-6505","page","type-page","status-publish","hentry"],"_links":{"self":[{"href":"https:\/\/www2.unifap.br\/eletrica\/wp-json\/wp\/v2\/pages\/6505","targetHints":{"allow":["GET"]}}],"collection":[{"href":"https:\/\/www2.unifap.br\/eletrica\/wp-json\/wp\/v2\/pages"}],"about":[{"href":"https:\/\/www2.unifap.br\/eletrica\/wp-json\/wp\/v2\/types\/page"}],"author":[{"embeddable":true,"href":"https:\/\/www2.unifap.br\/eletrica\/wp-json\/wp\/v2\/users\/3882"}],"replies":[{"embeddable":true,"href":"https:\/\/www2.unifap.br\/eletrica\/wp-json\/wp\/v2\/comments?post=6505"}],"version-history":[{"count":17,"href":"https:\/\/www2.unifap.br\/eletrica\/wp-json\/wp\/v2\/pages\/6505\/revisions"}],"predecessor-version":[{"id":7444,"href":"https:\/\/www2.unifap.br\/eletrica\/wp-json\/wp\/v2\/pages\/6505\/revisions\/7444"}],"up":[{"embeddable":true,"href":"https:\/\/www2.unifap.br\/eletrica\/wp-json\/wp\/v2\/pages\/6481"}],"wp:attachment":[{"href":"https:\/\/www2.unifap.br\/eletrica\/wp-json\/wp\/v2\/media?parent=6505"}],"curies":[{"name":"wp","href":"https:\/\/api.w.org\/{rel}","templated":true}]}}