{"id":1014,"date":"2022-03-04T17:45:40","date_gmt":"2022-03-04T17:45:40","guid":{"rendered":"http:\/\/www2.unifap.br\/enfermagem-oiapoque\/?page_id=1014"},"modified":"2024-11-05T14:32:10","modified_gmt":"2024-11-05T14:32:10","slug":"regulamentos","status":"publish","type":"page","link":"https:\/\/www2.unifap.br\/enfermagem-oiapoque\/regulamentos\/","title":{"rendered":"Regulamentos"},"content":{"rendered":"<p><a href=\"http:\/\/www2.unifap.br\/enfermagem-oiapoque\/files\/2024\/11\/Regulamento-Reuniao-de-Colegiado.pdf\">Regulamento Reuni\u00e3o de Colegiado<\/a><\/p>\n<p><a href=\"http:\/\/www2.unifap.br\/enfermagem-oiapoque\/files\/2022\/03\/Regulamento-Atividades-Complementares.pdf\">Regulamento Atividades Complementares<\/a><\/p>\n<p><a href=\"http:\/\/www2.unifap.br\/enfermagem-oiapoque\/files\/2022\/03\/Regulamento-Est\u00e1gio-Supervisionado.pdf\">Regulamento Est\u00e1gio Supervisionado<\/a><\/p>\n<p><a href=\"http:\/\/www2.unifap.br\/enfermagem-oiapoque\/files\/2022\/03\/Regulamento-Laborat\u00f3rio-de-Enfermagem.pdf\">Regulamento Laborat\u00f3rio de Enfermagem<\/a><\/p>\n<p><a href=\"http:\/\/www2.unifap.br\/enfermagem-oiapoque\/files\/2022\/03\/Regulamento-Laborat\u00f3rio-de-Morfofisiologia.pdf\">Regulamento Laborat\u00f3rio de Morfofisiologia<\/a><\/p>\n<p><a href=\"http:\/\/www2.unifap.br\/enfermagem-oiapoque\/files\/2022\/03\/Regulamento-NDE.pdf\">Regulamento NDE<\/a><\/p>\n<p><a href=\"http:\/\/www2.unifap.br\/enfermagem-oiapoque\/files\/2022\/03\/Regulamento-TCC.pdf\">Regulamento TCC<\/a><\/p>\n<p><a href=\"http:\/\/www2.unifap.br\/enfermagem-oiapoque\/files\/2022\/05\/Regulamento-da-Sistematica-de-Avaliacao.pdf\">Regulamento da Sistem\u00e1tica de Avalia\u00e7\u00e3o<\/a><\/p>\n<p><a href=\"http:\/\/www2.unifap.br\/enfermagem-oiapoque\/files\/2022\/05\/Regulamento-Aluno-destaque.pdf\">Regulamento Aluno destaque<\/a><\/p>\n","protected":false},"excerpt":{"rendered":"<p>Regulamento Reuni\u00e3o de Colegiado Regulamento Atividades Complementares Regulamento Est\u00e1gio Supervisionado Regulamento Laborat\u00f3rio de Enfermagem Regulamento Laborat\u00f3rio de Morfofisiologia Regulamento NDE Regulamento TCC Regulamento da Sistem\u00e1tica de Avalia\u00e7\u00e3o Regulamento Aluno destaque<\/p>\n","protected":false},"author":3918,"featured_media":0,"parent":0,"menu_order":4,"comment_status":"closed","ping_status":"closed","template":"","meta":{"inline_featured_image":false,"ngg_post_thumbnail":0,"footnotes":""},"class_list":["post-1014","page","type-page","status-publish","hentry"],"_links":{"self":[{"href":"https:\/\/www2.unifap.br\/enfermagem-oiapoque\/wp-json\/wp\/v2\/pages\/1014","targetHints":{"allow":["GET"]}}],"collection":[{"href":"https:\/\/www2.unifap.br\/enfermagem-oiapoque\/wp-json\/wp\/v2\/pages"}],"about":[{"href":"https:\/\/www2.unifap.br\/enfermagem-oiapoque\/wp-json\/wp\/v2\/types\/page"}],"author":[{"embeddable":true,"href":"https:\/\/www2.unifap.br\/enfermagem-oiapoque\/wp-json\/wp\/v2\/users\/3918"}],"replies":[{"embeddable":true,"href":"https:\/\/www2.unifap.br\/enfermagem-oiapoque\/wp-json\/wp\/v2\/comments?post=1014"}],"version-history":[{"count":5,"href":"https:\/\/www2.unifap.br\/enfermagem-oiapoque\/wp-json\/wp\/v2\/pages\/1014\/revisions"}],"predecessor-version":[{"id":1265,"href":"https:\/\/www2.unifap.br\/enfermagem-oiapoque\/wp-json\/wp\/v2\/pages\/1014\/revisions\/1265"}],"wp:attachment":[{"href":"https:\/\/www2.unifap.br\/enfermagem-oiapoque\/wp-json\/wp\/v2\/media?parent=1014"}],"curies":[{"name":"wp","href":"https:\/\/api.w.org\/{rel}","templated":true}]}}