{"id":124,"date":"2015-10-06T11:53:55","date_gmt":"2015-10-06T11:53:55","guid":{"rendered":"http:\/\/www2.unifap.br\/enfermagem-oiapoque\/?page_id=124"},"modified":"2022-08-14T21:55:58","modified_gmt":"2022-08-14T21:55:58","slug":"projetos-de-extensao-2","status":"publish","type":"page","link":"https:\/\/www2.unifap.br\/enfermagem-oiapoque\/projetos-de-extensao-2\/","title":{"rendered":"Projetos de Extens\u00e3o"},"content":{"rendered":"<p style=\"text-align: center\"><strong>PROJETOS DE EXTENS\u00c3O DESENVOLVIDOS NO COLEGIADO DO CURSO DE ENFERMAGEM<\/strong><\/p>\n<p style=\"text-align: center\"><strong>(ATUALIZA\u00c7\u00c3O: JULHO 2022)<\/strong><\/p>\n<p>&nbsp;<\/p>\n<table style=\"height: 3222px\" width=\"853\">\n<tbody>\n<tr>\n<td width=\"189\"><strong>T\u00cdTULO<\/strong><\/td>\n<td width=\"189\"><strong>OBJETIVO<\/strong><\/td>\n<td width=\"189\"><strong>COORDENADOR<\/strong><\/td>\n<\/tr>\n<tr>\n<td width=\"189\">&nbsp;<\/td>\n<td width=\"189\">&nbsp;<\/td>\n<td width=\"189\">&nbsp;<\/td>\n<\/tr>\n<tr>\n<td width=\"189\">Leitura e Produ\u00e7\u00e3o de Textos Cient\u00edficos: Intera\u00e7\u00e3o Entre a Comunidade Acad\u00eamica e Profissionais de Sa\u00fade da Fronteira Franco Brasileira<\/td>\n<td width=\"189\">aperfei\u00e7oar a habilidade quanto \u00e0 leitura e produ\u00e7\u00e3o de textos cient\u00edficos de profissionais da \u00e1rea da sa\u00fade e acad\u00eamicos de Enfermagem e Ci\u00eancias Biol\u00f3gicas da fronteira Franco-Brasileira.<\/td>\n<td width=\"189\">LUISA ANTONIA CAMPOS BARROS<\/td>\n<\/tr>\n<tr>\n<td width=\"189\">Sistematiza\u00e7\u00e3o da Assist\u00eancia de Enfermagem: Associando a Teoria e Pr\u00e1tica<\/td>\n<td width=\"189\">Capacitar os enfermeiros das unidades e estudantes de enfermagem da UNIFAP nos aspectos te\u00f3ricos que norteiam a Sistematiza\u00e7\u00e3o da Assist\u00eancia de Enfermagem. Objetivos espec\u00edficos: &#8211; Desenvolver nos enfermeiros e estudantes habilidades para diagnostico situacional e prepara\u00e7\u00e3o de dimensionamento do pessoal; &#8211; Instrumentalizar os enfermeiros e estudantes para o conhecimento de constru\u00e7\u00e3o de materiais relacionados aos instrumentos que norteiam a assist\u00eancia de enfermagem; &#8211; Discutir de forma cr\u00edtica e reflexiva a assist\u00eancia de enfermagem tendo como base o Processo de Enfermagem; &#8211; Oportunizar aos estudantes bolsistas desse projeto a a\u00e7\u00e3o de intera\u00e7\u00e3o em plataforma virtual como moderadores.<\/td>\n<td width=\"189\">PAULO CEZAR GON\u00c7ALVES DA SILVA E SCHEILLA CRISTINA DA SILVA<\/td>\n<\/tr>\n<tr>\n<td width=\"189\">Biologia e Sa\u00fade da Universidade para a comunidade: ciclo de palestras<\/td>\n<td width=\"189\">1. Promover educa\u00e7\u00e3o em sa\u00fade \u00e0 alunos das \u00e1reas das ci\u00eancias biol\u00f3gicas, Ci\u00eancias da Sa\u00fade, Geografia e Meio ambientais matriculados na Universidade sobre as doen\u00e7as da regi\u00e3o e os vetores que as veiculam lhes permitindo ser portadores desta informa\u00e7\u00e3o e transmitir \u00e0s comunidades. 2. Prover informa\u00e7\u00e3o atualizada \u00e0 profissionais das \u00e1reas das Ci\u00eancias Biol\u00f3gicas, Ci\u00eancias da Sa\u00fade e Meio ambientais que atuam na regi\u00e3o com o intuito de que adquiram conhecimentos aplic\u00e1veis nos seus locais de trabalho. 3. Promover a educa\u00e7\u00e3o em sa\u00fade em alunos, professores e comunidade em geral. 4. Facilitar o di\u00e1logo e intera\u00e7\u00e3o entre os alunos, professores da UNIFAP, profissionais da regi\u00e3o e a comunidade em geral com pesquisadores e especialistas do Brasil e de outros pa\u00edses.<\/td>\n<td width=\"189\">CARLOS MANUEL DUTOK SANCHEZ<\/td>\n<\/tr>\n<tr>\n<td width=\"189\">Capacita\u00e7\u00e3o da Comunidade na Fronteira Franco Brasileira: Desmistificando o HIV\/AIDS.<\/td>\n<td width=\"189\">Objetivo geral: Capacitar estudantes de gradua\u00e7\u00e3o da UNIFAP Campus Binacional Oiapoque, sobre HIV\/AIDS e sa\u00fade de fronteira possibilitando a atua\u00e7\u00e3o desses estudantes com pesquisadores da Fiocruz juntamente com a Dpac Fronteira em a\u00e7\u00f5es de preven\u00e7\u00e3o, montagem de projetos e estrat\u00e9gias de a\u00e7\u00e3o em sa\u00fade no munic\u00edpio de Oiapoque. Objetivos espec\u00edficos: &#8211; Capacitar estudantes de gradua\u00e7\u00e3o sobre assuntos espec\u00edficos de HIV\/AIDS, no\u00e7\u00f5es de virologia e sa\u00fade de fronteira com \u00eanfase em geografia de fronteira; &#8211; Possibilitar que esses estudantes atuem na capacita\u00e7\u00e3o e difus\u00e3o de conhecimento para profissionais de sa\u00fade da regi\u00e3o central de Oiapoque e munic\u00edpios vizinhos; &#8211; Possibilitar a participa\u00e7\u00e3o e intera\u00e7\u00e3o desses estudantes com a OSC Dpac fronteira em a\u00e7\u00f5es de preven\u00e7\u00e3o contra o HIV\/AIDS; &#8211; Construir estrat\u00e9gias de a\u00e7\u00e3o junto as lideran\u00e7as comunit\u00e1rias para disseminar boas informa\u00e7\u00f5es junto a popula\u00e7\u00e3o na luta contra o HIV\/AIDS desde a testagem at\u00e9 o tratamento. Em conjunto com profissionais de sa\u00fade do munic\u00edpio.<\/td>\n<td width=\"189\">PAULO CEZAR GON\u00c7ALVES DA SILVA E FLAVIA CAROLINA DE PAULA DIVINO<\/td>\n<\/tr>\n<\/tbody>\n<\/table>\n<p><!-- [if gte mso 9]&gt;--><\/p>\n","protected":false},"excerpt":{"rendered":"<p>PROJETOS DE EXTENS\u00c3O DESENVOLVIDOS NO COLEGIADO DO CURSO DE ENFERMAGEM (ATUALIZA\u00c7\u00c3O: JULHO 2022) &nbsp; T\u00cdTULO OBJETIVO COORDENADOR &nbsp; &nbsp; &nbsp; Leitura e Produ\u00e7\u00e3o de Textos Cient\u00edficos: Intera\u00e7\u00e3o Entre a Comunidade Acad\u00eamica e Profissionais de Sa\u00fade da Fronteira Franco Brasileira aperfei\u00e7oar&hellip; <\/p>\n<p><a href=\"https:\/\/www2.unifap.br\/enfermagem-oiapoque\/projetos-de-extensao-2\/\" class=\"readmore-button\">Continue Reading<\/a><\/p>\n","protected":false},"author":765,"featured_media":0,"parent":0,"menu_order":8,"comment_status":"closed","ping_status":"closed","template":"","meta":{"inline_featured_image":false,"ngg_post_thumbnail":0,"footnotes":""},"class_list":["post-124","page","type-page","status-publish","hentry"],"_links":{"self":[{"href":"https:\/\/www2.unifap.br\/enfermagem-oiapoque\/wp-json\/wp\/v2\/pages\/124","targetHints":{"allow":["GET"]}}],"collection":[{"href":"https:\/\/www2.unifap.br\/enfermagem-oiapoque\/wp-json\/wp\/v2\/pages"}],"about":[{"href":"https:\/\/www2.unifap.br\/enfermagem-oiapoque\/wp-json\/wp\/v2\/types\/page"}],"author":[{"embeddable":true,"href":"https:\/\/www2.unifap.br\/enfermagem-oiapoque\/wp-json\/wp\/v2\/users\/765"}],"replies":[{"embeddable":true,"href":"https:\/\/www2.unifap.br\/enfermagem-oiapoque\/wp-json\/wp\/v2\/comments?post=124"}],"version-history":[{"count":19,"href":"https:\/\/www2.unifap.br\/enfermagem-oiapoque\/wp-json\/wp\/v2\/pages\/124\/revisions"}],"predecessor-version":[{"id":1154,"href":"https:\/\/www2.unifap.br\/enfermagem-oiapoque\/wp-json\/wp\/v2\/pages\/124\/revisions\/1154"}],"wp:attachment":[{"href":"https:\/\/www2.unifap.br\/enfermagem-oiapoque\/wp-json\/wp\/v2\/media?parent=124"}],"curies":[{"name":"wp","href":"https:\/\/api.w.org\/{rel}","templated":true}]}}