{"id":474,"date":"2017-11-17T15:48:16","date_gmt":"2017-11-17T15:48:16","guid":{"rendered":"http:\/\/www2.unifap.br\/enfermagem-oiapoque\/?page_id=474"},"modified":"2023-06-24T20:08:43","modified_gmt":"2023-06-24T20:08:43","slug":"atas-de-reunioes-de-colegiado","status":"publish","type":"page","link":"https:\/\/www2.unifap.br\/enfermagem-oiapoque\/atas-de-reunioes-de-colegiado\/","title":{"rendered":"Atas das Reuni\u00f5es de Colegiado"},"content":{"rendered":"<p style=\"text-align: center\"><strong>(ATUALIZA\u00c7\u00c3O: MAIO 2022)<\/strong><\/p>\n<p>&nbsp;<\/p>\n<p><strong>Atas(Reuni\u00f5es 2023)<\/strong><\/p>\n<p><a href=\"http:\/\/www2.unifap.br\/enfermagem-oiapoque\/files\/2023\/06\/ATA_ORDINARIA_06_DE_JUNHO_DE_2023_assinado_assinado_assinado_assinado_assinado_assinado_assinado.pdf\">06 DE JUNHO DE 2023<\/a><\/p>\n<p><a href=\"http:\/\/www2.unifap.br\/enfermagem-oiapoque\/files\/2023\/06\/ATA_ORDINARIA_19_DE_ABRIL_DE_2023_assinado_assinado_assinado_assinado_assinado_assinado_assinado.pdf\">19 DE ABRIL DE 2023<\/a><\/p>\n<p><a href=\"http:\/\/www2.unifap.br\/enfermagem-oiapoque\/files\/2023\/06\/ATA_EXTRAORDINARIA_23_DE_MARCO_DE_2023_assinado_assinado_assinado_assinado_assin.pdf\">23 DE MAR\u00c7O DE 2023 &#8211; EXTRAORDIN\u00c1RIA<\/a><\/p>\n<p><a href=\"http:\/\/www2.unifap.br\/enfermagem-oiapoque\/files\/2023\/06\/ATA_ORDINARIA_19_DE_JANEIRO_DE_2023_assinado_assinado_assinado_LB_assinado_assin.pdf\">19 DE JANEIRO DE 2023<\/a><\/p>\n<p><strong>Atas(Reuni\u00f5es 2022)<\/strong><\/p>\n<p><a href=\"http:\/\/www2.unifap.br\/enfermagem-oiapoque\/files\/2023\/06\/ATA_ORDINARIA_08_DE_DEZEMBRO_DE_2022_Luisa_Carlos_assinado_29_assinado_assinado_assinado_assinado_assinado.pdf\">08 DE DEZEMBRO DE 2022<\/a><\/p>\n<p><a href=\"http:\/\/www2.unifap.br\/enfermagem-oiapoque\/files\/2023\/06\/ATA_ORDINARIA_11_DE_NOVEMBRO_DE_2022_Luisa_Carlos_assinado_29_assinado_assinado_assinado_assinado_assinado.pdf\">11 DE NOVEMBRO DE 2022<\/a><\/p>\n<p><a href=\"http:\/\/www2.unifap.br\/enfermagem-oiapoque\/files\/2022\/12\/ATA_EXTRAORDINARIA_19_DE_OUTUBRO_DE_2022_assinado_assinado_assinado.pdf\">19 DE OUTUBRO DE 2022 &#8211; EXTRAORDIN\u00c1RIA<\/a><\/p>\n<p><a href=\"http:\/\/www2.unifap.br\/enfermagem-oiapoque\/files\/2022\/12\/ATA_ORDINARIA_14_DE_OUTUBRO_DE_2022_assinado_assinado_assinado_assinado.pdf\">14 DE OUTUBRO DE 2022<\/a><\/p>\n<p><a href=\"http:\/\/www2.unifap.br\/enfermagem-oiapoque\/files\/2022\/12\/ATA_29_DE_AGOSTO_DE_2022_assinadoLB_assinado_assinado.pdf\">29 DE AGOSTO DE 2022<\/a><\/p>\n<p><a href=\"http:\/\/www2.unifap.br\/enfermagem-oiapoque\/files\/2022\/12\/ATA_EXTRAORDINARIA_11_DE_AGOSTO_DE_2022_assinado_assinado_assinado.pdf\">11 DE AGOSTO DE 2022 &#8211; EXTRAORDIN\u00c1RIA<\/a><\/p>\n<p><a href=\"http:\/\/www2.unifap.br\/enfermagem-oiapoque\/files\/2022\/12\/ATA_EXTRAORDINARIA_02_DE_AGOSTO_DE_2022_assinado_assinado_assinado.pdf\">2 DE AGOSTO DE 2022 &#8211; EXTRAORDIN\u00c1RIA<\/a><\/p>\n<p><a href=\"http:\/\/www2.unifap.br\/enfermagem-oiapoque\/files\/2022\/12\/ATA_ORDINARIA_27_DE_MAIO_DE_2022_assinado_assinado_assinado_assinado......._assinado.pdf\">27 DE MAIO DE 2022<\/a><\/p>\n<p><a href=\"http:\/\/www2.unifap.br\/enfermagem-oiapoque\/files\/2022\/05\/06-DE-MAIO-DE-2022-\u2013-EXTRAORDINARIA.pdf\">06 DE MAIO DE 2022 \u2013 EXTRAORDIN\u00c1RIA<\/a><\/p>\n<p><a href=\"http:\/\/www2.unifap.br\/enfermagem-oiapoque\/files\/2022\/05\/08-DE-ABRIL-DE-2022-\u2013-EXTRAORDINARIA.pdf\">08 DE ABRIL DE 2022 \u2013 EXTRAORDIN\u00c1RIA<\/a><\/p>\n<p><a href=\"http:\/\/www2.unifap.br\/enfermagem-oiapoque\/files\/2022\/05\/01-DE-ABRIL-DE-2022.pdf\">01 DE ABRIL DE 2022<\/a><\/p>\n<p><a href=\"http:\/\/www2.unifap.br\/enfermagem-oiapoque\/files\/2022\/03\/18-DE-FEVEREIRO-DE-2022-EXTRAORDIN\u00c1RIA.pdf\">18 DE FEVEREIRO DE 2022 &#8211; EXTRAORDIN\u00c1RIA<\/a><\/p>\n<p><a href=\"http:\/\/www2.unifap.br\/enfermagem-oiapoque\/files\/2022\/03\/04-DE-FEVEREIRO-DE-2022-EXTRAORDIN\u00c1RIA.pdf\">04 DE FEVEREIRO DE 2022 &#8211; EXTRAORDIN\u00c1RIA<\/a><\/p>\n<p><a href=\"http:\/\/www2.unifap.br\/enfermagem-oiapoque\/files\/2022\/03\/28-DE-JANEIRO-DE-2022.pdf\">28 DE JANEIRO DE 2022<\/a><\/p>\n<p><strong>Atas(Reuni\u00f5es 2021)<\/strong><\/p>\n<p><a href=\"http:\/\/www2.unifap.br\/enfermagem-oiapoque\/files\/2022\/01\/ATA-21-de-Dezembro-de-2021.pdf\">21 de Dezembro de 2021<\/a><\/p>\n<p><a href=\"http:\/\/www2.unifap.br\/enfermagem-oiapoque\/files\/2022\/01\/ATA-29-de-Outubro-de-2021-Extraordin\u00e1ria.pdf\">29 de Outubro de 2021 &#8211; Extraordin\u00e1ria<\/a><\/p>\n<p><a href=\"http:\/\/www2.unifap.br\/enfermagem-oiapoque\/files\/2022\/01\/ATA-27-de-Outubro-de-2021.pdf\">27 de Outubro de 2021<\/a><\/p>\n<p><a href=\"http:\/\/www2.unifap.br\/enfermagem-oiapoque\/files\/2022\/01\/ATA-24-de-Setembro-de-2021.pdf\">24 de Setembro de 2021<\/a><\/p>\n<p><a href=\"http:\/\/www2.unifap.br\/enfermagem-oiapoque\/files\/2022\/01\/ATA-8-de-Setembro-de-2021-Extraordin\u00e1ria.pdf\">8 de Setembro de 2021 &#8211; Extraordin\u00e1ria<\/a><\/p>\n<p><a href=\"http:\/\/www2.unifap.br\/enfermagem-oiapoque\/files\/2022\/01\/ATA-27-de-Agosto-de-2021.pdf\">27 de Agosto de 2021<\/a><\/p>\n<p><a href=\"http:\/\/www2.unifap.br\/enfermagem-oiapoque\/files\/2022\/01\/04-de-Agosto-de-2021-Extraordin\u00e1ria.pdf\">04 de Agosto de 2021 &#8211; Extraordin\u00e1ria<\/a><\/p>\n<p><a href=\"http:\/\/www2.unifap.br\/enfermagem-oiapoque\/files\/2022\/01\/ATA-30-de-Julho-de-2021.pdf\">30 de Julho de 2021<\/a><\/p>\n<p><a href=\"http:\/\/www2.unifap.br\/enfermagem-oiapoque\/files\/2021\/07\/18-DE-JUNHO-DE-2021.pdf\">18 DE JUNHO DE 2021<\/a><\/p>\n<p><a href=\"http:\/\/www2.unifap.br\/enfermagem-oiapoque\/files\/2021\/07\/28-DE-MAIO-DE-2021.pdf\">28 DE MAIO DE 2021<\/a><\/p>\n<p><a href=\"http:\/\/www2.unifap.br\/enfermagem-oiapoque\/files\/2021\/07\/07-DE-MAIO-DE-2021-Reuni\u00e3o-Extraordin\u00e1ria-1.pdf\">07 DE MAIO DE 2021 &#8211; Reuni\u00e3o Extraordin\u00e1ria<\/a><\/p>\n<p><a href=\"http:\/\/www2.unifap.br\/enfermagem-oiapoque\/files\/2021\/07\/30-DE-ABRIL-DE-2021.pdf\">30 DE ABRIL DE 2021<\/a><\/p>\n<p><a href=\"http:\/\/www2.unifap.br\/enfermagem-oiapoque\/files\/2021\/07\/19-DE-MAR\u00c7O-DE-2021.pdf\">19 DE MAR\u00c7O DE 2021<\/a><\/p>\n<p><a href=\"http:\/\/www2.unifap.br\/enfermagem-oiapoque\/files\/2021\/07\/08-DE-MAR\u00c7O-DE-2021-Reuni\u00e3o-Extraordin\u00e1ria.pdf\">08 DE MAR\u00c7O DE 2021 &#8211; Reuni\u00e3o Extraordin\u00e1ria<\/a><\/p>\n<p><a href=\"http:\/\/www2.unifap.br\/enfermagem-oiapoque\/files\/2021\/07\/26-DE-FEVEREIRO-DE-2021.pdf\">26 DE FEVEREIRO DE 2021<\/a><\/p>\n<p><a href=\"http:\/\/www2.unifap.br\/enfermagem-oiapoque\/files\/2021\/07\/14-DE-JANEIRO-DE-2021.pdf\">14 DE JANEIRO DE 2021<\/a><\/p>\n<p><strong>Atas(Reuni\u00f5es 2020)<\/strong><\/p>\n<p><a href=\"http:\/\/www2.unifap.br\/enfermagem-oiapoque\/files\/2021\/07\/01-DE-DEZEMBRO-DE-2020..pdf\">01 DE DEZEMBRO DE 2020<\/a><\/p>\n<p><a href=\"http:\/\/www2.unifap.br\/enfermagem-oiapoque\/files\/2021\/07\/30-DE-OUTUBRO-DE-2020.pdf\">30 DE OUTUBRO DE 2020<\/a><\/p>\n<p><a href=\"http:\/\/www2.unifap.br\/enfermagem-oiapoque\/files\/2020\/10\/DE-16-DE-SETEMBRO-DE-2020.pdf\">DE 16 DE SETEMBRO DE 2020<\/a><\/p>\n<p><a href=\"http:\/\/www2.unifap.br\/enfermagem-oiapoque\/files\/2021\/07\/12-DE-AGOSTO-DE-2020.pdf\">12 DE AGOSTO DE 2020<\/a><\/p>\n<p><a href=\"http:\/\/www2.unifap.br\/enfermagem-oiapoque\/files\/2020\/08\/ATA-RETIFICADORA-DA-REUNI\u00c3O-DE-25-DE-JUNHO-DE-2020.pdf\">ATA RETIFICADORA DA REUNI\u00c3O DE 25 DE JUNHO DE 2020<\/a><\/p>\n<p><a href=\"http:\/\/www2.unifap.br\/enfermagem-oiapoque\/files\/2020\/08\/DE-25-DE-JUNHO-DE-2020.pdf\">DE 25 DE JUNHO DE 2020<\/a><\/p>\n<p><a href=\"http:\/\/www2.unifap.br\/enfermagem-oiapoque\/files\/2020\/05\/ERRATA-DA-ATA-DE-REUNI\u00c3O-DE-COLEGIADO-DO-CURSO-BACHARELADO-EM-ENFERMAGEM-EM-06-DE-marco-DE-2020.pdf\">ERRATA DA ATA DE REUNI\u00c3O DE COLEGIADO DO CURSO BACHARELADO EM ENFERMAGEM EM 06 DE marco DE 2020<\/a><\/p>\n<p><a href=\"http:\/\/www2.unifap.br\/enfermagem-oiapoque\/files\/2020\/03\/DE-06-DE-MAR\u00c7O-DE-2020Reuni\u00e3o-Extraordin\u00e1ria.pdf\"><span style=\"color: #3366ff\"><span style=\"color: #000080\"><span style=\"color: #0000ff\">DE 06 <\/span><\/span><\/span><\/a><span style=\"color: #000080\"><a style=\"color: #000080\" href=\"http:\/\/www2.unifap.br\/enfermagem-oiapoque\/files\/2020\/03\/DE-06-DE-MAR\u00c7O-DE-2020Reuni\u00e3o-Extraordin\u00e1ria.pdf\"><span style=\"color: #0000ff\">DE MAR\u00c7O DE 2020(Reuni\u00e3o Extraordin\u00e1r<\/span>ia)<\/a><\/span><\/p>\n<p><a href=\"http:\/\/www2.unifap.br\/enfermagem-oiapoque\/files\/2020\/03\/DE-28-DE-FEVEREIRO-DE-2020.pdf\">DE 28 DE FEVEREIRO DE 2020<\/a><\/p>\n<p><strong>Atas(Reuni\u00f5es 2019)<\/strong><\/p>\n<p><a href=\"http:\/\/www2.unifap.br\/enfermagem-oiapoque\/files\/2020\/03\/DE-29-DE-NOVEMBRO-DE-2019.pdf\">DE 29 DE NOVEMBRO DE 2019<\/a><\/p>\n<p><a href=\"http:\/\/www2.unifap.br\/enfermagem-oiapoque\/files\/2020\/01\/DE-30-DE-OUTUBRO-DE-2019.pdf\">DE 30 DE OUTUBRO DE 2019<\/a><\/p>\n<p><a href=\"http:\/\/www2.unifap.br\/enfermagem-oiapoque\/files\/2019\/08\/DE-16-AGOSTO-DE-2019.pdf\">DE 16 AGOSTO DE 2019<\/a><\/p>\n<p><a href=\"http:\/\/www2.unifap.br\/enfermagem-oiapoque\/files\/2019\/05\/DE-09-DE-MAIO-DE-2019.pdf\">DE 09 DE MAIO DE 2019<\/a><\/p>\n<p><a href=\"http:\/\/www2.unifap.br\/enfermagem-oiapoque\/files\/2019\/05\/DE-03-DE-ABRIL-DE-2019.pdf\">DE 03 DE ABRIL DE 2019<\/a><\/p>\n<p><a href=\"http:\/\/www2.unifap.br\/enfermagem-oiapoque\/files\/2019\/04\/ERRATA-DA-REUNI\u00c3O-DO-DIA-25-DE-FEVEREIRO-DE-2019.pdf\">ERRATA DA REUNI\u00c3O DO DIA 25 DE FEVEREIRO DE 2019<\/a><\/p>\n<p><a href=\"http:\/\/www2.unifap.br\/enfermagem-oiapoque\/files\/2019\/04\/DE-25-DE-FEVEREIRO-DE-2019.pdf\">DE 25 DE FEVEREIRO DE 2019<\/a><\/p>\n<p><strong>Atas (Reuni\u00f5es 2018)<\/strong><\/p>\n<p><a href=\"http:\/\/www2.unifap.br\/enfermagem-oiapoque\/files\/2019\/04\/De-13-de-novembro-de-2018.pdf\">De 13 de novembro de 2018<\/a><\/p>\n<p><a href=\"http:\/\/www2.unifap.br\/enfermagem-oiapoque\/files\/2017\/11\/Ata-de-27-de-agosto-de-2018-compressed.pdf\">Ata de 27 de agosto de 2018<\/a><\/p>\n<p><a href=\"http:\/\/www2.unifap.br\/enfermagem-oiapoque\/files\/2017\/11\/Ata-de-reuni\u00e3o-extraordinaria-13.07.2018.pdf\">13 DE JULHO DE 2018 (Reuni\u00e3o extraordin\u00e1ria)<\/a><\/p>\n<p><a href=\"http:\/\/www2.unifap.br\/enfermagem-oiapoque\/files\/2017\/11\/15-DE-MAIO-DE-2018-Reuni\u00e3o-Extraordin\u00e1ria.pdf\">15 DE MAIO DE 2018 (Reuni\u00e3o Extraordin\u00e1ria)<\/a><\/p>\n<p><a href=\"http:\/\/www2.unifap.br\/enfermagem-oiapoque\/files\/2017\/11\/09-DE-MAIO-DE-2018-Reuni\u00e3o-Extraordin\u00e1ria.pdf\">09 DE MAIO DE 2018 (Reuni\u00e3o Extraordin\u00e1ria)<\/a><\/p>\n<p><a href=\"http:\/\/www2.unifap.br\/enfermagem-oiapoque\/files\/2017\/11\/Ata-de-reuni\u00e3o-16.04.2018.pdf\">16 DE ABRIL DE 2018<\/a><\/p>\n<p><a href=\"http:\/\/www2.unifap.br\/enfermagem-oiapoque\/files\/2017\/11\/15-DE-JANEIRO-DE-2018.pdf\">15 DE JANEIRO DE 2018<\/a><\/p>\n<p><strong>Atas (Reuni\u00f5es 2017)&nbsp;<\/strong><\/p>\n<p><a href=\"http:\/\/www2.unifap.br\/enfermagem-oiapoque\/files\/2017\/11\/11-de-dezembro-de-2017.pdf\">11 DE DEZEMBRO DE 2017<\/a><\/p>\n<p><a href=\"http:\/\/www2.unifap.br\/enfermagem-oiapoque\/files\/2017\/11\/26-DE-OUTUBRO-DE-2017.pdf\">26 DE OUTUBRO DE 2017<\/a><\/p>\n<p><a href=\"http:\/\/www2.unifap.br\/enfermagem-oiapoque\/files\/2017\/11\/11-DE-OUTUBRO-DE-2017Reuni\u00e3o-extraodin\u00e1ria.pdf\">11 DE OUTUBRO DE 2017 (Reuni\u00e3o extraordin\u00e1ria)<\/a><\/p>\n<p><a href=\"http:\/\/www2.unifap.br\/enfermagem-oiapoque\/files\/2017\/11\/03-DE-OUTUBRO-DE-2017.pdf\">03 DE OUTUBRO DE 2017<\/a><\/p>\n<p><a href=\"http:\/\/www2.unifap.br\/enfermagem-oiapoque\/files\/2017\/11\/18-DE-AGOSTO-DE-2017Reuni\u00e3o-extraordin\u00e1ria.pdf\">18 DE AGOSTO DE 2017 (Reuni\u00e3o extraordin\u00e1ria)<\/a><\/p>\n<p><a href=\"http:\/\/www2.unifap.br\/enfermagem-oiapoque\/files\/2017\/11\/11-DE-AGOSTO-DE-2017.pdf\">11 DE AGOSTO DE 2017<\/a><\/p>\n<p><a href=\"http:\/\/www2.unifap.br\/enfermagem-oiapoque\/files\/2017\/11\/27-DE-JUNHO-DE-20171.pdf\">27 DE JUNHO DE 2017<\/a><\/p>\n<p><a href=\"http:\/\/www2.unifap.br\/enfermagem-oiapoque\/files\/2017\/11\/25-DE-MAIO-DE-2017.pdf\">25 DE MAIO DE 2017<\/a><\/p>\n<p><a href=\"http:\/\/www2.unifap.br\/enfermagem-oiapoque\/files\/2017\/11\/29-DE-ABRIL-DE-2017.pdf\">29 DE ABRIL DE 2017<\/a><\/p>\n<p><a href=\"http:\/\/www2.unifap.br\/enfermagem-oiapoque\/files\/2017\/11\/27-DE-FEVEREIRO-DE-2017-Reuni\u00e3o-extraordin\u00e1rio.pdf\">27 DE FEVEREIRO DE 2017 (Reuni\u00e3o extraordin\u00e1rio)<\/a><\/p>\n<p><a href=\"http:\/\/www2.unifap.br\/enfermagem-oiapoque\/files\/2017\/11\/10-DE-FEVEREIRO-DE-2017.pdf\">10 DE FEVEREIRO DE 2017<\/a><\/p>\n<p><a href=\"http:\/\/www2.unifap.br\/enfermagem-oiapoque\/files\/2017\/11\/19-DE-JANEIRO-DE-2017.pdf\">19 DE JANEIRO DE 2017<\/a><\/p>\n<p><a href=\"http:\/\/www2.unifap.br\/enfermagem-oiapoque\/files\/2017\/11\/12-DE-JANEIRO-DE-2017.pdf\">12 DE JANEIRO DE 2017<\/a><\/p>\n<p>&nbsp;<\/p>\n<p>&nbsp;<\/p>\n<p>&nbsp;<\/p>\n<p>&nbsp;<\/p>\n<p>&nbsp;<\/p>\n<p>&nbsp;<\/p>\n<p>&nbsp;<\/p>\n<p>&nbsp;<\/p>\n","protected":false},"excerpt":{"rendered":"<p>(ATUALIZA\u00c7\u00c3O: MAIO 2022) &nbsp; Atas(Reuni\u00f5es 2023) 06 DE JUNHO DE 2023 19 DE ABRIL DE 2023 23 DE MAR\u00c7O DE 2023 &#8211; EXTRAORDIN\u00c1RIA 19 DE JANEIRO DE 2023 Atas(Reuni\u00f5es 2022) 08 DE DEZEMBRO DE 2022 11 DE NOVEMBRO DE 2022&hellip; <\/p>\n<p><a href=\"https:\/\/www2.unifap.br\/enfermagem-oiapoque\/atas-de-reunioes-de-colegiado\/\" class=\"readmore-button\">Continue Reading<\/a><\/p>\n","protected":false},"author":765,"featured_media":0,"parent":0,"menu_order":11,"comment_status":"closed","ping_status":"closed","template":"","meta":{"inline_featured_image":false,"ngg_post_thumbnail":0,"footnotes":""},"class_list":["post-474","page","type-page","status-publish","hentry"],"_links":{"self":[{"href":"https:\/\/www2.unifap.br\/enfermagem-oiapoque\/wp-json\/wp\/v2\/pages\/474","targetHints":{"allow":["GET"]}}],"collection":[{"href":"https:\/\/www2.unifap.br\/enfermagem-oiapoque\/wp-json\/wp\/v2\/pages"}],"about":[{"href":"https:\/\/www2.unifap.br\/enfermagem-oiapoque\/wp-json\/wp\/v2\/types\/page"}],"author":[{"embeddable":true,"href":"https:\/\/www2.unifap.br\/enfermagem-oiapoque\/wp-json\/wp\/v2\/users\/765"}],"replies":[{"embeddable":true,"href":"https:\/\/www2.unifap.br\/enfermagem-oiapoque\/wp-json\/wp\/v2\/comments?post=474"}],"version-history":[{"count":34,"href":"https:\/\/www2.unifap.br\/enfermagem-oiapoque\/wp-json\/wp\/v2\/pages\/474\/revisions"}],"predecessor-version":[{"id":1222,"href":"https:\/\/www2.unifap.br\/enfermagem-oiapoque\/wp-json\/wp\/v2\/pages\/474\/revisions\/1222"}],"wp:attachment":[{"href":"https:\/\/www2.unifap.br\/enfermagem-oiapoque\/wp-json\/wp\/v2\/media?parent=474"}],"curies":[{"name":"wp","href":"https:\/\/api.w.org\/{rel}","templated":true}]}}