{"id":542,"date":"2018-04-16T13:17:01","date_gmt":"2018-04-16T13:17:01","guid":{"rendered":"http:\/\/www2.unifap.br\/enfermagem-oiapoque\/?page_id=542"},"modified":"2022-05-18T18:08:33","modified_gmt":"2022-05-18T18:08:33","slug":"documentos","status":"publish","type":"page","link":"https:\/\/www2.unifap.br\/enfermagem-oiapoque\/documentos\/","title":{"rendered":"Documentos para Est\u00e1gio Supervisionado"},"content":{"rendered":"<h3><strong>FICHAS DE AVALIA\u00c7\u00c3O<\/strong><\/h3>\n<p><span style=\"color: #ff0000\">Documentos para download:<\/span><\/p>\n<p><a href=\"http:\/\/www2.unifap.br\/enfermagem-oiapoque\/files\/2018\/04\/Ficha-de-Frequ\u00eancia-de-Atividades-Unifap.pdf\">Ficha de Frequ\u00eancia de Atividades-Unifap<\/a><\/p>\n<p><a href=\"http:\/\/www2.unifap.br\/enfermagem-oiapoque\/files\/2018\/04\/Ficha-de-Avalia\u00e7\u00e3o-CC-CME.pdf\">Ficha de Avalia\u00e7\u00e3o CC, CME<\/a><\/p>\n<p><a href=\"http:\/\/www2.unifap.br\/enfermagem-oiapoque\/files\/2018\/04\/ficha-obstetricia.pdf\">Ficha Obstetr\u00edcia<\/a><\/p>\n<p><a href=\"http:\/\/www2.unifap.br\/enfermagem-oiapoque\/files\/2018\/04\/ficha-saude-da-crian\u00e7a.pdf\">Ficha Sa\u00fade da Crian\u00e7a<\/a><\/p>\n<p><a href=\"http:\/\/www2.unifap.br\/enfermagem-oiapoque\/files\/2018\/04\/ficha-saude-Hospitalar.pdf\">Ficha Sa\u00fade Hospitalar<\/a><\/p>\n<p><a href=\"http:\/\/www2.unifap.br\/enfermagem-oiapoque\/files\/2018\/04\/ficha-saude-urgencia.pdf\">Ficha Sa\u00fade &#8211; Urg\u00eancia<\/a><\/p>\n<p><a href=\"http:\/\/www2.unifap.br\/enfermagem-oiapoque\/files\/2018\/04\/Cronograma-GRIFORT.pdf\">Cronograma &#8211; GRIFORT<\/a><\/p>\n<p><a href=\"http:\/\/www2.unifap.br\/enfermagem-oiapoque\/files\/2018\/04\/Cronograma-Santana-2018-3.pdf\">Cronograma Santana-2018-3<\/a><\/p>\n<p><a href=\"http:\/\/www2.unifap.br\/enfermagem-oiapoque\/files\/2019\/05\/Cronograma-UPA-Zona-Norte-2019-Viviane-Cardoso.docx\">Cronograma UPA Zona Norte -2019- Viviane Cardoso<\/a><\/p>\n<p><a href=\"http:\/\/www2.unifap.br\/enfermagem-oiapoque\/files\/2019\/05\/Novo-Cronograma-Estagio-2019-Nefrologia.doc\">Novo Cronograma Estagio-2019-Nefrologia<\/a><\/p>\n<p>&nbsp;<\/p>\n","protected":false},"excerpt":{"rendered":"<p>FICHAS DE AVALIA\u00c7\u00c3O Documentos para download: Ficha de Frequ\u00eancia de Atividades-Unifap Ficha de Avalia\u00e7\u00e3o CC, CME Ficha Obstetr\u00edcia Ficha Sa\u00fade da Crian\u00e7a Ficha Sa\u00fade Hospitalar Ficha Sa\u00fade &#8211; Urg\u00eancia Cronograma &#8211; GRIFORT Cronograma Santana-2018-3 Cronograma UPA Zona Norte -2019- Viviane&hellip; <\/p>\n<p><a href=\"https:\/\/www2.unifap.br\/enfermagem-oiapoque\/documentos\/\" class=\"readmore-button\">Continue Reading<\/a><\/p>\n","protected":false},"author":765,"featured_media":0,"parent":0,"menu_order":9,"comment_status":"closed","ping_status":"closed","template":"","meta":{"inline_featured_image":false,"ngg_post_thumbnail":0,"footnotes":""},"class_list":["post-542","page","type-page","status-publish","hentry"],"_links":{"self":[{"href":"https:\/\/www2.unifap.br\/enfermagem-oiapoque\/wp-json\/wp\/v2\/pages\/542","targetHints":{"allow":["GET"]}}],"collection":[{"href":"https:\/\/www2.unifap.br\/enfermagem-oiapoque\/wp-json\/wp\/v2\/pages"}],"about":[{"href":"https:\/\/www2.unifap.br\/enfermagem-oiapoque\/wp-json\/wp\/v2\/types\/page"}],"author":[{"embeddable":true,"href":"https:\/\/www2.unifap.br\/enfermagem-oiapoque\/wp-json\/wp\/v2\/users\/765"}],"replies":[{"embeddable":true,"href":"https:\/\/www2.unifap.br\/enfermagem-oiapoque\/wp-json\/wp\/v2\/comments?post=542"}],"version-history":[{"count":7,"href":"https:\/\/www2.unifap.br\/enfermagem-oiapoque\/wp-json\/wp\/v2\/pages\/542\/revisions"}],"predecessor-version":[{"id":1067,"href":"https:\/\/www2.unifap.br\/enfermagem-oiapoque\/wp-json\/wp\/v2\/pages\/542\/revisions\/1067"}],"wp:attachment":[{"href":"https:\/\/www2.unifap.br\/enfermagem-oiapoque\/wp-json\/wp\/v2\/media?parent=542"}],"curies":[{"name":"wp","href":"https:\/\/api.w.org\/{rel}","templated":true}]}}