{"id":565,"date":"2018-04-24T19:23:58","date_gmt":"2018-04-24T19:23:58","guid":{"rendered":"http:\/\/www2.unifap.br\/enfermagem-oiapoque\/?page_id=565"},"modified":"2022-05-18T18:08:59","modified_gmt":"2022-05-18T18:08:59","slug":"repositorio","status":"publish","type":"page","link":"https:\/\/www2.unifap.br\/enfermagem-oiapoque\/repositorio\/","title":{"rendered":"TCC &#8211; Manuais e Reposit\u00f3rio"},"content":{"rendered":"<p>Neste reposit\u00f3rio voc\u00ea encontrar\u00e1 guias e modelos para a elabora\u00e7\u00e3o dos Trabalhos de Conclus\u00e3o de Curso assim como as Monografias j\u00e1 apresentadas, para acessar utilize o seguinte link:<\/p>\n<p><span style=\"color: #ff0000\"><a href=\"https:\/\/drive.google.com\/drive\/folders\/1MQqB0-KvSib-tzhzoqNR8HzYax4tbQ2p\"><span style=\"color: #ff0000\">https:\/\/drive.google.com\/drive\/folders\/1MQqB0-KvSib-tzhzoqNR8HzYax4tbQ2p<\/span><\/a><\/span><\/p>\n<p><strong>TCCs Defendidos em 2021<\/strong><\/p>\n<table width=\"992\">\n<tbody>\n<tr>\n<td width=\"394\"><strong>T\u00cdTULO<\/strong><\/td>\n<td width=\"134\"><strong>ANO<\/strong><\/td>\n<td width=\"223\"><strong>AUTOR<\/strong><\/td>\n<td width=\"242\"><strong>ORIENTADOR<\/strong><\/td>\n<\/tr>\n<tr>\n<td width=\"394\">PERCEP\u00c7\u00c3O DAS GESTANTES A RESPEITO DA VIOLENCIA OBST\u00c9TRICA EM OIAPOQUE<\/td>\n<td width=\"134\">16\/03\/2021<\/td>\n<td width=\"223\">GABRIEL DOS SANTOS WETCH<\/td>\n<td width=\"242\">SCHEILLA CRISTINA DA SILVA<\/td>\n<\/tr>\n<\/tbody>\n<\/table>\n<p>&nbsp;<\/p>\n<p><strong>TCCs Defendidos em 2020<\/strong><\/p>\n<table width=\"992\">\n<tbody>\n<tr>\n<td width=\"394\"><strong>T\u00cdTULO<\/strong><\/td>\n<td width=\"134\"><strong>ANO<\/strong><\/td>\n<td width=\"223\"><strong>AUTOR<\/strong><\/td>\n<td width=\"242\"><strong>ORIENTADOR<\/strong><\/td>\n<\/tr>\n<tr>\n<td width=\"394\">PERFIL EPIDEMIOL\u00d3GICO DOS PACIENTES HIPERTENSOS ATENDIDOS EM UNIDADE B\u00c1SICA DE SA\u00daDE NO MUNIC\u00cdPIO DO AMAP\u00c1-AP.<\/td>\n<td width=\"134\">09\/05\/2020<\/td>\n<td width=\"223\">JAIRO PEREIRA MORAES<\/td>\n<td width=\"242\">BENEDITO DE SOUZA GUIMARAES JUNIOR<\/td>\n<\/tr>\n<tr>\n<td width=\"394\">EXPOSI\u00c7\u00c3O \u00c0 GENOT\u00d3XICOS EM COMUNIDADE RIBEIRINHA<\/td>\n<td width=\"134\">07\/05\/2020<\/td>\n<td width=\"223\">JACQUELINE GONCALVES RAMOS WETCH<\/td>\n<td width=\"242\">CARLOS MANUEL DUTOK SANCHEZ<\/td>\n<\/tr>\n<tr>\n<td width=\"394\">N\u00cdVEL DE ATIVIDADE F\u00cdSICA DOS HIPERTENSOS NO MUNIC\u00cdPIO DE OIAPOQUE-AP<\/td>\n<td width=\"134\">29\/02\/2020<\/td>\n<td width=\"223\">CARLOS J\u00daNIO SILVA<\/td>\n<td width=\"242\">RENATA SIMOES MONTEIRO<\/td>\n<\/tr>\n<tr>\n<td width=\"394\">O PERFIL DO CONSUMO DE ANTIBI\u00d3TICOS E DAS POSS\u00cdVEIS INTERA\u00c7\u00d5ES MEDICAMENTOSAS EM IDOSOS ATENDIDOS EM UNIDADES B\u00c1SICAS DE SA\u00daDE NA FRONTEIRA FRANCO BRASILEIRA.<\/td>\n<td width=\"134\">27\/02\/2020<\/td>\n<td width=\"223\">ENDREW LUCAS BARTOLOMEU PINHEIRO DE AQUINO<\/td>\n<td width=\"242\">RAFAEL PIRES MOREIRA<\/td>\n<\/tr>\n<tr>\n<td width=\"394\">O PERFIL DO CONSUMO DE ANTIBI\u00d3TICOS E DAS POSS\u00cdVEIS INTERA\u00c7\u00d5ES MEDICAMENTOSAS EM CRIAN\u00c7AS ATENDIDAS EM UNIDADES B\u00c1SICAS DE SA\u00daDE NA PRONTEIRA FRANCO BRASILEIRA<\/td>\n<td width=\"134\">27\/02\/2020<\/td>\n<td width=\"223\">LARISSA OLIVEIRA RIBEIRO<\/td>\n<td width=\"242\">RAFAEL PIRES MOREIRA<\/td>\n<\/tr>\n<tr>\n<td width=\"394\">AVALIA\u00c7\u00c3O DA ACUIDADE VISUAL EM PACIENTES DIAB\u00c9TICOS NO MUNIC\u00cdPIO DE OIAPOQUE<\/td>\n<td width=\"134\">17\/02\/2020<\/td>\n<td width=\"223\">HELIANA MONTEIRO DE ABREU<\/td>\n<td width=\"242\">RENATA SIMOES MONTEIRO<\/td>\n<\/tr>\n<tr>\n<td width=\"394\">PERCEP\u00c7\u00c3O DA ENFERMAGEM EM RELA\u00c7\u00c3O AO ATENDIMENTO AO PARTO, PR\u00c9-PARTO E PUERP\u00c9RIO IMEDIATO \u00c0 MULHERES IND\u00cdGENAS NO MUNIC\u00cdPIO DE OIAPOQUE.&#8221;<\/td>\n<td width=\"134\">14\/02\/2020<\/td>\n<td width=\"223\">ANIELLE SOZINHO DOS SANTOS<\/td>\n<td width=\"242\">ANAPAULA MARTINS MENDES<\/td>\n<\/tr>\n<tr>\n<td width=\"394\">O PERFIL EPIDEMIOL\u00d3GICO DOS PACIENTES HIPERTENSOS ATENDIDOS NA UNIDADE B\u00c1SICA DE SA\u00daDE DO BAIRRO INFRAERO NO MUNIC\u00cdPIO DE OIAPOQUE<\/td>\n<td width=\"134\">14\/02\/2020<\/td>\n<td width=\"223\">FL\u00c1VIA P\u00c2MELA MIGUINS EVANGELISTA LE\u00c3O<\/td>\n<td width=\"242\">BENEDITO DE SOUZA GUIMARAES JUNIOR<\/td>\n<\/tr>\n<tr>\n<td width=\"394\">CONHECIMENTO DA MULHER IDOSA SOBRE SEXUALIDADE NO MUNIC\u00cdPIO DE OIAPOQUE\/AP<\/td>\n<td width=\"134\">14\/02\/2020<\/td>\n<td width=\"223\">CL\u00c9IA REGINA CASTILHO FERREIRA<\/td>\n<td width=\"242\">SCHEILLA CRISTINA DA SILVA<\/td>\n<\/tr>\n<tr>\n<td width=\"394\">O PERFIL DA GESTANTE DIAGNOSTICADA COM S\u00cdFILIS EM MACAP\u00c1\/AP NO PER\u00cdODO DE 2016 A 2018<\/td>\n<td width=\"134\">14\/02\/2020<\/td>\n<td width=\"223\">GERLANE DOS SANTOS DE OLIVEIRA<\/td>\n<td width=\"242\">SCHEILLA CRISTINA DA SILVA<\/td>\n<\/tr>\n<tr>\n<td width=\"394\">PERFIL DO PACIENTE IDOSO ATENDIDO NA URG\u00caNCIA E EMERG\u00caNCIA EM UM HOSPITAL P\u00daBLICO NO MUNIC\u00cdPIO DE OIAPOQUE-AP NO ANO DE 2015.<\/td>\n<td width=\"134\">14\/02\/2020<\/td>\n<td width=\"223\">PRISCILA HO-A-CHUCK DOS SANTOS<\/td>\n<td width=\"242\">SCHEILLA CRISTINA DA SILVA<\/td>\n<\/tr>\n<tr>\n<td width=\"394\">VULNERABILIDADES DOS IDOSOS DO MUNIC\u00cdPIO DE OIAPOQUE \u00c0S INFEC\u00c7\u00d5ES SEXUALMENTE TRANSMISS\u00cdVEIS\/HIV\/AIDS<\/td>\n<td width=\"134\">30\/01\/2020<\/td>\n<td width=\"223\">THAYNANA LOBO CASTRO<\/td>\n<td width=\"242\">VERIDIANA BARRETO DO NASCIMENTO<\/td>\n<\/tr>\n<\/tbody>\n<\/table>\n<p><strong>TCCs Defendidos em 2019<\/strong><\/p>\n<table width=\"992\">\n<tbody>\n<tr>\n<td width=\"394\"><strong>T\u00cdTULO<\/strong><\/td>\n<td width=\"134\"><strong>ANO<\/strong><\/td>\n<td width=\"223\"><strong>AUTOR<\/strong><\/td>\n<td width=\"242\"><strong>ORIENTADOR<\/strong><\/td>\n<\/tr>\n<tr>\n<td width=\"394\">DIABETES MELLITUS EM USU\u00c1RIO DA UNIDADE B\u00c1SICA DE SA\u00daDE INFRAERO NA FRONTEIRA FRANCO BRASILEIRA<\/td>\n<td width=\"134\">13\/12\/2019<\/td>\n<td width=\"223\">SANDRA DOS SANTOS FORTE<\/td>\n<td width=\"242\">BENEDITO DE SOUZA GUIMARAES JUNIOR<\/td>\n<\/tr>\n<tr>\n<td width=\"394\">PERFIL DA EQUIPE DE ENFERMAGEM DAS UNIDADES B\u00c1SICAS DE SA\u00daDE NA FRONTEIRA FRANCO BRASILEIRA<\/td>\n<td width=\"134\">13\/12\/2019<\/td>\n<td width=\"223\">ROZENIURIA NARCISO MONTEIRO<\/td>\n<td width=\"242\">FABIO RODRIGUES TRINDADE<\/td>\n<\/tr>\n<tr>\n<td width=\"394\">PERFIL DAS GESTANTES ATENDIDAS NO SERVI\u00c7O PR\u00c9-NATAL NA UNIDADE B\u00c1SICA DE SA\u00daDE DO PLANALTO, OIAPOQUE-AP<\/td>\n<td width=\"134\">13\/12\/2019<\/td>\n<td width=\"223\">LUANA PEREIRA CORR\u00caA<\/td>\n<td width=\"242\">LUISA ANTONIA CAMPOS BARROS<\/td>\n<\/tr>\n<tr>\n<td width=\"394\">PERFIL DOS PACIENTES IDOSOS INTERNADOS EM UM HOSPITAL P\u00daBLICO NO MUNIC\u00cdPIO DE OIAPOQUE-AP<\/td>\n<td width=\"134\">13\/12\/2019<\/td>\n<td width=\"223\">BENEDITA PANTOJA DA ROCHA<\/td>\n<td width=\"242\">SCHEILLA CRISTINA DA SILVA<\/td>\n<\/tr>\n<tr>\n<td width=\"394\">VALORES PRESS\u00d3RICOS E FATORES DE RISCO CARDIOVASCULAR EM SERVIDORES DO CAMPUS BINACIONAL DO OIAPOQUE-AP<\/td>\n<td width=\"134\">10\/12\/2019<\/td>\n<td width=\"223\">PAULO ROSSI DA SILVA PIMENTA<\/td>\n<td width=\"242\">VERIDIANA BARRETO DO NASCIMENTO<\/td>\n<\/tr>\n<tr>\n<td width=\"394\">EXPOSI\u00c7\u00c3O A SUBST\u00c2NCIAS GENOT\u00d3XICAS: RELA\u00c7\u00c3O DO TRABALHO NA SA\u00daDE DOS GARIS<\/td>\n<td width=\"134\">04\/12\/2019<\/td>\n<td width=\"223\">EDIV\u00c2NIA BENTO DA COSTA<\/td>\n<td width=\"242\">CARLOS MANUEL DUTOK SANCHEZ<\/td>\n<\/tr>\n<tr>\n<td width=\"394\">EXPOSI\u00c7\u00c3O AMBIENTAL EM \u00c1REA DE PONTE NO BAIRRO NOVA ESPERAN\u00c7A: UMA AVALIA\u00c7\u00c3O DA GENOTOXICIDADE NO MUNIC\u00cdPIO DE OIAPOQUE<\/td>\n<td width=\"134\">04\/12\/2019<\/td>\n<td width=\"223\">ELISANDRA BENTO DA COSTA<\/td>\n<td width=\"242\">CARLOS MANUEL DUTOK SANCHEZ<\/td>\n<\/tr>\n<tr>\n<td width=\"394\">RISCO OCUPACIONAL DE CABELEIREIROS DO MUNIC\u00cdPIO DE OIAPOQUE: AVALIA\u00c7\u00c3O GENOT\u00d3XICA EM TECIDOS EPITELIAIS<\/td>\n<td width=\"134\">04\/12\/2019<\/td>\n<td width=\"223\">GERMANA TEIXEIRA DE SOUSA<\/td>\n<td width=\"242\">CARLOS MANUEL DUTOK SANCHEZ<\/td>\n<\/tr>\n<tr>\n<td width=\"394\">ESTUDO DA GENOTOXICIDADE EM C\u00c9LULAS EPITELIAIS DE OURIVES POR EXPOSI\u00c7\u00c3O OCUPACIONAL<\/td>\n<td width=\"134\">04\/12\/2019<\/td>\n<td width=\"223\">NATHANNI QUEIROZ DOS SANTOS MARQUES<\/td>\n<td width=\"242\">CARLOS MANUEL DUTOK SANCHEZ<\/td>\n<\/tr>\n<tr>\n<td width=\"394\">SINTOMAS ANSIOSOS ENTRE ESTUDANTES DE UMA UNIVERSIDADE NA FRONTEIRA FRANCO BRASILEIRA<\/td>\n<td width=\"134\">03\/12\/2019<\/td>\n<td width=\"223\">IANNY DE ARA\u00daJO CARVALHO<\/td>\n<td width=\"242\">FERNANDA MATOS FERNANDES CASTELO BRANCO<\/td>\n<\/tr>\n<tr>\n<td width=\"394\">SINTOMAS DEPRESSIVOS EM ACAD\u00caMICOS DE UMA UNIVERSIDADE FRONTEIRI\u00c7A<\/td>\n<td width=\"134\">03\/12\/2019<\/td>\n<td width=\"223\">ROSALINA MARQUES BAIA<\/td>\n<td width=\"242\">FERNANDA MATOS FERNANDES CASTELO BRANCO<\/td>\n<\/tr>\n<tr>\n<td width=\"394\">PADR\u00c3O DO CONSUMO DE \u00c1LCOOL ENTRE MOTOTAXISTAS NA FRONTEIRA FRANCO-BRASILEIRA<\/td>\n<td width=\"134\">22\/10\/2019<\/td>\n<td width=\"223\">JHONES MOREIRA DA SILVA<\/td>\n<td width=\"242\">FERNANDA MATOS FERNANDES CASTELO BRANCO<\/td>\n<\/tr>\n<tr>\n<td width=\"394\">POTENCIALIDADES E FRAGILIDADES NO DIAGN\u00d3STICO E TRATAMENTO DO HIV\/AIDS NOMUNIC\u00cdPIO DE OIAPOQUE<\/td>\n<td width=\"134\">25\/09\/2019<\/td>\n<td width=\"223\">LEIDIANE PEREIRA DE SOUSA<\/td>\n<td width=\"242\">LISE MARIA CARVALHO MENDES<\/td>\n<\/tr>\n<tr>\n<td width=\"394\">&#8220;PERFIL E COMPET\u00caNCIA DO CUIDADOR ESCOLAR DE ALUNOS COM NECESSIDADES EDUCATIVAS ESPECIAIS NO MUNIC\u00cdPIO DE OIAPOQUE&#8221;.<\/td>\n<td width=\"134\">20\/08\/2019<\/td>\n<td width=\"223\">NORMA SOLANGE LIRA LEITE<\/td>\n<td width=\"242\">FABIO RODRIGUES TRINDADE<\/td>\n<\/tr>\n<tr>\n<td width=\"394\">SABERES E PR\u00c1TICAS DOS AGENTES COMUNIT\u00c1RIOS DE SA\u00daDE FRENTE A IST\/HIV\/AIDS NA FRONTEIRA NORTE DO BRASIL<\/td>\n<td width=\"134\">20\/08\/2019<\/td>\n<td width=\"223\">JOSIANE MONTEIRO DA SILVA<\/td>\n<td width=\"242\">VERIDIANA BARRETO DO NASCIMENTO<\/td>\n<\/tr>\n<tr>\n<td width=\"394\">&#8220;CONHECIMENTO SABERES E PR\u00c1TICAS DOS FEIRANTES DO MERCADO MUNICIPAL DE OIAPOQUE &#8211; AP ACERCA DA LEPTOSPIROSE&#8221;.<\/td>\n<td width=\"134\">12\/08\/2019<\/td>\n<td width=\"223\">EDILENE LIMA DE SOUSA<\/td>\n<td width=\"242\">VERIDIANA BARRETO DO NASCIMENTO<\/td>\n<\/tr>\n<\/tbody>\n<\/table>\n<p><strong>TCCs Defendidos em 2018<\/strong><\/p>\n<table width=\"992\">\n<tbody>\n<tr>\n<td width=\"394\"><strong>T\u00cdTULO<\/strong><\/td>\n<td width=\"134\"><strong>ANO<\/strong><\/td>\n<td width=\"223\"><strong>AUTOR<\/strong><\/td>\n<td width=\"242\"><strong>ORIENTADOR<\/strong><\/td>\n<\/tr>\n<tr>\n<td width=\"394\">&#8220;QUALIDADE DE VIDA EM IDOSOS P\u00d3S-ACIDENTE VASCULAR ENCEF\u00c1LICO&#8221;.<\/td>\n<td width=\"134\">01\/12\/2018<\/td>\n<td width=\"223\">LUCIANA SANTA ROSA LIMA<\/td>\n<td width=\"242\">FABIO RODRIGUES TRINDADE<\/td>\n<\/tr>\n<tr>\n<td width=\"394\">PRINCIPAIS FATORES QUE INFLUENCIAM NO DESMAME PRECOCE NO MUNIC\u00cdPIO DE OIAPOQUE-AP<\/td>\n<td width=\"134\">29\/11\/2018<\/td>\n<td width=\"223\">SALETE FARIAS TRINDADE<\/td>\n<td width=\"242\">LUISA ANTONIA CAMPOS BARROS<\/td>\n<\/tr>\n<tr>\n<td width=\"394\">&#8220;BOAS PR\u00c1TICAS DE PARTO E NASCIMENTO NO COME\u00c7O DO BRASIL: PERCEP\u00c7\u00c3O DE ENFERMEIROS DA FRONTEIRA FRANCO-BRASILEIRA.&#8221;<\/td>\n<td width=\"134\">29\/11\/2018<\/td>\n<td width=\"223\">ANGELINA CARMO DA SILVA<\/td>\n<td width=\"242\">RENATA SIMOES MONTEIRO<\/td>\n<\/tr>\n<tr>\n<td width=\"394\">&#8220;VIV\u00caNCIA DE PROFISSIONAIS DO SEXO DA FRONTEIRO FRANCO-BRASILEIRA: A LUZ DA HIST\u00d3RIA ORAL TEM\u00c1TICA.&#8221;<\/td>\n<td width=\"134\">23\/11\/2018<\/td>\n<td width=\"223\">KAROLAINY MICAELLY FOLGADO AGUIAR<\/td>\n<td width=\"242\">GIRZIA SAMMYA TAJRA ROCHA<\/td>\n<\/tr>\n<tr>\n<td width=\"394\">&#8220;CONHECIMENTO E PR\u00c1TICA DE MANICURES\/PEDICURES E CLIENTES SOBRE OS FATORES DE RISCO DAS HEPATITES B E C&#8221;.<\/td>\n<td width=\"134\">23\/11\/2018<\/td>\n<td width=\"223\">SAMARA STEPHANE DOS SANTOS OLIVEIRA<\/td>\n<td width=\"242\">GIRZIA SAMMYA TAJRA ROCHA<\/td>\n<\/tr>\n<tr>\n<td width=\"394\">&#8220;VIV\u00caNCIA DE PARTEIRAS TRADICIONAIS DA FRONTEIRA FRANCO-BRASILEIRA: A LUZ DA HIST\u00d3RIA ORAL TEM\u00c1TICA&#8221;.<\/td>\n<td width=\"134\">23\/11\/2018<\/td>\n<td width=\"223\">VANESSA SOIANE MACIEL DA SILVA<\/td>\n<td width=\"242\">GIRZIA SAMMYA TAJRA ROCHA<\/td>\n<\/tr>\n<tr>\n<td width=\"394\">&#8220;CONHECIMENTO E USO DE M\u00c9TODOS CONTRACEPTIVOS ENTRE ADOLESCENTE: REVIS\u00c3O INTEGRATIVA.&#8221;<\/td>\n<td width=\"134\">21\/11\/2018<\/td>\n<td width=\"223\">YURI GREGORY FERNANDES VIANA<\/td>\n<td width=\"242\">GIRZIA SAMMYA TAJRA ROCHA<\/td>\n<\/tr>\n<tr>\n<td width=\"394\">&#8220;MORTALIDADE INFANTIL DE ACORDO COM RA\u00c7A COR, COM \u00caNFASE NA SITUA\u00c7\u00c3O DOS POVOS IND\u00cdGENAS, EM OIAPOQUE-AP, ENTRE 2007 E 2016, DE ACORDO COM O SIM E SINASC.&#8221;<\/td>\n<td width=\"134\">28\/09\/2018<\/td>\n<td width=\"223\">GLECY DR\u00c9EL AGUIAR DA SILVA<\/td>\n<td width=\"242\">ANAPAULA MARTINS MENDES<\/td>\n<\/tr>\n<tr>\n<td width=\"394\">&#8220;A ATUA\u00c7\u00c3O DOS PROFISSIONAIS DA ENFERMAGEM NA ATEN\u00c7\u00c3O \u00c0 SA\u00daDE IND\u00cdGENA SOB A \u00d3TICA DA TEORIA TRANSCULTURAL&#8221;.<\/td>\n<td width=\"134\">28\/09\/2018<\/td>\n<td width=\"223\">ODAIR JOS\u00c9 DOS SANTOS JEANJACQUE<\/td>\n<td width=\"242\">ANAPAULA MARTINS MENDES<\/td>\n<\/tr>\n<tr>\n<td width=\"394\">&#8220;PREVAL\u00caNCIA DE DOR LOMBAR E FATORES ASSOCIADOS EM UMA POPULA\u00c7\u00c3O DA \u00c1REA DE FRONTEIRA NO NORTE DO BRASIL: ESTUDO DE BASE POPULACIONAL&#8221;.<\/td>\n<td width=\"134\">24\/09\/2018<\/td>\n<td width=\"223\">ADRIANE DE JESUS MAGNO DE CASTRO<\/td>\n<td width=\"242\">LUIZ ARMANDO VIDAL RAMOS<\/td>\n<\/tr>\n<tr>\n<td width=\"394\">&#8220;AVALIA\u00c7\u00c3O DAS POSS\u00cdVEIS INTERA\u00c7\u00d5ES MEDICAMENTOSAS EM PACIENTES HIPERTENSOS QUE FAZEM O USO DE PLANTAS MEDICINAIS NA FRONTEIRA FRANCO-BRASILEIRA&#8221;.<\/td>\n<td width=\"134\">24\/09\/2018<\/td>\n<td width=\"223\">NADIA BORGES LIMA<\/td>\n<td width=\"242\">RAFAEL PIRES MOREIRA<\/td>\n<\/tr>\n<tr>\n<td width=\"394\">PERFIL DOS PACIENTES TRANSFERIDOS VIA AERONAVE REMANESCENTE DO HOSPITAL ESTADUAL DE OIAPOQUE.<\/td>\n<td width=\"134\">21\/09\/2018<\/td>\n<td width=\"223\">ADELSON JOS\u00c9 LIMA RODRIGUES<\/td>\n<td width=\"242\">FABIO RODRIGUES TRINDADE<\/td>\n<\/tr>\n<tr>\n<td width=\"394\">SA\u00daDE E TRABALHO DE MOTORISTAS DE TRANSPORTE ALTERNATIVO EM OIAPOQUE\/AP<\/td>\n<td width=\"134\">21\/09\/2018<\/td>\n<td width=\"223\">ADRIANA BRAND\u00c3O RIBEIRO<\/td>\n<td width=\"242\">FERNANDA MATOS FERNANDES CASTELO BRANCO<\/td>\n<\/tr>\n<tr>\n<td width=\"394\">PADR\u00d5ES DE CONSUMO DE SUBST\u00c2NCIAS PSICOATIVAS EM MOTORISTAS DE TRANSPORTE ALTERNATIVO DE OIAPOQUE<\/td>\n<td width=\"134\">21\/09\/2018<\/td>\n<td width=\"223\">LETICIA DA SILVA MAMEDE<\/td>\n<td width=\"242\">FERNANDA MATOS FERNANDES CASTELO BRANCO<\/td>\n<\/tr>\n<tr>\n<td width=\"394\">ATEN\u00c7\u00c3O PR\u00c9 NATAL NO ESTADO DO AMAP\u00c1 : AN\u00c1LISE A PARTIR DO MONITORAMENTO SISPRENATAL NO ANO DE 2017<\/td>\n<td width=\"134\">21\/09\/2018<\/td>\n<td width=\"223\">JAIRO LOUREN\u00c7O DA SILVA FILHO<\/td>\n<td width=\"242\">LISE MARIA CARVALHO MENDES<\/td>\n<\/tr>\n<tr>\n<td width=\"394\">DISTRIBUI\u00c7\u00c3O ESPACIAL DA OCORR\u00caNCIA DE MAL\u00c1RIA EM GESTANTES, NO MUNIC\u00cdPIO DE OIAPOQUE-AP, DE 2013 A 2017.<\/td>\n<td width=\"134\">21\/09\/2018<\/td>\n<td width=\"223\">REGIANE COSTA PICAN\u00c7O LICAR<\/td>\n<td width=\"242\">LISE MARIA CARVALHO MENDES<\/td>\n<\/tr>\n<tr>\n<td width=\"394\">&#8220;AVALIA\u00c7\u00c3O DA DOR LOMBAR E CAPACIDADE FUNCIONAL EM MOTOTAXISTAS NA FRONTEIRA FRANCO BRASILEIRA&#8221;.<\/td>\n<td width=\"134\">21\/09\/2018<\/td>\n<td width=\"223\">JONATHAN DOUGLAS FERNANDES VIANA<\/td>\n<td width=\"242\">LUIZ ARMANDO VIDAL RAMOS<\/td>\n<\/tr>\n<tr>\n<td width=\"394\">&#8220;PERCEP\u00c7\u00c3O DOS ENFERMEIROS DE UM HOSPITAL P\u00daBLICO DA FRONTEIRA FRANCO-BRASILEIRA SOBRE A SISTEMATIZA\u00c7\u00c3O DA ASSIST\u00caNCIA DE ENFERMAGEM PERIOPERAT\u00d3RIA &#8211; SAEP&#8221;.<\/td>\n<td width=\"134\">21\/09\/2018<\/td>\n<td width=\"223\">JOS\u00c9 NILSON SACRAMENTO MACIEL<\/td>\n<td width=\"242\">RENATA SIMOES MONTEIRO<\/td>\n<\/tr>\n<tr>\n<td width=\"394\">&#8220;CONHECIMENTO DE AGENTES COMUNIT\u00c1RIOS DE SA\u00daDE (ACS): SOBRE SA\u00daDE P\u00daBLICA NO MUNIC\u00cdPIO DE OIAPOQUE &#8211; AP&#8221;<\/td>\n<td width=\"134\">14\/09\/2018<\/td>\n<td width=\"223\">JULIELY DA SILVA GARCIA<\/td>\n<td width=\"242\">HELUZA MONTEIRO DE OLIVEIRA<\/td>\n<\/tr>\n<tr>\n<td width=\"394\">&#8220;INCID\u00caNCIA DE CASOS DE DOEN\u00c7A DIARR\u00c9ICA AGUDA EM MENORES DE 0 A 5 ANOS DE IDADE NO HOSPITAL ESTADUAL NO MUNIC\u00cdPIO DE OIAPOQUE &#8211; AMAP\u00c1&#8221;.<\/td>\n<td width=\"134\">14\/09\/2018<\/td>\n<td width=\"223\">KENIA RICHLLI BARROS GOMES<\/td>\n<td width=\"242\">HELUZA MONTEIRO DE OLIVEIRA<\/td>\n<\/tr>\n<tr>\n<td width=\"394\">&#8220;CONDUTA AP\u00d3S ADMINISTRA\u00c7\u00c3O DE IMUNOBIOL\u00d3GICOS INTRAMUSCULARES EM CRIAN\u00c7AS MENORES DE DOIS ANOS DE IDADE.&#8221;<\/td>\n<td width=\"134\">14\/09\/2018<\/td>\n<td width=\"223\">LUCIL\u00c9IA DA SILVA BATISTA<\/td>\n<td width=\"242\">VERIDIANA BARRETO DO NASCIMENTO<\/td>\n<\/tr>\n<tr>\n<td width=\"394\">&#8220;CONHECIMENTO DE PU\u00c9RPERAS SOBRE A ASSIST\u00caNCIA PR\u00c9-NATAL NA FRONTEIRA FRANCO-BRASILEIRA&#8221;.<\/td>\n<td width=\"134\">28\/05\/2018<\/td>\n<td width=\"223\">ANA REGINA DE OLIVEIRA RIBEIRO<\/td>\n<td width=\"242\">LISE MARIA CARVALHO MENDES<\/td>\n<\/tr>\n<tr>\n<td width=\"394\">CONHECIMENTO DAS GESTANTES DA FRONTEIRA FRANCO BRASILEIRA SOBRE AS INFEC\u00c7\u00d5ES SEXUALMENTE TRANSMISS\u00cdVEIS E HIV\/AIDS.<\/td>\n<td width=\"134\">30\/01\/2018<\/td>\n<td width=\"223\">JENIFER BARBARA FERNANDES COSTA<\/td>\n<td width=\"242\">N\u00c1DIA CRISTINE COELHO EUGENIO<\/td>\n<\/tr>\n<tr>\n<td width=\"394\">EDUCA\u00c7\u00c3O EM SA\u00daDE NA PERSPECTIVA DO ENFERMEIRO DA ESTRAT\u00c9GIA SA\u00daDE DA FAM\u00cdLIA NO MUNIC\u00cdPIO DE OIAPOQUE.<\/td>\n<td width=\"134\">29\/01\/2018<\/td>\n<td width=\"223\">M\u00c1RCIA MARIA DOS SANTOS OLIVEIRA<\/td>\n<td width=\"242\">HELUZA MONTEIRO DE OLIVEIRA<\/td>\n<\/tr>\n<tr>\n<td width=\"394\">INFEC\u00c7\u00c3O DO S\u00cdTIO CIR\u00daRGICO: SABERES E PR\u00c1TICAS DO PROFISSIONAL DE ENFERMAGEM NA ASSIST\u00caNCIA HOSPITALAR<\/td>\n<td width=\"134\">29\/01\/2018<\/td>\n<td width=\"223\">ANTONIA ALBERTINA ARAUJO FERREIRA<\/td>\n<td width=\"242\">RENATA SIMOES MONTEIRO<\/td>\n<\/tr>\n<tr>\n<td width=\"394\">PERFIL EPIDEMIOL\u00d3GICO DOS CASOS NOTIFICADOS DE HIV NO MUNIC\u00cdPIO DO OIAPOQUE NO PER\u00cdODO DE 2014 A 2016.<\/td>\n<td width=\"134\">29\/01\/2018<\/td>\n<td width=\"223\">RENATA LET\u00cdCIA OLIVEIRA DA SILVA<\/td>\n<td width=\"242\">RENATA SIMOES MONTEIRO<\/td>\n<\/tr>\n<tr>\n<td width=\"394\">CONTROLE E PREVEN\u00c7\u00c3O DAS INFEC\u00c7\u00d5ES RELACIONADAS \u00c0 ASSIST\u00caNCIA \u00c0 SA\u00daDE: PERSPECTIVA DOS ENFERMEIROS DE UM HOSPITAL P\u00daBLICO DE OIAPOQUE \u2013 AP.<\/td>\n<td width=\"134\">29\/01\/2018<\/td>\n<td width=\"223\">TAMILLES ALVES DE OLIVEIRA DE ASSUN\u00c7\u00c3O<\/td>\n<td width=\"242\">RENATA SIMOES MONTEIRO<\/td>\n<\/tr>\n<tr>\n<td width=\"394\">CARACTERIZA\u00c7\u00c3O EPIDEMIOL\u00d3GICA E SOCIODEMOGR\u00c1FICA DA LEISHMANIOSE TEGUMENTAR AMERICANA NO MUNIC\u00cdPIO DE OIAPOQUE-AMAP\u00c1<\/td>\n<td width=\"134\">29\/01\/2018<\/td>\n<td width=\"223\">KATIA PANTOJA BRAND\u00c3O<\/td>\n<td width=\"242\">VERIDIANA BARRETO DO NASCIMENTO<\/td>\n<\/tr>\n<tr>\n<td width=\"394\">CLIMAT\u00c9RIO: SABERES E PR\u00c1TICAS DE UNIVERSIT\u00c1RIAS<\/td>\n<td width=\"134\">29\/01\/2018<\/td>\n<td width=\"223\">KEYLANE ARRUDA LOBATO<\/td>\n<td width=\"242\">VERIDIANA BARRETO DO NASCIMENTO<\/td>\n<\/tr>\n<tr>\n<td width=\"394\">SITUA\u00c7\u00c3O EPIDEMIOL\u00d3GICA DA FEBRE CHIKUNGUNYA NO MUNIC\u00cdPIO DE OIAPOQUE, AMAP\u00c1 ENTRE OS MESES DE JUNHO DE 2014 A AGOSTO DE 2016<\/td>\n<td width=\"134\">28\/01\/2018<\/td>\n<td width=\"223\">MARC\u00c9LIA SARGES RODRIGUES<\/td>\n<td width=\"242\">N\u00c1DIA CRISTINE COELHO EUGENIO<\/td>\n<\/tr>\n<tr>\n<td width=\"394\">PR\u00c1TICAS TRADICIONAIS DE CURA DOS POVOS KARIPUNA NO MUNIC\u00cdPIO DE OIAPOQUE: UMA PERSPECTIVA A PARTIR DO OLHAR DOS CURADORES<\/td>\n<td width=\"134\">20\/01\/2018<\/td>\n<td width=\"223\">MIDI\u00c3 FERREIRA DO ROS\u00c1RIO<\/td>\n<td width=\"242\">ANAPAULA MARTINS MENDES<\/td>\n<\/tr>\n<tr>\n<td width=\"394\">HIPERTENS\u00c3O ARTERIAL E FATORES DE RISCO NA POPULA\u00c7\u00c3O DE 30 A 60 ANOS DO SESC LER NO MUNIC\u00cdPIO DE OIAPOQUE<\/td>\n<td width=\"134\">18\/01\/2018<\/td>\n<td width=\"223\">ANILEI FACUNDES DA SILVA<\/td>\n<td width=\"242\">BENEDITO DE SOUZA GUIMARAES JUNIOR<\/td>\n<\/tr>\n<tr>\n<td width=\"394\">PERFIL DOS PACIENTES COM TUBERCULOSE NO MUNIC\u00cdPIO DE OIAPOQUE\/AP<\/td>\n<td width=\"134\">18\/01\/2018<\/td>\n<td width=\"223\">ELIZAFRAN FERREIRA RODRIGUES<\/td>\n<td width=\"242\">BENEDITO DE SOUZA GUIMARAES JUNIOR<\/td>\n<\/tr>\n<tr>\n<td width=\"394\">PERFIL SOCIODEMOGR\u00c1FICO DOS ESTUDANTES DO CURSO DE GRADUA\u00c7\u00c3O EM ENFERMAGEM DE UMA UNIVERSIDADE FEDERAL<\/td>\n<td width=\"134\">18\/01\/2018<\/td>\n<td width=\"223\">ELAINE CRISTINA GOMES DE OLIVEIRA<\/td>\n<td width=\"242\">GIRZIA SAMMYA TAJRA ROCHA<\/td>\n<\/tr>\n<tr>\n<td width=\"394\">CONHECIMENTOS E PR\u00c1TICAS DE ACAD\u00caMICAS DE ENFERMAGEM SOBRE OS M\u00c9TODOS CONTRACEPTIVOS NO MUNIC\u00cdPIO DE OIAPOQUE\/AP.<\/td>\n<td width=\"134\">18\/01\/2018<\/td>\n<td width=\"223\">QU\u00c9LITA MORAES MENDON\u00c7A<\/td>\n<td width=\"242\">GIRZIA SAMMYA TAJRA ROCHA<\/td>\n<\/tr>\n<tr>\n<td width=\"394\">GESTANTE COM FATOR RH NEGATIVO E INCOMPATIBILIDADE SANGU\u00cdNEA NO SERVI\u00c7O DE SA\u00daDE DO MUNIC\u00cdPIO DE OIAPOQUE<\/td>\n<td width=\"134\">17\/01\/2018<\/td>\n<td width=\"223\">BRUNA DA SILVA NUNES<\/td>\n<td width=\"242\">LUISA ANTONIA CAMPOS BARROS<\/td>\n<\/tr>\n<tr>\n<td width=\"394\">DIARREIA INFANTIL EM CRIAN\u00c7AS DE AT\u00c9 CINCO ANOS: O PAPEL MATERNO NA PREVEN\u00c7\u00c3O DA DOEN\u00c7A DIARREICA<\/td>\n<td width=\"134\">17\/01\/2018<\/td>\n<td width=\"223\">ELIZ\u00c2NGELA OLIVEIRA DE ALMEIDA<\/td>\n<td width=\"242\">LUISA ANTONIA CAMPOS BARROS<\/td>\n<\/tr>\n<tr>\n<td width=\"394\">PADR\u00d5ES DO CONSUMO DE \u00c1LCOOL ENTRE OS SERVIDORES DE UMA UNIVERSIDADE NA FRONTEIRA FRANCO-BRASILEIRA<\/td>\n<td width=\"134\">16\/01\/2018<\/td>\n<td width=\"223\">FRANCISCA LUANA DE SOUSA FARIAS<\/td>\n<td width=\"242\">FERNANDA MATOS FERNANDES CASTELO BRANCO<\/td>\n<\/tr>\n<tr>\n<td width=\"394\">PERCEP\u00c7\u00c3O DOS FAMILIARES DE PESSOAS COM ESQUIZOFRENIA ACERCA DA DOEN\u00c7A NO MUNIC\u00cdPIO DE OIAPOQUE<\/td>\n<td width=\"134\">16\/01\/2018<\/td>\n<td width=\"223\">JULIANA BAIA DA SILVA<\/td>\n<td width=\"242\">FERNANDA MATOS FERNANDES CASTELO BRANCO<\/td>\n<\/tr>\n<tr>\n<td width=\"394\">ATEN\u00c7\u00c3O QUALIFICADA AO PARTO: PERFIL DA EQUIPE DE ENFERMAGEM QUE ATUA NO ATENDIMENTO OBST\u00c9TRICO NA FRONTEIRA FRANCO-BRASILEIRA.<\/td>\n<td width=\"134\">16\/01\/2018<\/td>\n<td width=\"223\">MARIA DO PERPETUO SOCORRO LIMA DA SILVA<\/td>\n<td width=\"242\">LISE MARIA CARVALHO MENDES<\/td>\n<\/tr>\n<tr>\n<td width=\"394\">COMPLICA\u00c7\u00d5ES OBST\u00c9TRICAS: PRINCIPAIS OCORR\u00caNCIAS HOS\u00cdTALARES NA FAIXA DE FRONTERIA FRANCO-BRASILEIRA.<\/td>\n<td width=\"134\">16\/01\/2018<\/td>\n<td width=\"223\">ROSANGELA MARIA RODRIGUES DE BRITO<\/td>\n<td width=\"242\">LISE MARIA CARVALHO MENDES<\/td>\n<\/tr>\n<tr>\n<td width=\"394\">AN\u00c1LISE EPIDEMIOL\u00d3GICA DA DISTRIBUI\u00c7\u00c3O DA MAL\u00c1RIA ENTRE POVOS IND\u00cdGENAS, NO MUNIC\u00cdPIO DE OIAPOQUE, ENTRE OS ANOS DE 2007 A 2016, DE ACORDO COM O SIVEP\/MAL\u00c1RIA.<\/td>\n<td width=\"134\">15\/01\/2018<\/td>\n<td width=\"223\">MARILENE DA SILVA LIMA<\/td>\n<td width=\"242\">ANAPAULA MARTINS MENDES<\/td>\n<\/tr>\n<tr>\n<td width=\"394\">COMPLICA\u00c7\u00d5ES CR\u00d4NICAS DO PORTADOR DE DIABETES MELLITUS TIPO 2 EM PACIENTES CADASTRADOS NA UNIDADE B\u00c1SICA DE SA\u00daDE DO PLANALTO \u2013 OIAPOQUE\/AP<\/td>\n<td width=\"134\">15\/01\/2018<\/td>\n<td width=\"223\">LEDIANA DO NASCIMENTO SILVA<\/td>\n<td width=\"242\">BENEDITO DE SOUZA GUIMARAES JUNIOR<\/td>\n<\/tr>\n<tr>\n<td width=\"394\">S\u00cdNDROME DE BURNOUT ENTRE TRABALHADORES DE UMA UNIVERSIDADE NA FRONTEIRA FRANCO BRASILEIRA<\/td>\n<td width=\"134\">15\/01\/2018<\/td>\n<td width=\"223\">CARLOS AUGUSTO SAMPAIO CORREA<\/td>\n<td width=\"242\">FERNANDA MATOS FERNANDES CASTELO BRANCO<\/td>\n<\/tr>\n<\/tbody>\n<\/table>\n<p>&nbsp;<\/p>\n","protected":false},"excerpt":{"rendered":"<p>Neste reposit\u00f3rio voc\u00ea encontrar\u00e1 guias e modelos para a elabora\u00e7\u00e3o dos Trabalhos de Conclus\u00e3o de Curso assim como as Monografias j\u00e1 apresentadas, para acessar utilize o seguinte link: https:\/\/drive.google.com\/drive\/folders\/1MQqB0-KvSib-tzhzoqNR8HzYax4tbQ2p TCCs Defendidos em 2021 T\u00cdTULO ANO AUTOR ORIENTADOR PERCEP\u00c7\u00c3O DAS GESTANTES&hellip; <\/p>\n<p><a href=\"https:\/\/www2.unifap.br\/enfermagem-oiapoque\/repositorio\/\" class=\"readmore-button\">Continue Reading<\/a><\/p>\n","protected":false},"author":765,"featured_media":0,"parent":0,"menu_order":10,"comment_status":"closed","ping_status":"closed","template":"","meta":{"inline_featured_image":false,"ngg_post_thumbnail":0,"footnotes":""},"class_list":["post-565","page","type-page","status-publish","hentry"],"_links":{"self":[{"href":"https:\/\/www2.unifap.br\/enfermagem-oiapoque\/wp-json\/wp\/v2\/pages\/565","targetHints":{"allow":["GET"]}}],"collection":[{"href":"https:\/\/www2.unifap.br\/enfermagem-oiapoque\/wp-json\/wp\/v2\/pages"}],"about":[{"href":"https:\/\/www2.unifap.br\/enfermagem-oiapoque\/wp-json\/wp\/v2\/types\/page"}],"author":[{"embeddable":true,"href":"https:\/\/www2.unifap.br\/enfermagem-oiapoque\/wp-json\/wp\/v2\/users\/765"}],"replies":[{"embeddable":true,"href":"https:\/\/www2.unifap.br\/enfermagem-oiapoque\/wp-json\/wp\/v2\/comments?post=565"}],"version-history":[{"count":9,"href":"https:\/\/www2.unifap.br\/enfermagem-oiapoque\/wp-json\/wp\/v2\/pages\/565\/revisions"}],"predecessor-version":[{"id":939,"href":"https:\/\/www2.unifap.br\/enfermagem-oiapoque\/wp-json\/wp\/v2\/pages\/565\/revisions\/939"}],"wp:attachment":[{"href":"https:\/\/www2.unifap.br\/enfermagem-oiapoque\/wp-json\/wp\/v2\/media?parent=565"}],"curies":[{"name":"wp","href":"https:\/\/api.w.org\/{rel}","templated":true}]}}