{"id":1164,"date":"2021-01-22T00:57:37","date_gmt":"2021-01-22T00:57:37","guid":{"rendered":"http:\/\/www2.unifap.br\/enfermagem\/?page_id=1164"},"modified":"2021-01-30T14:11:30","modified_gmt":"2021-01-30T14:11:30","slug":"laboratorio-de-enfermagem-em-saude-do-adulto-e-do-idoso-lsai","status":"publish","type":"page","link":"https:\/\/www2.unifap.br\/enfermagem\/laboratorios-e-salas\/laboratorio-de-enfermagem-em-saude-do-adulto-e-do-idoso-lsai\/","title":{"rendered":"LABORAT\u00d3RIO DE ENFERMAGEM EM SA\u00daDE DO ADULTO E DO IDOSO &#8211; LSAI"},"content":{"rendered":"<p style=\"text-align: justify\">Tem como objetivo instrumentalizar o (a) acad\u00eamico (a) do curso de gradua\u00e7\u00e3o em enfermagem por meio de aulas pr\u00e1ticas, para desenvolver habilidades t\u00e9cnicas para o processo de cuidar do adulto e do idoso, cujo a finalidade se d\u00e1 para a forma\u00e7\u00e3o do profissional Enfermeiro (a) para a assist\u00eancia de enfermagem.<\/p>\n<p style=\"text-align: justify\">As aulas pr\u00e1ticas no LSAI s\u00e3o essenciais para desenvolver habilidades, caracteriza-se por procedimentos pertinentes \u00e0 pr\u00e1tica do Enfermeiro que serve como orienta\u00e7\u00e3o para o (a) acad\u00eamico (a) seguir o seu aprendizado te\u00f3rico a fim de promover o desenvolvimento da capacidade reflexiva, constru\u00e7\u00e3o de ideias e atitudes, resolu\u00e7\u00e3o de situa\u00e7\u00f5es diversas, al\u00e9m de aprimorar conhecimentos de procedimentos de enfermagem.<\/p>\n<p style=\"text-align: justify\">Respons\u00e1vel pelo laborat\u00f3rio: Prof. Walter de Souza Tavares<\/p>\n","protected":false},"excerpt":{"rendered":"<p>Tem como objetivo instrumentalizar o (a) acad\u00eamico (a) do curso de gradua\u00e7\u00e3o em enfermagem por meio de aulas pr\u00e1ticas, para desenvolver habilidades t\u00e9cnicas para o processo de cuidar do adulto e do idoso, cujo a finalidade se d\u00e1 para a forma\u00e7\u00e3o do profissional Enfermeiro (a) para a assist\u00eancia de enfermagem. \u2026 <a class=\"continue-reading-link\" href=\"https:\/\/www2.unifap.br\/enfermagem\/laboratorios-e-salas\/laboratorio-de-enfermagem-em-saude-do-adulto-e-do-idoso-lsai\/\"> Continue Lendo <span class=\"meta-nav\">&rarr; <\/span><\/a><\/p>\n","protected":false},"author":3847,"featured_media":0,"parent":1159,"menu_order":0,"comment_status":"closed","ping_status":"closed","template":"","meta":{"inline_featured_image":false,"ngg_post_thumbnail":0,"footnotes":""},"class_list":["post-1164","page","type-page","status-publish","hentry"],"_links":{"self":[{"href":"https:\/\/www2.unifap.br\/enfermagem\/wp-json\/wp\/v2\/pages\/1164","targetHints":{"allow":["GET"]}}],"collection":[{"href":"https:\/\/www2.unifap.br\/enfermagem\/wp-json\/wp\/v2\/pages"}],"about":[{"href":"https:\/\/www2.unifap.br\/enfermagem\/wp-json\/wp\/v2\/types\/page"}],"author":[{"embeddable":true,"href":"https:\/\/www2.unifap.br\/enfermagem\/wp-json\/wp\/v2\/users\/3847"}],"replies":[{"embeddable":true,"href":"https:\/\/www2.unifap.br\/enfermagem\/wp-json\/wp\/v2\/comments?post=1164"}],"version-history":[{"count":6,"href":"https:\/\/www2.unifap.br\/enfermagem\/wp-json\/wp\/v2\/pages\/1164\/revisions"}],"predecessor-version":[{"id":1224,"href":"https:\/\/www2.unifap.br\/enfermagem\/wp-json\/wp\/v2\/pages\/1164\/revisions\/1224"}],"up":[{"embeddable":true,"href":"https:\/\/www2.unifap.br\/enfermagem\/wp-json\/wp\/v2\/pages\/1159"}],"wp:attachment":[{"href":"https:\/\/www2.unifap.br\/enfermagem\/wp-json\/wp\/v2\/media?parent=1164"}],"curies":[{"name":"wp","href":"https:\/\/api.w.org\/{rel}","templated":true}]}}