{"id":1182,"date":"2021-01-22T02:56:28","date_gmt":"2021-01-22T02:56:28","guid":{"rendered":"http:\/\/www2.unifap.br\/enfermagem\/?page_id=1182"},"modified":"2021-01-30T14:12:20","modified_gmt":"2021-01-30T14:12:20","slug":"laboratorio-de-praticas-de-saude-lapras","status":"publish","type":"page","link":"https:\/\/www2.unifap.br\/enfermagem\/laboratorios-e-salas\/laboratorio-de-praticas-de-saude-lapras\/","title":{"rendered":"LABORAT\u00d3RIO DE PR\u00c1TICAS DE SA\u00daDE &#8211; LAPRAS"},"content":{"rendered":"<p style=\"text-align: justify\">Com o objetivo de realizar atividades que envolvam o ensino, pesquisa e extens\u00e3o na \u00e1rea da sa\u00fade articulando a gradua\u00e7\u00e3o e a p\u00f3s-gradua\u00e7\u00e3o. Estabelece como miss\u00e3o integrar os estudos na \u00e1rea da sa\u00fade com foco no trip\u00e9 ensino\/pesquisa\/extens\u00e3o, e na transdisciplinaridade, gerando tecnologias na \u00e1rea da sa\u00fade. Dessa forma possui as atribui\u00e7\u00f5es formais de: desenvolver pesquisas e tecnologias na \u00e1rea da sa\u00fade; subsidiar as atividades de extens\u00e3o; promover o ensino de gradua\u00e7\u00e3o e p\u00f3s gradua\u00e7\u00e3o de forma individualizada.<\/p>\n<p style=\"text-align: justify\">O laborat\u00f3rio d\u00e1 suporte ainda para as aulas pr\u00e1ticas de Imunologia com a utiliza\u00e7\u00e3o de tecnologias em sa\u00fade de bio e neuromodula\u00e7\u00e3o radioel\u00e9trica e biorresson\u00e2ncia, al\u00e9m de estudos pr\u00e1ticos da vis\u00e3o nas aulas de fisiologia.<\/p>\n<p style=\"text-align: justify\">Respons\u00e1veis: Ana Rita Pinheiro Barcessat e Maria Izabel Tentes C\u00f4rtes<\/p>\n","protected":false},"excerpt":{"rendered":"<p>Com o objetivo de realizar atividades que envolvam o ensino, pesquisa e extens\u00e3o na \u00e1rea da sa\u00fade articulando a gradua\u00e7\u00e3o e a p\u00f3s-gradua\u00e7\u00e3o. Estabelece como miss\u00e3o integrar os estudos na \u00e1rea da sa\u00fade com foco no trip\u00e9 ensino\/pesquisa\/extens\u00e3o, e na transdisciplinaridade, gerando tecnologias na \u00e1rea da sa\u00fade. Dessa forma possui \u2026 <a class=\"continue-reading-link\" href=\"https:\/\/www2.unifap.br\/enfermagem\/laboratorios-e-salas\/laboratorio-de-praticas-de-saude-lapras\/\"> Continue Lendo <span class=\"meta-nav\">&rarr; <\/span><\/a><\/p>\n","protected":false},"author":3847,"featured_media":0,"parent":1159,"menu_order":0,"comment_status":"closed","ping_status":"closed","template":"","meta":{"inline_featured_image":false,"ngg_post_thumbnail":0,"footnotes":""},"class_list":["post-1182","page","type-page","status-publish","hentry"],"_links":{"self":[{"href":"https:\/\/www2.unifap.br\/enfermagem\/wp-json\/wp\/v2\/pages\/1182","targetHints":{"allow":["GET"]}}],"collection":[{"href":"https:\/\/www2.unifap.br\/enfermagem\/wp-json\/wp\/v2\/pages"}],"about":[{"href":"https:\/\/www2.unifap.br\/enfermagem\/wp-json\/wp\/v2\/types\/page"}],"author":[{"embeddable":true,"href":"https:\/\/www2.unifap.br\/enfermagem\/wp-json\/wp\/v2\/users\/3847"}],"replies":[{"embeddable":true,"href":"https:\/\/www2.unifap.br\/enfermagem\/wp-json\/wp\/v2\/comments?post=1182"}],"version-history":[{"count":5,"href":"https:\/\/www2.unifap.br\/enfermagem\/wp-json\/wp\/v2\/pages\/1182\/revisions"}],"predecessor-version":[{"id":1226,"href":"https:\/\/www2.unifap.br\/enfermagem\/wp-json\/wp\/v2\/pages\/1182\/revisions\/1226"}],"up":[{"embeddable":true,"href":"https:\/\/www2.unifap.br\/enfermagem\/wp-json\/wp\/v2\/pages\/1159"}],"wp:attachment":[{"href":"https:\/\/www2.unifap.br\/enfermagem\/wp-json\/wp\/v2\/media?parent=1182"}],"curies":[{"name":"wp","href":"https:\/\/api.w.org\/{rel}","templated":true}]}}