{"id":2063,"date":"2022-02-01T18:25:30","date_gmt":"2022-02-01T18:25:30","guid":{"rendered":"http:\/\/www2.unifap.br\/enfermagem\/?page_id=2063"},"modified":"2022-07-15T15:55:36","modified_gmt":"2022-07-15T15:55:36","slug":"mencao-honrosa","status":"publish","type":"page","link":"https:\/\/www2.unifap.br\/enfermagem\/ambienteacademico\/mencao-honrosa\/","title":{"rendered":"Men\u00e7\u00e3o honrosa e outras premia\u00e7\u00f5es"},"content":{"rendered":"<h6><strong>Transla\u00e7\u00e3o do conhecimento baseado em evid\u00eancias cient\u00edficas para melhorar a pr\u00e1tica cl\u00ednica de obstetras<\/strong><\/h6>\n<h6><strong><a href=\"http:\/\/www2.unifap.br\/enfermagem\/files\/2022\/06\/Translacao.png\"><img fetchpriority=\"high\" decoding=\"async\" class=\"alignnone wp-image-2650\" src=\"http:\/\/www2.unifap.br\/enfermagem\/files\/2022\/06\/Translacao.png\" alt=\"\" width=\"323\" height=\"182\"><\/a><\/strong><\/h6>\n<h6><strong>Tecnologia cuidativo-educativa nas consultas de enfermagem de pessoas com diabetes mellitus na pandemia de COVID-19<\/strong><\/h6>\n<h6><strong><a href=\"http:\/\/www2.unifap.br\/enfermagem\/files\/2022\/06\/Tecnologia.png\"><img decoding=\"async\" class=\"alignnone wp-image-2649\" src=\"http:\/\/www2.unifap.br\/enfermagem\/files\/2022\/06\/Tecnologia.png\" alt=\"\" width=\"326\" height=\"184\"><\/a><\/strong><\/h6>\n<h6><strong>Enfermeira residente trans em uma equipe multiprofissional de sa\u00fade: relato de experi\u00eancia<\/strong><\/h6>\n<h5><a href=\"http:\/\/www2.unifap.br\/enfermagem\/files\/2022\/06\/Trans.png\"><img decoding=\"async\" class=\"alignnone wp-image-2647\" src=\"http:\/\/www2.unifap.br\/enfermagem\/files\/2022\/06\/Trans.png\" alt=\"\" width=\"327\" height=\"184\"><\/a><\/h5>\n<h6>Sobrecarga de trabalho dos familiares cuidadores de crian\u00e7as com autismo<\/h6>\n<h5><a href=\"http:\/\/www2.unifap.br\/enfermagem\/files\/2022\/03\/Sobrecarga-de-trabalho-dos-familiares-cuidadores-de-crian\u00e7as-com-autismo.png\"><img loading=\"lazy\" decoding=\"async\" class=\"alignnone size-medium wp-image-2191\" src=\"http:\/\/www2.unifap.br\/enfermagem\/files\/2022\/03\/Sobrecarga-de-trabalho-dos-familiares-cuidadores-de-crian\u00e7as-com-autismo-300x211.png\" alt=\"\" width=\"300\" height=\"211\" srcset=\"https:\/\/www2.unifap.br\/enfermagem\/files\/2022\/03\/Sobrecarga-de-trabalho-dos-familiares-cuidadores-de-crian\u00e7as-com-autismo-300x211.png 300w, https:\/\/www2.unifap.br\/enfermagem\/files\/2022\/03\/Sobrecarga-de-trabalho-dos-familiares-cuidadores-de-crian\u00e7as-com-autismo-768x541.png 768w, https:\/\/www2.unifap.br\/enfermagem\/files\/2022\/03\/Sobrecarga-de-trabalho-dos-familiares-cuidadores-de-crian\u00e7as-com-autismo-250x175.png 250w, https:\/\/www2.unifap.br\/enfermagem\/files\/2022\/03\/Sobrecarga-de-trabalho-dos-familiares-cuidadores-de-crian\u00e7as-com-autismo.png 1023w\" sizes=\"(max-width: 300px) 100vw, 300px\" \/><\/a><\/h5>\n<h6>Pr\u00e1ticas populares em sa\u00fade e o cuidado no primeiro trimestre da gravidez: um relato de experi\u00eancia<\/h6>\n<h5><a href=\"http:\/\/www2.unifap.br\/enfermagem\/files\/2022\/02\/Men\u00e7\u00e3o-honrosa-NELY.png\"><img loading=\"lazy\" decoding=\"async\" class=\"alignnone size-medium wp-image-2065\" src=\"http:\/\/www2.unifap.br\/enfermagem\/files\/2022\/02\/Men\u00e7\u00e3o-honrosa-NELY-300x212.png\" alt=\"\" width=\"300\" height=\"212\" srcset=\"https:\/\/www2.unifap.br\/enfermagem\/files\/2022\/02\/Men\u00e7\u00e3o-honrosa-NELY-300x212.png 300w, https:\/\/www2.unifap.br\/enfermagem\/files\/2022\/02\/Men\u00e7\u00e3o-honrosa-NELY-768x542.png 768w, https:\/\/www2.unifap.br\/enfermagem\/files\/2022\/02\/Men\u00e7\u00e3o-honrosa-NELY.png 1021w\" sizes=\"(max-width: 300px) 100vw, 300px\" \/><\/a><\/h5>\n","protected":false},"excerpt":{"rendered":"<p>Transla\u00e7\u00e3o do conhecimento baseado em evid\u00eancias cient\u00edficas para melhorar a pr\u00e1tica cl\u00ednica de obstetras Tecnologia cuidativo-educativa nas consultas de enfermagem de pessoas com diabetes mellitus na pandemia de COVID-19 Enfermeira residente trans em uma equipe multiprofissional de sa\u00fade: relato de experi\u00eancia Sobrecarga de trabalho dos familiares cuidadores de crian\u00e7as com \u2026 <a class=\"continue-reading-link\" href=\"https:\/\/www2.unifap.br\/enfermagem\/ambienteacademico\/mencao-honrosa\/\"> Continue Lendo <span class=\"meta-nav\">&rarr; <\/span><\/a><\/p>\n","protected":false},"author":3927,"featured_media":0,"parent":91,"menu_order":0,"comment_status":"closed","ping_status":"closed","template":"","meta":{"inline_featured_image":false,"ngg_post_thumbnail":0,"footnotes":""},"class_list":["post-2063","page","type-page","status-publish","hentry"],"_links":{"self":[{"href":"https:\/\/www2.unifap.br\/enfermagem\/wp-json\/wp\/v2\/pages\/2063","targetHints":{"allow":["GET"]}}],"collection":[{"href":"https:\/\/www2.unifap.br\/enfermagem\/wp-json\/wp\/v2\/pages"}],"about":[{"href":"https:\/\/www2.unifap.br\/enfermagem\/wp-json\/wp\/v2\/types\/page"}],"author":[{"embeddable":true,"href":"https:\/\/www2.unifap.br\/enfermagem\/wp-json\/wp\/v2\/users\/3927"}],"replies":[{"embeddable":true,"href":"https:\/\/www2.unifap.br\/enfermagem\/wp-json\/wp\/v2\/comments?post=2063"}],"version-history":[{"count":6,"href":"https:\/\/www2.unifap.br\/enfermagem\/wp-json\/wp\/v2\/pages\/2063\/revisions"}],"predecessor-version":[{"id":2683,"href":"https:\/\/www2.unifap.br\/enfermagem\/wp-json\/wp\/v2\/pages\/2063\/revisions\/2683"}],"up":[{"embeddable":true,"href":"https:\/\/www2.unifap.br\/enfermagem\/wp-json\/wp\/v2\/pages\/91"}],"wp:attachment":[{"href":"https:\/\/www2.unifap.br\/enfermagem\/wp-json\/wp\/v2\/media?parent=2063"}],"curies":[{"name":"wp","href":"https:\/\/api.w.org\/{rel}","templated":true}]}}