{"id":1618,"date":"2023-05-17T18:25:08","date_gmt":"2023-05-17T18:25:08","guid":{"rendered":"https:\/\/www2.unifap.br\/engcivil\/?page_id=1618"},"modified":"2023-05-17T18:53:48","modified_gmt":"2023-05-17T18:53:48","slug":"projetos-2","status":"publish","type":"page","link":"https:\/\/www2.unifap.br\/engcivil\/projetos-2\/","title":{"rendered":"Projeto Arquitet\u00f4nico"},"content":{"rendered":"\t\t<div data-elementor-type=\"wp-page\" data-elementor-id=\"1618\" class=\"elementor elementor-1618\">\n\t\t\t\t\t\t<section class=\"elementor-section elementor-top-section elementor-element elementor-element-93cbbe7 elementor-section-boxed elementor-section-height-default elementor-section-height-default\" data-id=\"93cbbe7\" data-element_type=\"section\" data-e-type=\"section\" data-settings=\"{&quot;background_background&quot;:&quot;gradient&quot;}\">\n\t\t\t\t\t\t\t<div class=\"elementor-background-overlay\"><\/div>\n\t\t\t\t\t\t\t<div class=\"elementor-container elementor-column-gap-no\">\n\t\t\t\t\t<div class=\"elementor-column elementor-col-100 elementor-top-column elementor-element elementor-element-c4623ef\" data-id=\"c4623ef\" data-element_type=\"column\" data-e-type=\"column\">\n\t\t\t<div class=\"elementor-widget-wrap elementor-element-populated\">\n\t\t\t\t\t\t<div class=\"elementor-element elementor-element-3e78a2d elementor-widget elementor-widget-heading\" data-id=\"3e78a2d\" data-element_type=\"widget\" data-e-type=\"widget\" data-widget_type=\"heading.default\">\n\t\t\t\t<div class=\"elementor-widget-container\">\n\t\t\t\t\t<h1 class=\"elementor-heading-title elementor-size-default\">PROJETOS DE ENGENHARIA PARA O<\/h1>\t\t\t\t<\/div>\n\t\t\t\t<\/div>\n\t\t\t\t<div class=\"elementor-element elementor-element-c8f9f86 elementor-widget elementor-widget-heading\" data-id=\"c8f9f86\" data-element_type=\"widget\" data-e-type=\"widget\" data-widget_type=\"heading.default\">\n\t\t\t\t<div class=\"elementor-widget-container\">\n\t\t\t\t\t<h2 class=\"elementor-heading-title elementor-size-default\">NOVO TJAP<\/h2>\t\t\t\t<\/div>\n\t\t\t\t<\/div>\n\t\t\t\t<div class=\"elementor-element elementor-element-716a7f0 elementor-widget elementor-widget-heading\" data-id=\"716a7f0\" data-element_type=\"widget\" data-e-type=\"widget\" data-widget_type=\"heading.default\">\n\t\t\t\t<div class=\"elementor-widget-container\">\n\t\t\t\t\t<h6 class=\"elementor-heading-title elementor-size-default\">Elabora\u00e7\u00e3o de projetos b\u00e1sicos e executivos de engenharia para o novo pr\u00e9dio do Tribunal da Justi\u00e7a do Estado do Amap\u00e1 (TJAP) em parceria a Universidade Federal do Amap\u00e1 (UNIFAP).<\/h6>\t\t\t\t<\/div>\n\t\t\t\t<\/div>\n\t\t\t\t\t<\/div>\n\t\t<\/div>\n\t\t\t\t\t<\/div>\n\t\t<\/section>\n\t\t\t\t<section class=\"elementor-section elementor-top-section elementor-element elementor-element-88559ed elementor-section-boxed elementor-section-height-default elementor-section-height-default\" data-id=\"88559ed\" data-element_type=\"section\" data-e-type=\"section\">\n\t\t\t\t\t\t<div class=\"elementor-container elementor-column-gap-default\">\n\t\t\t\t\t<div class=\"elementor-column elementor-col-100 elementor-top-column elementor-element elementor-element-0c2cff3\" data-id=\"0c2cff3\" data-element_type=\"column\" data-e-type=\"column\">\n\t\t\t<div class=\"elementor-widget-wrap elementor-element-populated\">\n\t\t\t\t\t\t<div class=\"elementor-element elementor-element-291ece5 elementor-widget elementor-widget-heading\" data-id=\"291ece5\" data-element_type=\"widget\" data-e-type=\"widget\" data-widget_type=\"heading.default\">\n\t\t\t\t<div class=\"elementor-widget-container\">\n\t\t\t\t\t<h2 class=\"elementor-heading-title elementor-size-default\"><h2 data-elementor-setting-key=\"title\" data-pen-placeholder=\"Digite aqui...\" style=\"font-family: Roboto, sans-serif;font-style: normal;font-weight: 600\"><div style=\"text-align: center\"><span style=\"font-family: var( --e-global-typography-primary-font-family ), Sans-serif;font-weight: var( --e-global-typography-primary-font-weight );font-size: 37px\"><font color=\"#064ba8\">Projeto Arquitet\u00f4nico<\/font><\/span><span style=\"color: var( --e-global-color-primary );font-size: 20px;font-family: var( --e-global-typography-primary-font-family ), Sans-serif;font-weight: var( --e-global-typography-primary-font-weight )\"><\/span><\/div><\/h2><\/h2>\t\t\t\t<\/div>\n\t\t\t\t<\/div>\n\t\t\t\t\t<\/div>\n\t\t<\/div>\n\t\t\t\t\t<\/div>\n\t\t<\/section>\n\t\t\t\t<section class=\"elementor-section elementor-top-section elementor-element elementor-element-beefe99 elementor-section-boxed elementor-section-height-default elementor-section-height-default\" data-id=\"beefe99\" data-element_type=\"section\" data-e-type=\"section\">\n\t\t\t\t\t\t<div class=\"elementor-container elementor-column-gap-default\">\n\t\t\t\t\t<div class=\"elementor-column elementor-col-100 elementor-top-column elementor-element elementor-element-2c5d0ff\" data-id=\"2c5d0ff\" data-element_type=\"column\" data-e-type=\"column\">\n\t\t\t<div class=\"elementor-widget-wrap elementor-element-populated\">\n\t\t\t\t\t\t<div class=\"elementor-element elementor-element-d01ae43 elementor-widget elementor-widget-text-editor\" data-id=\"d01ae43\" data-element_type=\"widget\" data-e-type=\"widget\" data-widget_type=\"text-editor.default\">\n\t\t\t\t<div class=\"elementor-widget-container\">\n\t\t\t\t\t\t\t\t\t<p><a href=\"http:\/\/www2.unifap.br\/engcivil\/files\/2023\/05\/01-PLANTA-BAIXA-TERREO.pdf\">01 PLANTA BAIXA &#8211; T\u00c9RREO<\/a><\/p><p><a href=\"http:\/\/www2.unifap.br\/engcivil\/files\/2023\/05\/02-PLANTA-BAIXA-1o-PAV-PLENARIOS.pdf\">02 PLANTA BAIXA &#8211; 1\u00ba PAV &#8211; PLEN\u00c1RIOS<\/a><\/p><p><a href=\"http:\/\/www2.unifap.br\/engcivil\/files\/2023\/05\/03-PLANTA-BAIXA-2o-E-3o-PAV-TIPO-DESEMBARGADORES.pdf\">03 &#8211; PLANTA BAIXA &#8211; 2\u00ba E 3\u00ba (PAV TIPO) &#8211; DESEMBARGADORES<\/a><\/p><p><a href=\"http:\/\/www2.unifap.br\/engcivil\/files\/2023\/05\/04-PLANTA-BAIXA-4o-PAV-PRESIDENCIA.pdf\">04 &#8211; PLANTA BAIXA &#8211; 4\u00ba PAV &#8211; PRESID\u00caNCIA<\/a><\/p><p><a href=\"http:\/\/www2.unifap.br\/engcivil\/files\/2023\/05\/05-PLANTA-BAIXA-5o-PAV-TERRACO.pdf\">05 &#8211; PLANTA BAIXA &#8211; 5\u00ba PAV &#8211; TERRA\u00c7O<\/a><\/p><p><a href=\"http:\/\/www2.unifap.br\/engcivil\/files\/2023\/05\/06-PLANTA-DE-COBERTURA.pdf\">06 &#8211; PLANTA DE COBERTURA<\/a><\/p><p><a href=\"http:\/\/www2.unifap.br\/engcivil\/files\/2023\/05\/07-CORTE-A.pdf\">07 &#8211; CORTE A<\/a><\/p><p><a href=\"http:\/\/www2.unifap.br\/engcivil\/files\/2023\/05\/08-CORTE-B.pdf\">08 &#8211; CORTE B<\/a><\/p><p><a href=\"http:\/\/www2.unifap.br\/engcivil\/files\/2023\/05\/09-FACHADAS-1-E-2.pdf\">09 &#8211; FACHADAS 1 E 2<\/a><\/p><p><a href=\"http:\/\/www2.unifap.br\/engcivil\/files\/2023\/05\/10-FACHADAS-3-E-4.pdf\">10 &#8211; FACHADAS 3 E 4<\/a><\/p><p><a href=\"http:\/\/www2.unifap.br\/engcivil\/files\/2023\/05\/11-PLANTA-DE-IMPLANTACAO-SITUACAO-MAPA.pdf\">11 &#8211; PLANTA DE IMPLANTA\u00c7\u00c3O-SITUA\u00c7\u00c3O-MAPA<\/a><\/p>\t\t\t\t\t\t\t\t<\/div>\n\t\t\t\t<\/div>\n\t\t\t\t\t<\/div>\n\t\t<\/div>\n\t\t\t\t\t<\/div>\n\t\t<\/section>\n\t\t\t\t<section class=\"elementor-section elementor-top-section elementor-element elementor-element-3c35e90d elementor-section-boxed elementor-section-height-default elementor-section-height-default\" data-id=\"3c35e90d\" data-element_type=\"section\" data-e-type=\"section\" data-settings=\"{&quot;background_background&quot;:&quot;classic&quot;}\">\n\t\t\t\t\t\t\t<div class=\"elementor-background-overlay\"><\/div>\n\t\t\t\t\t\t\t<div class=\"elementor-container elementor-column-gap-no\">\n\t\t\t\t\t<div class=\"elementor-column elementor-col-100 elementor-top-column elementor-element elementor-element-719a6aea\" data-id=\"719a6aea\" data-element_type=\"column\" data-e-type=\"column\">\n\t\t\t<div class=\"elementor-widget-wrap\">\n\t\t\t\t\t\t\t<\/div>\n\t\t<\/div>\n\t\t\t\t\t<\/div>\n\t\t<\/section>\n\t\t\t\t<\/div>\n\t\t","protected":false},"excerpt":{"rendered":"<p>PROJETOS DE ENGENHARIA PARA O NOVO TJAP Elabora\u00e7\u00e3o de projetos b\u00e1sicos e executivos de engenharia para o novo pr\u00e9dio do Tribunal da Justi\u00e7a do Estado do Amap\u00e1 (TJAP) em parceria a Universidade Federal do Amap\u00e1 (UNIFAP). Projeto Arquitet\u00f4nico 01 PLANTA BAIXA &#8211; T\u00c9RREO 02 PLANTA BAIXA &#8211; 1\u00ba PAV &#8211; PLEN\u00c1RIOS 03 &#8211; PLANTA BAIXA&#8230;<\/p>\n","protected":false},"author":3905,"featured_media":0,"parent":0,"menu_order":0,"comment_status":"closed","ping_status":"closed","template":"elementor_header_footer","meta":{"inline_featured_image":false,"ngg_post_thumbnail":0,"footnotes":""},"class_list":["post-1618","page","type-page","status-publish","hentry","entry"],"_links":{"self":[{"href":"https:\/\/www2.unifap.br\/engcivil\/wp-json\/wp\/v2\/pages\/1618","targetHints":{"allow":["GET"]}}],"collection":[{"href":"https:\/\/www2.unifap.br\/engcivil\/wp-json\/wp\/v2\/pages"}],"about":[{"href":"https:\/\/www2.unifap.br\/engcivil\/wp-json\/wp\/v2\/types\/page"}],"author":[{"embeddable":true,"href":"https:\/\/www2.unifap.br\/engcivil\/wp-json\/wp\/v2\/users\/3905"}],"replies":[{"embeddable":true,"href":"https:\/\/www2.unifap.br\/engcivil\/wp-json\/wp\/v2\/comments?post=1618"}],"version-history":[{"count":13,"href":"https:\/\/www2.unifap.br\/engcivil\/wp-json\/wp\/v2\/pages\/1618\/revisions"}],"predecessor-version":[{"id":1663,"href":"https:\/\/www2.unifap.br\/engcivil\/wp-json\/wp\/v2\/pages\/1618\/revisions\/1663"}],"wp:attachment":[{"href":"https:\/\/www2.unifap.br\/engcivil\/wp-json\/wp\/v2\/media?parent=1618"}],"curies":[{"name":"wp","href":"https:\/\/api.w.org\/{rel}","templated":true}]}}