{"id":2797,"date":"2024-09-18T21:04:43","date_gmt":"2024-09-18T21:04:43","guid":{"rendered":"https:\/\/www2.unifap.br\/engcivil\/?page_id=2797"},"modified":"2026-02-03T14:35:38","modified_gmt":"2026-02-03T14:35:38","slug":"pagina-em-construcao","status":"publish","type":"page","link":"https:\/\/www2.unifap.br\/engcivil\/pagina-em-construcao\/","title":{"rendered":"TCC"},"content":{"rendered":"<p><a href=\"https:\/\/www.facebook.com\/engenhariacivilunifap\/\" target=\"_blank\" rel=\"noopener\"><br \/>\nFacebook<br \/>\n<\/a><br \/>\n<a href=\"https:\/\/www.instagram.com\/engcivilunifap\/\" target=\"_blank\" rel=\"noopener\"><br \/>\nInstagram<br \/>\n<\/a><br \/>\n<a href=\"mailto:engcivil@unifap.br\" target=\"_blank\" rel=\"noopener\"><br \/>\nEnvelope<br \/>\n<\/a><br \/>\n<a href=\"tel:9633121780\" target=\"_blank\" rel=\"noopener\"><br \/>\nPhone-alt<br \/>\n<\/a><br \/>\n<img decoding=\"async\" src=\"http:\/\/www2.unifap.br\/engcivil\/files\/2021\/01\/LOGO_ENGENHARIA_CIVIL_2021-150x150.png\" alt=\"\" width=\"150\" height=\"150\"><\/p>\n<h1>P\u00e1gina&nbsp;em constru\u00e7\u00e3o<\/h1>\n<p>Em breve uma nova p\u00e1gina dedicada ao curso de Engenharia Civil da Universidade Federal do Amap\u00e1<\/p>\n","protected":false},"excerpt":{"rendered":"<p>Facebook Instagram Envelope Phone-alt P\u00e1gina&nbsp;em constru\u00e7\u00e3o Em breve uma nova p\u00e1gina dedicada ao curso de Engenharia Civil da Universidade Federal do Amap\u00e1<\/p>\n","protected":false},"author":3950,"featured_media":0,"parent":0,"menu_order":0,"comment_status":"closed","ping_status":"closed","template":"","meta":{"inline_featured_image":false,"ngg_post_thumbnail":0,"footnotes":""},"class_list":["post-2797","page","type-page","status-publish","hentry","entry"],"_links":{"self":[{"href":"https:\/\/www2.unifap.br\/engcivil\/wp-json\/wp\/v2\/pages\/2797","targetHints":{"allow":["GET"]}}],"collection":[{"href":"https:\/\/www2.unifap.br\/engcivil\/wp-json\/wp\/v2\/pages"}],"about":[{"href":"https:\/\/www2.unifap.br\/engcivil\/wp-json\/wp\/v2\/types\/page"}],"author":[{"embeddable":true,"href":"https:\/\/www2.unifap.br\/engcivil\/wp-json\/wp\/v2\/users\/3950"}],"replies":[{"embeddable":true,"href":"https:\/\/www2.unifap.br\/engcivil\/wp-json\/wp\/v2\/comments?post=2797"}],"version-history":[{"count":9,"href":"https:\/\/www2.unifap.br\/engcivil\/wp-json\/wp\/v2\/pages\/2797\/revisions"}],"predecessor-version":[{"id":3158,"href":"https:\/\/www2.unifap.br\/engcivil\/wp-json\/wp\/v2\/pages\/2797\/revisions\/3158"}],"wp:attachment":[{"href":"https:\/\/www2.unifap.br\/engcivil\/wp-json\/wp\/v2\/media?parent=2797"}],"curies":[{"name":"wp","href":"https:\/\/api.w.org\/{rel}","templated":true}]}}