{"id":144,"date":"2018-05-08T16:59:10","date_gmt":"2018-05-08T16:59:10","guid":{"rendered":"http:\/\/www2.unifap.br\/espefis\/?page_id=144"},"modified":"2018-06-07T18:30:45","modified_gmt":"2018-06-07T18:30:45","slug":"processo-seletivo-disciplinas-isoladas-2018-2","status":"publish","type":"page","link":"https:\/\/www2.unifap.br\/espefis\/processo-seletivo\/processo-seletivo-disciplinas-isoladas-2018-2\/","title":{"rendered":"Processo seletivo disciplinas Isoladas-2018.2"},"content":{"rendered":"<p>08\/05\/2018-\u00a0<a href=\"http:\/\/www2.unifap.br\/espefis\/files\/2018\/05\/Edital-Especializa\u00e7\u00e3o-em-Ensino-de-F\u00edsica_Especial_2018.2.pdf\">Edital Especializa\u00e7\u00e3o em Ensino de F\u00edsica_Especial_2018.2<\/a>\u00a0(Baixe Aqui!)<\/p>\n<p>22\/05\/2018 a 31\/05\/2018- <strong>Inscri\u00e7\u00f5es\u00a0<\/strong>(Encerradas)<\/p>\n<p>23\/05\/2018-\u00a0<a href=\"http:\/\/www2.unifap.br\/espefis\/files\/2018\/05\/Retifica\u00e7\u00e3o001_-Edital-002_2018-ESPEFIS1.pdf\">Retifica\u00e7\u00e3o001_ Edital 002_2018-ESPEFIS<\/a>(Baixe Aqui!)<\/p>\n<p>02\/06\/2018-\u00a0<a href=\"http:\/\/www2.unifap.br\/espefis\/files\/2018\/05\/Homologa\u00e7\u00e3o-das-Inscri\u00e7\u00f5es.pdf\">Homologa\u00e7\u00e3o das Inscri\u00e7\u00f5es<\/a>\u00a0(Baixe Aqui!)<\/p>\n<p>04\/06\/2018-<a href=\"http:\/\/www2.unifap.br\/espefis\/files\/2018\/05\/RESULTADO-FINAL-EDITAL-N\u00ba-002CCEEF-2018.pdf\">RESULTADO PRELIMINAR EDITAL N\u00ba 002CCEEF 2018<\/a>\u00a0(Baixe Aqui!)<\/p>\n<p>07\/06\/2018-\u00a0<a href=\"http:\/\/www2.unifap.br\/espefis\/files\/2018\/05\/RESULTADO-FINAL-EDITAL-N\u00ba-002-CCEEF-2018.pdf\">RESULTADO FINAL EDITAL N\u00ba 002 CCEEF 2018<\/a>\u00a0(Baixe Aqui!)<\/p>\n","protected":false},"excerpt":{"rendered":"<p>08\/05\/2018-\u00a0Edital Especializa\u00e7\u00e3o em Ensino de F\u00edsica_Especial_2018.2\u00a0(Baixe Aqui!) 22\/05\/2018 a 31\/05\/2018- Inscri\u00e7\u00f5es\u00a0(Encerradas) 23\/05\/2018-\u00a0Retifica\u00e7\u00e3o001_ Edital 002_2018-ESPEFIS(Baixe Aqui!) 02\/06\/2018-\u00a0Homologa\u00e7\u00e3o das Inscri\u00e7\u00f5es\u00a0(Baixe Aqui!) 04\/06\/2018-RESULTADO PRELIMINAR EDITAL N\u00ba 002CCEEF 2018\u00a0(Baixe Aqui!) 07\/06\/2018-\u00a0RESULTADO FINAL EDITAL N\u00ba 002 CCEEF 2018\u00a0(Baixe Aqui!)<\/p>\n","protected":false},"author":344,"featured_media":0,"parent":26,"menu_order":0,"comment_status":"open","ping_status":"open","template":"","meta":{"inline_featured_image":false,"ngg_post_thumbnail":0,"footnotes":""},"class_list":["post-144","page","type-page","status-publish","hentry"],"_links":{"self":[{"href":"https:\/\/www2.unifap.br\/espefis\/wp-json\/wp\/v2\/pages\/144","targetHints":{"allow":["GET"]}}],"collection":[{"href":"https:\/\/www2.unifap.br\/espefis\/wp-json\/wp\/v2\/pages"}],"about":[{"href":"https:\/\/www2.unifap.br\/espefis\/wp-json\/wp\/v2\/types\/page"}],"author":[{"embeddable":true,"href":"https:\/\/www2.unifap.br\/espefis\/wp-json\/wp\/v2\/users\/344"}],"replies":[{"embeddable":true,"href":"https:\/\/www2.unifap.br\/espefis\/wp-json\/wp\/v2\/comments?post=144"}],"version-history":[{"count":18,"href":"https:\/\/www2.unifap.br\/espefis\/wp-json\/wp\/v2\/pages\/144\/revisions"}],"predecessor-version":[{"id":738,"href":"https:\/\/www2.unifap.br\/espefis\/wp-json\/wp\/v2\/pages\/144\/revisions\/738"}],"up":[{"embeddable":true,"href":"https:\/\/www2.unifap.br\/espefis\/wp-json\/wp\/v2\/pages\/26"}],"wp:attachment":[{"href":"https:\/\/www2.unifap.br\/espefis\/wp-json\/wp\/v2\/media?parent=144"}],"curies":[{"name":"wp","href":"https:\/\/api.w.org\/{rel}","templated":true}]}}