{"id":15,"date":"2017-11-28T18:06:19","date_gmt":"2017-11-28T18:06:19","guid":{"rendered":"http:\/\/www2.unifap.br\/espefis\/?page_id=15"},"modified":"2023-11-14T20:08:45","modified_gmt":"2023-11-14T20:08:45","slug":"coordenacao","status":"publish","type":"page","link":"https:\/\/www2.unifap.br\/espefis\/coordenacao\/","title":{"rendered":"COORDENA\u00c7\u00c3O DO CURSO"},"content":{"rendered":"<p><strong>O curso de Especializa\u00e7\u00e3o em Ensino de F\u00edsica da Universidade Federal do Amap\u00e1 (UNIFAP) \u00e9 coordenado pela Professora Jackeline del Rosario Collave Garc\u00eda\u2013&nbsp;Graduada em F\u00edsica pela&nbsp;<\/strong><strong>Universidade Nacional de Trujillo (UNT)<\/strong>;<strong>Mestre em F\u00edsica pelo Centro Brasileiro de Pesquisas F\u00edsicas e doutorado em F\u00edsica da Mat\u00e9ria Condensada pela Pontif\u00edcia Universidade Cat\u00f3lica do Rio de Janeiro<\/strong>.<\/p>\n<address><strong>Jackeline del Rosario Collave Garc\u00eda <\/strong><\/address>\n<address><strong>Coordenadora do Curso de Especializa\u00e7\u00e3o em Ensino de F\u00edsica<\/strong><\/address>\n<address><strong>Portaria N\u00ba 0271\/2023<\/strong><\/p>\n<div class=\"page\" title=\"Page 7\">\n<div class=\"layoutArea\">\n<div class=\"column\">\n<p>&nbsp;<\/p>\n<\/div>\n<\/div>\n<\/div>\n<\/address>\n<address>&nbsp;<\/address>\n<address><strong>Leandro Rodrigues de Souza<\/strong><\/address>\n<address><strong>Vice-coordenador&nbsp;do Curso de Especializa\u00e7\u00e3o em Ensino de F\u00edsica<\/strong><\/address>\n<address><strong>Portaria n\u00ba 1108\/2020<\/strong><\/address>\n<p><strong>CONTATOS:&nbsp;jackeline.collave@unifap.br; leandro@unifap.br; espefis.unifap@gmail.com<\/strong><\/p>\n<p>PARA MAIS INFORMA\u00c7\u00d5ES CLIQUE NO LINK: <a href=\"http:\/\/www2.unifap.br\/espefis\/files\/2023\/11\/Cpia_de_PPC_atualizacao.pdf\">Cpia_de_PPC_atualizacao.pdf<\/a><\/p>\n<p>&nbsp;<\/p>\n","protected":false},"excerpt":{"rendered":"<p>O curso de Especializa\u00e7\u00e3o em Ensino de F\u00edsica da Universidade Federal do Amap\u00e1 (UNIFAP) \u00e9 coordenado pela Professora Jackeline del Rosario Collave Garc\u00eda\u2013&nbsp;Graduada em F\u00edsica pela&nbsp;Universidade Nacional de Trujillo (UNT);Mestre em F\u00edsica pelo Centro Brasileiro de Pesquisas F\u00edsicas e doutorado&hellip; <\/p>\n<p><a href=\"https:\/\/www2.unifap.br\/espefis\/coordenacao\/\" class=\"readmore-button\">Continue Reading<\/a><\/p>\n","protected":false},"author":344,"featured_media":0,"parent":0,"menu_order":0,"comment_status":"open","ping_status":"open","template":"","meta":{"inline_featured_image":false,"ngg_post_thumbnail":0,"footnotes":""},"class_list":["post-15","page","type-page","status-publish","hentry"],"_links":{"self":[{"href":"https:\/\/www2.unifap.br\/espefis\/wp-json\/wp\/v2\/pages\/15","targetHints":{"allow":["GET"]}}],"collection":[{"href":"https:\/\/www2.unifap.br\/espefis\/wp-json\/wp\/v2\/pages"}],"about":[{"href":"https:\/\/www2.unifap.br\/espefis\/wp-json\/wp\/v2\/types\/page"}],"author":[{"embeddable":true,"href":"https:\/\/www2.unifap.br\/espefis\/wp-json\/wp\/v2\/users\/344"}],"replies":[{"embeddable":true,"href":"https:\/\/www2.unifap.br\/espefis\/wp-json\/wp\/v2\/comments?post=15"}],"version-history":[{"count":9,"href":"https:\/\/www2.unifap.br\/espefis\/wp-json\/wp\/v2\/pages\/15\/revisions"}],"predecessor-version":[{"id":866,"href":"https:\/\/www2.unifap.br\/espefis\/wp-json\/wp\/v2\/pages\/15\/revisions\/866"}],"wp:attachment":[{"href":"https:\/\/www2.unifap.br\/espefis\/wp-json\/wp\/v2\/media?parent=15"}],"curies":[{"name":"wp","href":"https:\/\/api.w.org\/{rel}","templated":true}]}}