{"id":357,"date":"2020-01-20T03:59:54","date_gmt":"2020-01-20T03:59:54","guid":{"rendered":"http:\/\/www2.unifap.br\/espefis\/?page_id=357"},"modified":"2020-02-15T01:09:04","modified_gmt":"2020-02-15T01:09:04","slug":"2020-1-2","status":"publish","type":"page","link":"https:\/\/www2.unifap.br\/espefis\/processo-seletivo\/2020-1-2\/","title":{"rendered":"Prorroga\u00e7\u00e3o do prazo-Processo seletivo 2020"},"content":{"rendered":"\t\t<div data-elementor-type=\"wp-post\" data-elementor-id=\"357\" class=\"elementor elementor-357 elementor-bc-flex-widget\">\n\t\t\t\t\t\t<section class=\"elementor-section elementor-top-section elementor-element elementor-element-3be010df elementor-section-boxed elementor-section-height-default elementor-section-height-default\" data-id=\"3be010df\" data-element_type=\"section\" data-e-type=\"section\">\n\t\t\t\t\t\t<div class=\"elementor-container elementor-column-gap-default\">\n\t\t\t\t\t<div class=\"elementor-column elementor-col-100 elementor-top-column elementor-element elementor-element-37eb432a\" data-id=\"37eb432a\" data-element_type=\"column\" data-e-type=\"column\">\n\t\t\t<div class=\"elementor-widget-wrap elementor-element-populated\">\n\t\t\t\t\t\t<div class=\"elementor-element elementor-element-4c3c92af elementor-drop-cap-yes elementor-drop-cap-view-default elementor-widget elementor-widget-text-editor\" data-id=\"4c3c92af\" data-element_type=\"widget\" data-e-type=\"widget\" data-settings=\"{&quot;drop_cap&quot;:&quot;yes&quot;}\" data-widget_type=\"text-editor.default\">\n\t\t\t\t<div class=\"elementor-widget-container\">\n\t\t\t\t\t\t\t\t\t<div class=\"page\" title=\"Page 1\"><div class=\"layoutArea\"><div class=\"column\"><p style=\"text-align: left;\"><strong><span style=\"color: #000000;\">14\/02\/2020<\/span><\/strong>:PROCESSO SELETIVO PARA SELE\u00c7\u00c3O DE ALUNOS PARA O CURSO DE ESPECIALIZA\u00c7\u00c3O EM ENSINO DE F\u00cdSICA NA MODALIDADE PRESENCIAL. V<span style=\"font-size: 1em;\">er link:<a href=\"https:\/\/sigaa.unifap.br\/sigaa\/public\/processo_seletivo\/lista.jsf\">\u00a0<\/a><\/span><span style=\"font-size: 1em;\">https:\/\/sigaa.unifap.br\/sigaa\/public\/processo_seletivo\/lista.jsf<\/span><\/p><\/div><\/div><\/div>\t\t\t\t\t\t\t\t<\/div>\n\t\t\t\t<\/div>\n\t\t\t\t\t<\/div>\n\t\t<\/div>\n\t\t\t\t\t<\/div>\n\t\t<\/section>\n\t\t\t\t<\/div>\n\t\t","protected":false},"excerpt":{"rendered":"<p>14\/02\/2020:PROCESSO SELETIVO PARA SELE\u00c7\u00c3O DE ALUNOS PARA O CURSO DE ESPECIALIZA\u00c7\u00c3O EM ENSINO DE F\u00cdSICA NA MODALIDADE PRESENCIAL. Ver link:\u00a0https:\/\/sigaa.unifap.br\/sigaa\/public\/processo_seletivo\/lista.jsf<\/p>\n","protected":false},"author":3831,"featured_media":0,"parent":26,"menu_order":0,"comment_status":"closed","ping_status":"closed","template":"","meta":{"inline_featured_image":false,"ngg_post_thumbnail":0,"footnotes":""},"class_list":["post-357","page","type-page","status-publish","hentry"],"_links":{"self":[{"href":"https:\/\/www2.unifap.br\/espefis\/wp-json\/wp\/v2\/pages\/357","targetHints":{"allow":["GET"]}}],"collection":[{"href":"https:\/\/www2.unifap.br\/espefis\/wp-json\/wp\/v2\/pages"}],"about":[{"href":"https:\/\/www2.unifap.br\/espefis\/wp-json\/wp\/v2\/types\/page"}],"author":[{"embeddable":true,"href":"https:\/\/www2.unifap.br\/espefis\/wp-json\/wp\/v2\/users\/3831"}],"replies":[{"embeddable":true,"href":"https:\/\/www2.unifap.br\/espefis\/wp-json\/wp\/v2\/comments?post=357"}],"version-history":[{"count":20,"href":"https:\/\/www2.unifap.br\/espefis\/wp-json\/wp\/v2\/pages\/357\/revisions"}],"predecessor-version":[{"id":517,"href":"https:\/\/www2.unifap.br\/espefis\/wp-json\/wp\/v2\/pages\/357\/revisions\/517"}],"up":[{"embeddable":true,"href":"https:\/\/www2.unifap.br\/espefis\/wp-json\/wp\/v2\/pages\/26"}],"wp:attachment":[{"href":"https:\/\/www2.unifap.br\/espefis\/wp-json\/wp\/v2\/media?parent=357"}],"curies":[{"name":"wp","href":"https:\/\/api.w.org\/{rel}","templated":true}]}}