{"id":28,"date":"2013-04-26T10:13:15","date_gmt":"2013-04-26T10:13:15","guid":{"rendered":"http:\/\/www2.unifap.br\/estagio\/?page_id=28"},"modified":"2013-08-19T21:45:13","modified_gmt":"2013-08-19T21:45:13","slug":"informativos","status":"publish","type":"page","link":"https:\/\/www2.unifap.br\/estagio\/informativos\/","title":{"rendered":"Vagas de Est\u00e1gio"},"content":{"rendered":"<h1><a href=\"http:\/\/www2.unifap.br\/parfor\/files\/2013\/07\/logo_oficial_PARFOR2.png\"><img fetchpriority=\"high\" decoding=\"async\" src=\"http:\/\/www2.unifap.br\/parfor\/files\/2013\/07\/logo_oficial_PARFOR2.png\" alt=\"\" width=\"936\" height=\"114\" \/><\/a><\/h1>\n<h1>SELE\u00c7\u00c3O INTERNA\u00a0PARA ESTAGI\u00c1RIOS \u00a0PARFOR\/PROGRAD\/UNIFAP<\/h1>\n<div>\n<div>A Pr\u00f3-Reitoria de Ensino de Gradua\u00e7\u00e3o, por interm\u00e9dio da  Coordena\u00e7\u00e3o Geral do\u00a0PARFOR, torna p\u00fablica a abertura do Processo de  Sele\u00e7\u00e3o Interna para estagi\u00e1rios dos\u00a0Cursos de Gradua\u00e7\u00e3o da Universidade  Federal do Amap\u00e1 nos termos da Lei n\u00ba 11.788, de\u00a025 de Setembro de  2008, para desenvolverem as atividades de apoio administrativo  nos\u00a0ambientes de trabalho desta Institui\u00e7\u00e3o para o alcance dos objetivos  do PARFOR\/UNIFAP\u00a0observadas \u00e0s disposi\u00e7\u00f5es constantes neste Edital e  seus anexos.<\/div>\n<div>As inscri\u00e7\u00f5es dever\u00e3o ser realizadas no per\u00edodo de 20 a 25 de agosto de 2013,\u00a0exclusivamente na p\u00e1gina do\u00a0<strong>PARFOR\/UNIFAP<\/strong>, sito\u00a0<a href=\"http:\/\/www2.unifap.br\/parfor\/\" target=\"_blank\">http:\/\/www2.unifap.br\/parfor\/<\/a><\/div>\n<div><strong>Arquivos<\/strong><\/div>\n<\/div>\n<dl>\n<ol>\n<li><a title=\"Edital N\u00ba 32\/2013 - PARFOR\/PROGRAD\" href=\"http:\/\/www.unifap.br\/?fileId=70198\" target=\"_blank\">Edital N\u00ba 32\/2013 &#8211; PARFOR\/PROGRAD<\/a> (2013-08-17)<\/li>\n<li><a title=\"Manual PARFOR\" href=\"http:\/\/www.unifap.br\/?fileId=70284\" target=\"_blanck\">Manual PARFOR<\/a> (2013-08-19)<\/li>\n<li><a title=\"EDITAL DE RETIFICA\u00c7\u00c3O\" href=\"http:\/\/www.unifap.br\/?fileId=70305\" target=\"_blanck\">EDITAL DE RETIFICA\u00c7\u00c3O<\/a> (2013-08-19)<\/li>\n<\/ol>\n<\/dl>\n<div><strong>Inscri\u00e7\u00e3o<\/strong><\/div>\n<p><img decoding=\"async\" src=\"http:\/\/www.prap.mpf.mp.br\/img\/ico_firefox.png\" alt=\"\" \/> N\u00e3o \u00e9 poss\u00edvel efetuar inscri\u00e7\u00e3o neste momento.<\/p>\n<p>__________________________________________________________________________________________________________________________________________<\/p>\n<p style=\"text-align: center\"><strong>Processo Seletivo<span style=\"font-size: 13px;line-height: 19px\"> para Estagi\u00e1rios de Secretariado Executivo, Inform\u00e1tica e Comunica\u00e7\u00e3o 2013<\/span><\/strong><\/p>\n<p><img decoding=\"async\" src=\"http:\/\/www2.unifap.br\/executivo\/files\/2013\/06\/pss_mpf-201306240001.jpg\" alt=\"pss_mpf-201306240001\" width=\"920\" height=\"1307\" \/><\/p>\n<h1>Secretariado<\/h1>\n<p>Para participar, \u00e9 necess\u00e1rio estar regularmente matriculado em uma das institui\u00e7\u00f5es de ensino conveniadas com o MPF\/AP (Atual, Meta, Seama e Unifap). Entre os crit\u00e9rios de participa\u00e7\u00e3o est\u00e1, tamb\u00e9m, a conclus\u00e3o de, no m\u00ednimo, 40% da carga hor\u00e1ria ou dos cr\u00e9ditos do curso. Alunos que v\u00e3o concluir o curso no 2\u00ba semestre de 2013 n\u00e3o podem participar.<br \/>\nAs inscri\u00e7\u00f5es devem ser efetuadas exclusivamente pela Internet, no per\u00edodo de 29 julho a 9 de agosto. A confirma\u00e7\u00e3o da inscri\u00e7\u00e3o deve ser realizada no mesmo per\u00edodo. Para isso, o estudante dever\u00e1 apresentar os documentos solicitados no Edital e entregar 400g de leite em p\u00f3 ou 1kg de alimento n\u00e3o perec\u00edvel, exceto sal, no edif\u00edcio-sede da PR\/AP, na Rua Jovino Dino\u00e1, 468, bairro Jesus de Nazar\u00e9. Tradicionalmente, os alimentos arrecadados s\u00e3o doados \u00e0 entidade filantr\u00f3pica.<br \/>\nSele\u00e7\u00e3o \u2013 O processo seletivo est\u00e1 dividido em duas etapas de car\u00e1ter classificat\u00f3rio e eliminat\u00f3rio. A primeira consiste em prova objetiva composta por 40 quest\u00f5es. A segunda, em reda\u00e7\u00e3o referente a tema informado no conte\u00fado program\u00e1tico dispon\u00edvel no site da PR\/AP. As provas est\u00e3o marcadas para 18 de agosto.<br \/>\nOs candidatos aprovados compor\u00e3o cadastro reserva. Os primeiros colocados ser\u00e3o chamados \u00e0 medida que surgirem vagas, no per\u00edodo de seis meses a um ano: prazo de validade do concurso.<br \/>\nPessoas com defici\u00eancia \u2013 Est\u00e1 reservado 10% do total de vagas para pessoas com defici\u00eancia. Para assegur\u00e1-las, o Programa de Est\u00e1gio da PR\/AP obedecer\u00e1 crit\u00e9rios de aprova\u00e7\u00e3o, classifica\u00e7\u00e3o e desempate definidos no Edital. Informa\u00e7\u00f5es gerais referentes ao processo seletivo podem ser consultadas no site da PR\/AP.<br \/>\nSistema de cotas \u2013 Candidatos tamb\u00e9m podem concorrer pelo Sistema de Cotas para Minorias \u00e9tnico-raciais. Para isso, \u00e9 necess\u00e1rio assinar declara\u00e7\u00e3o espec\u00edfica para participar da sele\u00e7\u00e3o por esse sistema, al\u00e9m de outras condi\u00e7\u00f5es previstas no Edital.<br \/>\nConfira o Edital e todas as informa\u00e7\u00f5es do Processo Seletivo de Estagi\u00e1rios clicando aqui.<\/p>\n<p>Secretariado executivo, Comunica\u00e7\u00e3o \u00a0e Inform\u00e1tica<\/p>\n<p>Minist\u00e9rio P\u00fablico Federal &#8211; MPF<\/p>\n<p>2013-06-24\u00a0<a href=\"http:\/\/www2.unifap.br\/executivo\/files\/2013\/06\/pss_mpf-201306240001.jpg\" target=\"_blank\">Folder<\/a><\/p>\n<table>\n<tbody>\n<tr>\n<th>Edital<\/th>\n<th>Publicado em:<\/th>\n<\/tr>\n<tr>\n<td><a href=\"http:\/\/www.prap.mpf.gov.br\/servicos\/estagiarios\/processo_seletivo_2013-adm-inf-com-edital.pdf\" target=\"_blank\">Edital inicial<\/a><\/td>\n<td>18\/06\/2013<\/td>\n<\/tr>\n<tr>\n<td><a href=\"http:\/\/www.prap.mpf.gov.br\/servicos\/estagiarios\/processo_seletivo_2013-adm-inf-com-conteudo_programatico.pdf\" target=\"_blank\">Anexo 1 &#8211; Conte\u00fado program\u00e1tico<\/a><\/td>\n<td>18\/06\/2013<\/td>\n<\/tr>\n<tr>\n<td><a href=\"http:\/\/www.prap.mpf.gov.br\/servicos\/estagiarios\/processo_seletivo_2013-adm-inf-com-declaracao_cotas.pdf\" target=\"_blank\">Anexo 2 &#8211; Declara\u00e7\u00e3o de Cotas<\/a><\/td>\n<td>18\/06\/2013<\/td>\n<\/tr>\n<\/tbody>\n<\/table>\n<h2>Provas anteriores<\/h2>\n<ul>\n<li><a href=\"http:\/\/www.prap.mpf.gov.br\/servicos\/estagiarios\/processo_seletivo_2011-2.php\">Provas 2011\/02 e Gabaritos<\/a><\/li>\n<\/ul>\n<h2>Inscri\u00e7\u00e3o<\/h2>\n<p>N\u00e3o \u00e9 poss\u00ed\u00advel efetuar inscri\u00e7\u00e3o neste momento.<\/p>\n<h2>Vagas<\/h2>\n<p>Cadastro reserva<\/p>\n<h2>Per\u00edodo de Inscri\u00e7\u00e3o<\/h2>\n<ul>\n<li><strong>Passo 1 &#8211; De 29 de julho a 09 de agosto<\/strong> &#8211; preenchimento da ficha de inscri\u00e7\u00e3o dispon\u00edvel na p\u00e1gina da internet da Procuradoria da Rep\u00fablica no Estado do Amap\u00e1;<\/li>\n<li><strong>Passo 2 &#8211; De 29 de julho a 09 de agosto (das 10 \u00e0s 12h e 14 \u00ed\u00a0s 18h)<\/strong> &#8211; apresenta\u00e7\u00e3o dos documentos solicitados no Edital e entrega facultativa de 400g de leite em p\u00f3 integral (em lata ou pacote) ou 1kg de alimento n\u00e3o perec\u00edvel (exceto sal), na Procuradoria da Rep\u00fablica no Estado do Amap\u00e1, situada na Rua Jovino Dino\u00e1, 468, bairro Jesus de Nazar\u00e9. Os produtos arrecadados ser\u00e3o enviados a uma entidade filantr\u00f3pica.<\/li>\n<\/ul>\n<h2>Do Est\u00e1gio<\/h2>\n<p><strong>Dura\u00e7\u00e3o:<\/strong> no m\u00ednimo de 6 meses e no m\u00e1ximo at\u00e9 a cola\u00e7\u00e3o de grau do estagi\u00e1rio.<\/p>\n<p><strong>Jornada di\u00e1ria:<\/strong> 4 horas.<\/p>\n<h2>Valor da Bolsa<\/h2>\n<p>R$ 800,00 + aux\u00edlio-transporte<\/p>\n<h2>Institui\u00e7\u00f5es Conveniadas<\/h2>\n<ul>\n<li>Faculdade Meta<\/li>\n<li>Seama<\/li>\n<li>Faculdade Atual<\/li>\n<li>Unifap<\/li>\n<\/ul>\n<h2>Not\u00edcias<\/h2>\n<h2>Mais Informa\u00e7\u00f5es<\/h2>\n<p>(96) 3213-7815<\/p>\n<p>&nbsp;<\/p>\n<p>Fonte: Assessoria de Comunica\u00e7\u00e3o Social Procuradoria da Rep\u00fablica no Amap\u00e1<\/p>\n<p><a href=\"http:\/\/www.prap.mpf.gov.br\/\" target=\"_blank\">http:\/\/www.prap.mpf.gov.br <\/a>E-mail: ascom@prap.mpf.gov.br (com adapta\u00e7\u00f5es)<\/p>\n<p><!--more--><\/p>\n<h1 style=\"text-align: center\"><strong>Minist\u00e9rio P\u00fablico do Trabalho <span style=\"color: #ff0000\">(Encerrado)<\/span><\/strong><\/h1>\n<p>A Procuradoria do Trabalho no Municipio de Macap\u00e1; atrav\u00e9s seu &#8216;Coordenador subscrito, informa;<\/p>\n<p>Que est\u00e3o aberas as inscri\u00e7\u00f5es para o<em> <\/em>processo seletivo para forma\u00e7\u00e3o para forma\u00e7\u00e3o do quadro reserva de estagi\u00e1rio de nivgel Superior do curso de DIRETO.<\/p>\n<p>Per\u00edodo de Inscri\u00e7\u00f5es: 13 a 23\/05\/2013<\/p>\n<p>Remunera\u00e7\u00e3o: \u00a0R$ 800,00 + R$ 7,00\/dia<\/p>\n<p>N \u00ba de Vagas: Cadastro Reserva<\/p>\n<p>Data prova: 16\/06\/2013<\/p>\n<p>Local de Inscri\u00e7\u00f5es: \u00a0<a href=\"http:\/\/www.prt8.mpt.gov.br\/\" target=\"_blank\">http:\/\/www.prt8.mpt.gov.br<\/a><\/p>\n<p>&nbsp;<\/p>\n<p><strong>Arquivos<\/strong><\/p>\n<p>2013-05-14-<a href=\"http:\/\/www2.unifap.br\/estagio\/files\/2013\/05\/Estagio_MPT_20130514-jpg.jpg\" target=\"_blank\">Folder<\/a><\/p>\n<p>2013-05-14-<a href=\"http:\/\/www.prt8.mpt.gov.br\/arquivos\/arquivos\/documentos\/anexos\/edital_selecao_estagio_2013_sede_ptms.pdf\" target=\"_blank\">Edital_selecao_estagio_2013_sede_ptms.pdf<\/a><\/p>\n<p>2013-05-14-<a href=\"http:\/\/www.prt8.mpt.gov.br\/sistemas\/estagio\/\" target=\"_blank\">Formul\u00e1rio de Inscri\u00e7\u00f5es<\/a><\/p>\n<p><!--more--><\/p>\n<ul>\n<li><strong>Programa de\u00a0Est\u00e1gio\u00a0do Governo do Estado do Amap\u00e1<\/strong><\/li>\n<\/ul>\n<p>Per\u00edodo\u00a0de inscri\u00e7\u00f5es: 22 a 28\/04\/2013<\/p>\n<p>M\u00ednimo de 50% de Matriz Curricular cursada<\/p>\n<p><a href=\"http:\/\/www.processoseletivo.ap.gov.br\/\"><\/a><\/p>\n<p>Convoca\u00e7\u00e3o a partir do dia 30\/04\/2013, no site:\u00a0<a href=\"http:\/\/www.processoseletivo.ap.gov.br\/\" target=\"_blank\">http:\/\/www.processoseletivo.ap.gov.br\/<\/a><\/p>\n<h2><strong>Arquivos<\/strong><\/h2>\n<p>2013-04-19 15:09-<a href=\"http:\/\/www2.unifap.br\/estagio\/files\/2013\/04\/estagio_eap_2013-01-pdf00011.pdf\" target=\"_blank\">estagio_eap_2013-01-pdf<\/a><\/p>\n<p>2013-04-26 11:19-<a title=\"Clique para iniciar o download do arquivo (Desbloqueie pop-up)\" href=\"http:\/\/www.processoseletivo.ap.gov.br\/acompanhamento\/download.php?arquivo=651\" target=\"_blak\">IMPORTANTE(19\/04\/2013 <\/a>)<\/p>\n<p>2013-04-26 11:20-<a title=\"Clique para iniciar o download do arquivo (Desbloqueie pop-up)\" href=\"http:\/\/www.processoseletivo.ap.gov.br\/acompanhamento\/download.php?arquivo=647\" target=\"_blak\">DECRETO N. 3103 &#8211; 14\/08\/2012<\/a>(18\/04\/2013 )<\/p>\n<p>2013-04-26 11:23-<a title=\"Clique para iniciar o download do arquivo (Desbloqueie pop-up)\" href=\"http:\/\/www.processoseletivo.ap.gov.br\/acompanhamento\/download.php?arquivo=646\" target=\"_blak\">PORTARIA N. 004\/2013 &#8211; EAP<\/a>(18\/04\/2013 )<\/p>\n<p>&nbsp;<\/p>\n<p><!--more--><\/p>\n<ul>\n<li><strong><em>EST\u00c1GIO NO SESC <\/em><\/strong><span style=\"color: #ff0000\"><strong>(Encerrado)<\/strong><\/span><\/li>\n<\/ul>\n<p>Informamos aos acad\u00eamicos de Artes Visuais e Educa\u00e7\u00e3o Fisica que o SESC est\u00e1 realizando inscri\u00e7\u00e3o para o processo simplificado de contrata\u00e7\u00e3o de estagi\u00e1rios, os interessados devem procurar pelo Setor de Desenvolvimento T\u00e9cnico &#8211; SEDET at\u00e9 o dia 30\/04\/2013. \u00c9 necess\u00e1rio que estejam cursando a partir do quinto semestre. N\u00e3o ser\u00e1 permitido a inscri\u00e7\u00e3o de acad\u00eamicos que estejam concluindo o curso.<\/p>\n<p><!--more--><\/p>\n<ul>\n<li><strong>VAGAS DE EST\u00c1GIO NA CONEX\u00c3O AQUARELA (Est\u00e1gio\u00a0Obrigat\u00f3rio) <\/strong><\/li>\n<\/ul>\n<p>A Escola Conex\u00e3o Aquarela est\u00e1 com abertura de processo seletivo para preenchimento de vagas de est\u00e1gio curricular para estudantes das seguintes \u00e1reas:<\/p>\n<ol>\n<li>F\u00edsica (Licenciatura)<\/li>\n<li>Biologia (Licenciatura)<\/li>\n<li>Matem\u00e1tica<\/li>\n<li>L\u00edngua Portuguesa<\/li>\n<\/ol>\n<p><strong> REQUESITOS B\u00c1SICOS:<\/strong><\/p>\n<ol>\n<li>Semestre: a partir do 5\u00ba<\/li>\n<li>Conhecimento de Inform\u00e1tica<\/li>\n<\/ol>\n<p>&nbsp;<\/p>\n<p>Os estudantes interessados dever\u00e3o comparecer \u00e0 <strong>Escola Conex\u00e3o Aquarela<\/strong> no hor\u00e1rio de <strong>8h \u00e0s 11min:30min<\/strong> e das <strong>14h \u00e0s 17h:30min<\/strong>, e <strong>procurar a coordena\u00e7\u00e3o<\/strong>, munido de <strong>curr\u00edculo.<\/strong><\/p>\n<p>Endere\u00e7o: Avenida: Tupiniquins, n\u00ba 911,buritizal, 68902-856,Macap\u00e1-AP<\/p>\n<p>Fone: 3242-4066<\/p>\n<p>N\u00e3o remunerado<\/p>\n<p>&nbsp;<\/p>\n","protected":false},"excerpt":{"rendered":"<p>SELE\u00c7\u00c3O INTERNA\u00a0PARA ESTAGI\u00c1RIOS \u00a0PARFOR\/PROGRAD\/UNIFAP A Pr\u00f3-Reitoria de Ensino de Gradua\u00e7\u00e3o, por interm\u00e9dio da Coordena\u00e7\u00e3o Geral do\u00a0PARFOR, torna p\u00fablica a abertura do Processo de Sele\u00e7\u00e3o Interna para estagi\u00e1rios dos\u00a0Cursos de Gradua\u00e7\u00e3o da Universidade Federal do Amap\u00e1 nos termos da Lei n\u00ba&hellip; <\/p>\n<p><a href=\"https:\/\/www2.unifap.br\/estagio\/informativos\/\" class=\"readmore-button\">Continue Reading<\/a><\/p>\n","protected":false},"author":117,"featured_media":0,"parent":0,"menu_order":0,"comment_status":"open","ping_status":"closed","template":"","meta":{"inline_featured_image":false,"ngg_post_thumbnail":0,"footnotes":""},"class_list":["post-28","page","type-page","status-publish","hentry"],"_links":{"self":[{"href":"https:\/\/www2.unifap.br\/estagio\/wp-json\/wp\/v2\/pages\/28","targetHints":{"allow":["GET"]}}],"collection":[{"href":"https:\/\/www2.unifap.br\/estagio\/wp-json\/wp\/v2\/pages"}],"about":[{"href":"https:\/\/www2.unifap.br\/estagio\/wp-json\/wp\/v2\/types\/page"}],"author":[{"embeddable":true,"href":"https:\/\/www2.unifap.br\/estagio\/wp-json\/wp\/v2\/users\/117"}],"replies":[{"embeddable":true,"href":"https:\/\/www2.unifap.br\/estagio\/wp-json\/wp\/v2\/comments?post=28"}],"version-history":[{"count":17,"href":"https:\/\/www2.unifap.br\/estagio\/wp-json\/wp\/v2\/pages\/28\/revisions"}],"predecessor-version":[{"id":467,"href":"https:\/\/www2.unifap.br\/estagio\/wp-json\/wp\/v2\/pages\/28\/revisions\/467"}],"wp:attachment":[{"href":"https:\/\/www2.unifap.br\/estagio\/wp-json\/wp\/v2\/media?parent=28"}],"curies":[{"name":"wp","href":"https:\/\/api.w.org\/{rel}","templated":true}]}}