{"id":2352,"date":"2014-09-06T01:11:24","date_gmt":"2014-09-06T01:11:24","guid":{"rendered":"http:\/\/www2.unifap.br\/executivo\/?page_id=2352"},"modified":"2016-03-18T17:17:46","modified_gmt":"2016-03-18T17:17:46","slug":"egresso","status":"publish","type":"page","link":"https:\/\/www2.unifap.br\/executivo\/coordenacao\/legislacao\/egresso\/","title":{"rendered":"Perfil do Egresso"},"content":{"rendered":"<p style=\"text-align: justify\"><a href=\"http:\/\/www2.unifap.br\/executivo\/files\/2014\/09\/perfil-do-egresso.png\"><img fetchpriority=\"high\" decoding=\"async\" class=\"aligncenter size-full wp-image-2526\" alt=\"perfil do egresso\" src=\"http:\/\/www2.unifap.br\/executivo\/files\/2014\/09\/perfil-do-egresso.png\" width=\"862\" height=\"270\" srcset=\"https:\/\/www2.unifap.br\/executivo\/files\/2014\/09\/perfil-do-egresso.png 862w, https:\/\/www2.unifap.br\/executivo\/files\/2014\/09\/perfil-do-egresso-300x93.png 300w, https:\/\/www2.unifap.br\/executivo\/files\/2014\/09\/perfil-do-egresso-250x78.png 250w\" sizes=\"(max-width: 862px) 100vw, 862px\" \/><\/a><\/p>\n<p style=\"text-align: justify\">O curso de gradua\u00e7\u00e3o em Secretariado Executivo da Unifap se prop\u00f5e a graduar bachar\u00e9is que, devidamente orientados e preparados, sejam profissionais capazes, competentes e polivalentes, que \u00e9 o perfil que se busca desenvolver em qualquer profissional moderno e, especialmente, no Secret\u00e1rio Executivo, do qual se espera a capacidade de suprir as necessidades das organiza\u00e7\u00f5es e da sociedade \u00e0s quais estar\u00e1 vinculado.<br \/>\nAssim, o Secret\u00e1rio Executivo \u00e9 o bacharel com s\u00f3lida forma\u00e7\u00e3o acad\u00eamica, cient\u00edfica e tecnol\u00f3gica na sua \u00e1rea de atua\u00e7\u00e3o, com capacidade de tomar decis\u00f5es &#8211; no \u00e2mbito do seu cargo &#8211; de acordo com as especificidades de cada organiza\u00e7\u00e3o.<\/p>\n<p style=\"text-align: justify\">Deste profissional requer-se atua\u00e7\u00e3o como:<\/p>\n<p style=\"text-align: justify\">\uf0dc <strong>assessor<\/strong>: atender a executivos utilizando-se das t\u00e9cnicas secretariais; conhecer tecnologia da informa\u00e7\u00e3o, arquiv\u00edstica e comunica\u00e7\u00e3o e t\u00e9cnicas de reda\u00e7\u00e3o oficial e empresarial, preferencialmente com o dom\u00ednio de uma l\u00edngua estrangeira; ter conhecimentos protocolares;<\/p>\n<p>\uf0dc <strong>gestor<\/strong>: desenvolver fun\u00e7\u00f5es gerenciais com qualidade, objetivando produtividade;<\/p>\n<p style=\"text-align: justify\">\uf0dc <strong>empreendedor<\/strong>: promover as id\u00e9ias e as pr\u00e1ticas inovadoras; compet\u00eancia para implantar novas oportunidades de neg\u00f3cios, assumindo riscos com responsabilidade;<br \/>\n\uf0dc <strong>infra-empreendedor<\/strong>: buscando id\u00e9ias inovadoras para as organiza\u00e7\u00f5es com\u00a0capacidade cr\u00edtica, reflexiva e criativa, capaz de transformar amea\u00e7as em\u00a0oportunidades;<br \/>\n\uf0dc <strong>agente de mudan\u00e7as<\/strong>: promovendo as altera\u00e7\u00f5es culturais, pol\u00edticas e sociais necess\u00e1rias nas organiza\u00e7\u00f5es e na reformula\u00e7\u00e3o e moderniza\u00e7\u00e3o do papel profissional do pr\u00f3prio Secret\u00e1rio Executivo.<br \/>\n\uf0dc <strong>consultor<\/strong>: trabalhar com a cultura da organiza\u00e7\u00e3o propondo e realizando mudan\u00e7as necess\u00e1rias para o alcance dos objetivos da organiza\u00e7\u00e3o e dos executivos.<\/p>\n<p style=\"text-align: justify\"><span style=\"color: #c0c0c0\"><em>Fonte: PPC &#8211; Secretariado Executivo-UNIFAP, 2008<\/em><\/span><\/p>\n","protected":false},"excerpt":{"rendered":"<p>O curso de gradua\u00e7\u00e3o em Secretariado Executivo da Unifap se prop\u00f5e a graduar bachar\u00e9is que, devidamente orientados e preparados, sejam profissionais capazes, competentes e polivalentes, que \u00e9 o perfil que se busca desenvolver em qualquer profissional moderno e, especialmente, no Secret\u00e1rio Executivo, do qual se espera a capacidade de suprir as necessidades das organiza\u00e7\u00f5es e&#8230;<\/p>\n","protected":false},"author":402,"featured_media":0,"parent":2586,"menu_order":3,"comment_status":"closed","ping_status":"closed","template":"page-template-full.php","meta":{"inline_featured_image":false,"ngg_post_thumbnail":0,"footnotes":""},"class_list":["post-2352","page","type-page","status-publish","hentry","entry"],"_links":{"self":[{"href":"https:\/\/www2.unifap.br\/executivo\/wp-json\/wp\/v2\/pages\/2352","targetHints":{"allow":["GET"]}}],"collection":[{"href":"https:\/\/www2.unifap.br\/executivo\/wp-json\/wp\/v2\/pages"}],"about":[{"href":"https:\/\/www2.unifap.br\/executivo\/wp-json\/wp\/v2\/types\/page"}],"author":[{"embeddable":true,"href":"https:\/\/www2.unifap.br\/executivo\/wp-json\/wp\/v2\/users\/402"}],"replies":[{"embeddable":true,"href":"https:\/\/www2.unifap.br\/executivo\/wp-json\/wp\/v2\/comments?post=2352"}],"version-history":[{"count":3,"href":"https:\/\/www2.unifap.br\/executivo\/wp-json\/wp\/v2\/pages\/2352\/revisions"}],"predecessor-version":[{"id":2527,"href":"https:\/\/www2.unifap.br\/executivo\/wp-json\/wp\/v2\/pages\/2352\/revisions\/2527"}],"up":[{"embeddable":true,"href":"https:\/\/www2.unifap.br\/executivo\/wp-json\/wp\/v2\/pages\/2586"}],"wp:attachment":[{"href":"https:\/\/www2.unifap.br\/executivo\/wp-json\/wp\/v2\/media?parent=2352"}],"curies":[{"name":"wp","href":"https:\/\/api.w.org\/{rel}","templated":true}]}}