{"id":2459,"date":"2014-09-16T13:27:45","date_gmt":"2014-09-16T13:27:45","guid":{"rendered":"http:\/\/www2.unifap.br\/executivo\/?page_id=2459"},"modified":"2016-01-11T23:01:00","modified_gmt":"2016-01-11T23:01:00","slug":"depoimento-de-ex-alunos","status":"publish","type":"page","link":"https:\/\/www2.unifap.br\/executivo\/oportunidades-academicas\/depoimento-de-ex-alunos\/","title":{"rendered":"Depoimento de Ex-Alunos"},"content":{"rendered":"<p><span style=\"color: #3366ff\">Alan Bena Aguiar J\u00fanior<\/span><\/p>\n<p>Secret\u00e1rio Executivo na Reitoria da UNIFAP.<\/p>\n<p>Turma: 2003<\/p>\n<blockquote>\n<p style=\"text-align: justify\">&#8220;Fazer o curso de Secretariado Executivo pela UNIFAP foi a escolha profissional que fiz para a minha vida. Tive sempre em mente fazer desta profiss\u00e3o algo que mudaria a vis\u00e3o das pessoas sobre o profissional. Ou seja, fazer do Secret\u00e1rio Executivo um profissional indispens\u00e1vel, em qualquer ambiente do setor p\u00fablico ou privado, por conta dos seus conhecimentos e habilidades que o curso nos disponibiliza.\u00a0Mas ser O PROFISSIONAL, n\u00e3o \u00e9 f\u00e1cil exige muita dedica\u00e7\u00e3o,s\u00e3o muitos estudos que v\u00e3o al\u00e9m da acad\u00eamia. Desde as regras b\u00e1sicas da etiqueta, passando por conhecimento de outros idiomas (Ingl\u00eas, Franc\u00eas e Espanhol) at\u00e9 conhecimentos que v\u00e3o al\u00e9m da profiss\u00e3o.<\/p>\n<p>Tenho a grande satisfa\u00e7\u00e3o de ser um Profissional de Secretariado, foi e continua sendo uma inspira\u00e7\u00e3o esta profiss\u00e3o.&#8221;<\/p><\/blockquote>\n<p>&#8212;&#8212;&#8212;&#8212;&#8212;&#8212;&#8212;&#8212;&#8212;&#8212;&#8212;&#8212;&#8212;&#8212;&#8212;&#8212;&#8212;&#8212;&#8212;&#8212;&#8212;&#8212;&#8212;&#8212;&#8212;&#8212;&#8212;&#8212;&#8212;&#8212;&#8212;&#8212;&#8212;&#8212;&#8212;-<\/p>\n<p><span style=\"color: #3366ff\">Silvana Kelly de Morais da Silva<\/span><\/p>\n<p>Secret\u00e1ria Executiva e Mestra em Desenvolvimento Regional<\/p>\n<p>Turma: 2004<\/p>\n<blockquote>\n<p style=\"text-align: justify\">&#8220;O curso de Secretariado Executivo da UNIFAP foi importante em minha vida profissional \u00e0 medida em que pude colaborar de maneira atuante com os processos organizacionais das empresas onde trabalhei, o que s\u00f3 foi poss\u00edvel em virtude dos m\u00faltiplos conhecimentos adquiridos ao longo da gradua\u00e7\u00e3o, dentro e fora da Universidade.&#8221;<\/p>\n<\/blockquote>\n<p style=\"text-align: justify\">&#8212;&#8212;&#8212;&#8212;&#8212;&#8212;&#8212;&#8212;&#8212;&#8212;&#8212;&#8212;&#8212;&#8212;&#8212;&#8212;&#8212;&#8212;&#8212;&#8212;&#8212;&#8212;&#8212;&#8212;&#8212;&#8212;&#8212;&#8212;&#8212;&#8212;&#8212;&#8212;&#8212;&#8212;&#8212;-<\/p>\n<p style=\"text-align: justify\"><span style=\"color: #3366ff\">Warlisson de Sousa Ferreira<\/span><\/p>\n<p style=\"text-align: justify\">Secret\u00e1rio Executivo no Departamento de Filosofia e Ci\u00eancias Humanas da UNIFAP.<\/p>\n<p style=\"text-align: justify\">Turma: 2006<\/p>\n<blockquote>\n<p style=\"text-align: justify\">&#8220;O curso foi importante para entender e aprimorar as compet\u00eancias necess\u00e1rias para o exerc\u00edcio da fun\u00e7\u00e3o de um secret\u00e1rio executivo, levando em considera\u00e7\u00e3o a amplitude das \u00e1reas de atua\u00e7\u00e3o da profiss\u00e3o, que passa desde o operacional ao planejamento e tomada de decis\u00f5es.&#8221;<\/p>\n<\/blockquote>\n<p style=\"text-align: justify\">&#8212;&#8212;&#8212;&#8212;&#8212;&#8212;&#8212;&#8212;&#8212;&#8212;&#8212;&#8212;&#8212;&#8212;&#8212;&#8212;&#8212;&#8212;&#8212;&#8212;&#8212;&#8212;&#8212;&#8212;&#8212;&#8212;&#8212;&#8212;&#8212;&#8212;&#8212;&#8212;&#8212;&#8212;&#8212;-<\/p>\n<p style=\"text-align: justify\"><span style=\"color: #3366ff\">Natiara Seabra<\/span><\/p>\n<p style=\"text-align: justify\">Secret\u00e1ria Executiva Aut\u00f4noma<\/p>\n<p style=\"text-align: justify\">Turma: 2004<\/p>\n<blockquote>\n<p style=\"text-align: justify\">&#8220;O curso de secretariado executivo foi uma surpresa aos meus objetivos acad\u00eamicos. Tendo nestes anos me reconhecido como profissional de secretariado e descoberto talentos no dia-a-dia. Agrade\u00e7o os conhecimentos adquiridos e as possibilidade de atua\u00e7\u00e3o da profiss\u00e3o! A import\u00e2ncia do curso \u00e9 not\u00e1vel no setor terci\u00e1rio bem como no p\u00fablico tendo vivenciado v\u00e1rios aspectos da atua\u00e7\u00e3o profissional em que nossa forma\u00e7\u00e3o \u00e9 necess\u00e1ria.&#8221;<\/p>\n<\/blockquote>\n<p style=\"text-align: justify\">&#8212;&#8212;&#8212;&#8212;&#8212;&#8212;&#8212;&#8212;&#8212;&#8212;&#8212;&#8212;&#8212;&#8212;&#8212;&#8212;&#8212;&#8212;&#8212;&#8212;&#8212;&#8212;&#8212;&#8212;&#8212;&#8212;&#8212;&#8212;&#8212;&#8212;&#8212;&#8212;&#8212;&#8212;&#8212;-<\/p>\n<p style=\"text-align: justify\"><span style=\"color: #3366ff\">Bruno Am\u00e9rico<\/span><\/p>\n<p style=\"text-align: justify\">Secret\u00e1rio Executivo do Conselho Regional de Engenharia e Agronomia do Amap\u00e1 (CREA-AP).<\/p>\n<p style=\"text-align: justify\">Turma: 2011<\/p>\n<blockquote>\n<p style=\"text-align: justify\">&#8220;Hoje s\u00f3 tenho a agradecer pelas grandes oportunidades que tive durante a gradua\u00e7\u00e3o. A Universidade e o curso de Secretariado Executivo me abriram portas para grandes momentos de transforma\u00e7\u00f5es e conquistas acad\u00eamicas e profissionais. Participei de projetos de extens\u00e3o, mobilidade acad\u00eamica, congressos locais e nacionais, empresa j\u00fanior, monitoria, inicia\u00e7\u00e3o cient\u00edfica, entre outras atividades. O profissional que sou hoje \u00e9 fruto do meu envolvimento com a acad\u00eamia e com as causas dessa brilhante profiss\u00e3o.&#8221;<\/p>\n<\/blockquote>\n<p style=\"text-align: justify\">Em breve mais depoimentos!<\/p>\n<p style=\"text-align: justify\">\u00c0 coordena\u00e7\u00e3o.<\/p>\n","protected":false},"excerpt":{"rendered":"<p>Alan Bena Aguiar J\u00fanior Secret\u00e1rio Executivo na Reitoria da UNIFAP. Turma: 2003 &#8220;Fazer o curso de Secretariado Executivo pela UNIFAP foi a escolha profissional que fiz para a minha vida. Tive sempre em mente fazer desta profiss\u00e3o algo que mudaria a vis\u00e3o das pessoas sobre o profissional. Ou seja, fazer do Secret\u00e1rio Executivo um profissional&#8230;<\/p>\n","protected":false},"author":402,"featured_media":0,"parent":2302,"menu_order":4,"comment_status":"open","ping_status":"open","template":"page-template-full.php","meta":{"inline_featured_image":false,"ngg_post_thumbnail":0,"footnotes":""},"class_list":["post-2459","page","type-page","status-publish","hentry","entry"],"_links":{"self":[{"href":"https:\/\/www2.unifap.br\/executivo\/wp-json\/wp\/v2\/pages\/2459","targetHints":{"allow":["GET"]}}],"collection":[{"href":"https:\/\/www2.unifap.br\/executivo\/wp-json\/wp\/v2\/pages"}],"about":[{"href":"https:\/\/www2.unifap.br\/executivo\/wp-json\/wp\/v2\/types\/page"}],"author":[{"embeddable":true,"href":"https:\/\/www2.unifap.br\/executivo\/wp-json\/wp\/v2\/users\/402"}],"replies":[{"embeddable":true,"href":"https:\/\/www2.unifap.br\/executivo\/wp-json\/wp\/v2\/comments?post=2459"}],"version-history":[{"count":13,"href":"https:\/\/www2.unifap.br\/executivo\/wp-json\/wp\/v2\/pages\/2459\/revisions"}],"predecessor-version":[{"id":2751,"href":"https:\/\/www2.unifap.br\/executivo\/wp-json\/wp\/v2\/pages\/2459\/revisions\/2751"}],"up":[{"embeddable":true,"href":"https:\/\/www2.unifap.br\/executivo\/wp-json\/wp\/v2\/pages\/2302"}],"wp:attachment":[{"href":"https:\/\/www2.unifap.br\/executivo\/wp-json\/wp\/v2\/media?parent=2459"}],"curies":[{"name":"wp","href":"https:\/\/api.w.org\/{rel}","templated":true}]}}