{"id":3026,"date":"2021-03-22T15:54:52","date_gmt":"2021-03-22T15:54:52","guid":{"rendered":"http:\/\/www2.unifap.br\/executivo\/?page_id=3026"},"modified":"2021-06-22T19:04:46","modified_gmt":"2021-06-22T19:04:46","slug":"mapas-de-ofertas","status":"publish","type":"page","link":"https:\/\/www2.unifap.br\/executivo\/mapas-de-ofertas\/","title":{"rendered":"MAPAS DE OFERTAS"},"content":{"rendered":"\t\t<div data-elementor-type=\"wp-page\" data-elementor-id=\"3026\" class=\"elementor elementor-3026\">\n\t\t\t\t\t\t<section class=\"elementor-section elementor-top-section elementor-element elementor-element-b93c4fe elementor-section-boxed elementor-section-height-default elementor-section-height-default\" data-id=\"b93c4fe\" data-element_type=\"section\" data-e-type=\"section\">\n\t\t\t\t\t\t<div class=\"elementor-container elementor-column-gap-default\">\n\t\t\t\t\t<div class=\"elementor-column elementor-col-100 elementor-top-column elementor-element elementor-element-ae3d82b\" data-id=\"ae3d82b\" data-element_type=\"column\" data-e-type=\"column\">\n\t\t\t<div class=\"elementor-widget-wrap elementor-element-populated\">\n\t\t\t\t\t\t<div class=\"elementor-element elementor-element-93e2f79 elementor-widget elementor-widget-spacer\" data-id=\"93e2f79\" data-element_type=\"widget\" data-e-type=\"widget\" data-widget_type=\"spacer.default\">\n\t\t\t\t<div class=\"elementor-widget-container\">\n\t\t\t\t\t\t\t<div class=\"elementor-spacer\">\n\t\t\t<div class=\"elementor-spacer-inner\"><\/div>\n\t\t<\/div>\n\t\t\t\t\t\t<\/div>\n\t\t\t\t<\/div>\n\t\t\t\t\t<\/div>\n\t\t<\/div>\n\t\t\t\t\t<\/div>\n\t\t<\/section>\n\t\t\t\t<section class=\"elementor-section elementor-top-section elementor-element elementor-element-329ae44 elementor-section-boxed elementor-section-height-default elementor-section-height-default\" data-id=\"329ae44\" data-element_type=\"section\" data-e-type=\"section\">\n\t\t\t\t\t\t<div class=\"elementor-container elementor-column-gap-default\">\n\t\t\t\t\t<div class=\"elementor-column elementor-col-100 elementor-top-column elementor-element elementor-element-69a1efe\" data-id=\"69a1efe\" data-element_type=\"column\" data-e-type=\"column\">\n\t\t\t<div class=\"elementor-widget-wrap elementor-element-populated\">\n\t\t\t\t\t\t<div class=\"elementor-element elementor-element-9ebd32c elementor-widget elementor-widget-image\" data-id=\"9ebd32c\" data-element_type=\"widget\" data-e-type=\"widget\" data-widget_type=\"image.default\">\n\t\t\t\t<div class=\"elementor-widget-container\">\n\t\t\t\t\t\t\t\t\t\t\t\t\t\t\t<img fetchpriority=\"high\" decoding=\"async\" width=\"768\" height=\"520\" src=\"https:\/\/www2.unifap.br\/executivo\/files\/2021\/06\/22-768x520.jpg\" class=\"attachment-medium_large size-medium_large wp-image-3093\" alt=\"\" srcset=\"https:\/\/www2.unifap.br\/executivo\/files\/2021\/06\/22-768x520.jpg 768w, https:\/\/www2.unifap.br\/executivo\/files\/2021\/06\/22-300x203.jpg 300w, https:\/\/www2.unifap.br\/executivo\/files\/2021\/06\/22.jpg 878w\" sizes=\"(max-width: 768px) 100vw, 768px\" \/>\t\t\t\t\t\t\t\t\t\t\t\t\t\t\t<\/div>\n\t\t\t\t<\/div>\n\t\t\t\t\t<\/div>\n\t\t<\/div>\n\t\t\t\t\t<\/div>\n\t\t<\/section>\n\t\t\t\t<section class=\"elementor-section elementor-top-section elementor-element elementor-element-dc62b72 elementor-section-boxed elementor-section-height-default elementor-section-height-default\" data-id=\"dc62b72\" data-element_type=\"section\" data-e-type=\"section\">\n\t\t\t\t\t\t<div class=\"elementor-container elementor-column-gap-default\">\n\t\t\t\t\t<div class=\"elementor-column elementor-col-100 elementor-top-column elementor-element elementor-element-6377989\" data-id=\"6377989\" data-element_type=\"column\" data-e-type=\"column\">\n\t\t\t<div class=\"elementor-widget-wrap elementor-element-populated\">\n\t\t\t\t\t\t<div class=\"elementor-element elementor-element-896f22c elementor-widget elementor-widget-spacer\" data-id=\"896f22c\" data-element_type=\"widget\" data-e-type=\"widget\" data-widget_type=\"spacer.default\">\n\t\t\t\t<div class=\"elementor-widget-container\">\n\t\t\t\t\t\t\t<div class=\"elementor-spacer\">\n\t\t\t<div class=\"elementor-spacer-inner\"><\/div>\n\t\t<\/div>\n\t\t\t\t\t\t<\/div>\n\t\t\t\t<\/div>\n\t\t\t\t\t<\/div>\n\t\t<\/div>\n\t\t\t\t\t<\/div>\n\t\t<\/section>\n\t\t\t\t<section class=\"elementor-section elementor-top-section elementor-element elementor-element-9db06d0 elementor-section-boxed elementor-section-height-default elementor-section-height-default\" data-id=\"9db06d0\" data-element_type=\"section\" data-e-type=\"section\">\n\t\t\t\t\t\t<div class=\"elementor-container elementor-column-gap-default\">\n\t\t\t\t\t<div class=\"elementor-column elementor-col-100 elementor-top-column elementor-element elementor-element-76353ac\" data-id=\"76353ac\" data-element_type=\"column\" data-e-type=\"column\">\n\t\t\t<div class=\"elementor-widget-wrap elementor-element-populated\">\n\t\t\t\t\t\t<div class=\"elementor-element elementor-element-43ec937 elementor-widget elementor-widget-text-editor\" data-id=\"43ec937\" data-element_type=\"widget\" data-e-type=\"widget\" data-widget_type=\"text-editor.default\">\n\t\t\t\t<div class=\"elementor-widget-container\">\n\t\t\t\t\t\t\t\t\t<p style=\"text-align: center\"><strong><span style=\"font-size: x-large\"> Calend\u00e1rio de Aulas do Semestre 2020.2 &#8211;\u00a0 SECRETARIADO EXECUTIVO<\/span><\/strong><\/p>\t\t\t\t\t\t\t\t<\/div>\n\t\t\t\t<\/div>\n\t\t\t\t\t<\/div>\n\t\t<\/div>\n\t\t\t\t\t<\/div>\n\t\t<\/section>\n\t\t\t\t<section class=\"elementor-section elementor-top-section elementor-element elementor-element-0f5179d elementor-section-boxed elementor-section-height-default elementor-section-height-default\" data-id=\"0f5179d\" data-element_type=\"section\" data-e-type=\"section\">\n\t\t\t\t\t\t<div class=\"elementor-container elementor-column-gap-default\">\n\t\t\t\t\t<div class=\"elementor-column elementor-col-100 elementor-top-column elementor-element elementor-element-957c5f4\" data-id=\"957c5f4\" data-element_type=\"column\" data-e-type=\"column\">\n\t\t\t<div class=\"elementor-widget-wrap elementor-element-populated\">\n\t\t\t\t\t\t<div class=\"elementor-element elementor-element-5102287 elementor-widget elementor-widget-text-editor\" data-id=\"5102287\" data-element_type=\"widget\" data-e-type=\"widget\" data-widget_type=\"text-editor.default\">\n\t\t\t\t<div class=\"elementor-widget-container\">\n\t\t\t\t\t\t\t\t\t<p style=\"text-align: justify\"><span style=\"color: #000000\"><span style=\"font-size: large\">Em 19 de fevereiro de 2021 a UNIFAP, atrav\u00e9s da <span style=\"color: #0000ff\"><a style=\"color: #0000ff\" href=\"https:\/\/www2.unifap.br\/arquitetura\/files\/2021\/03\/Res._5-2021.pdf\">RESOLU\u00c7\u00c3O (CONSU) N\u00ba 5 \/ 2021,<\/a><\/span> regulamentou a reativa\u00e7\u00e3o do Ano Letivo de 2020, em car\u00e1ter excepcional, e do <span style=\"color: #0000ff\"><a style=\"color: #0000ff\" href=\"https:\/\/www2.unifap.br\/secretariado\/files\/2021\/03\/Calend%c3%a1rio-Acad%c3%aamico_2020.1.pdf\">Calend\u00e1rio 2020.1, 2020.2 e 2021.1.<\/a><\/span><\/span><\/span><\/p>\t\t\t\t\t\t\t\t<\/div>\n\t\t\t\t<\/div>\n\t\t\t\t\t<\/div>\n\t\t<\/div>\n\t\t\t\t\t<\/div>\n\t\t<\/section>\n\t\t\t\t<section class=\"elementor-section elementor-top-section elementor-element elementor-element-26bd51b elementor-section-boxed elementor-section-height-default elementor-section-height-default\" data-id=\"26bd51b\" data-element_type=\"section\" data-e-type=\"section\">\n\t\t\t\t\t\t<div class=\"elementor-container elementor-column-gap-default\">\n\t\t\t\t\t<div class=\"elementor-column elementor-col-100 elementor-top-column elementor-element elementor-element-deb710c\" data-id=\"deb710c\" data-element_type=\"column\" data-e-type=\"column\">\n\t\t\t<div class=\"elementor-widget-wrap elementor-element-populated\">\n\t\t\t\t\t\t<div class=\"elementor-element elementor-element-52b2a68 elementor-widget elementor-widget-text-editor\" data-id=\"52b2a68\" data-element_type=\"widget\" data-e-type=\"widget\" data-widget_type=\"text-editor.default\">\n\t\t\t\t<div class=\"elementor-widget-container\">\n\t\t\t\t\t\t\t\t\t<h4><span style=\"font-size: large\"><span style=\"color: #ff0000\"><strong><span style=\"text-decoration: underline\">INFORMA\u00c7\u00d5ES IMPORTANTES<\/span>:<\/strong><\/span><\/span><\/h4>\n<ul>\n \t<span style=\"font-size: large\"><li><span style=\"color: #000000\">O semestre letivo 2020.2 ter\u00e1 <strong>in\u00edcio das aulas no dia 05\/07\/2021<\/strong> e <strong>t\u00e9rmino no dia 28\/09\/2021<\/strong>, totalizando <strong>72 dias letivos<\/strong>.<\/span><\/li>\n \t<li><span style=\"color: #000000\">O Colegiado de Secretariado Executivo trabalhar\u00e1 com a modalidade de ENSINO REMOTO.<\/span><\/li>\n \t<li><span style=\"color: #000000\">Per\u00edodo de matr\u00edcula: <strong>18\/06\/2021 \u00e0 25\/06\/2021<\/strong><\/span><\/li>\n \t<li><span style=\"color: #000000\">Per\u00edodo de ajuste de matr\u00edcula: <strong>28\/06\/2021 \u00e0 30\/06\/2021<\/strong><\/span><\/li>\n \t<li><span style=\"color: #000000\">Disciplinas ofertadas para o semestre letivo 2020.2 pelo curso de Secretariado Executivo:<\/span><\/li>\n<\/ul>\t\t\t\t\t\t\t\t<\/div>\n\t\t\t\t<\/div>\n\t\t\t\t\t<\/div>\n\t\t<\/div>\n\t\t\t\t\t<\/div>\n\t\t<\/section>\n\t\t\t\t<section class=\"elementor-section elementor-top-section elementor-element elementor-element-8f05daa elementor-section-boxed elementor-section-height-default elementor-section-height-default\" data-id=\"8f05daa\" data-element_type=\"section\" data-e-type=\"section\">\n\t\t\t\t\t\t<div class=\"elementor-container elementor-column-gap-default\">\n\t\t\t\t\t<div class=\"elementor-column elementor-col-100 elementor-top-column elementor-element elementor-element-4884280\" data-id=\"4884280\" data-element_type=\"column\" data-e-type=\"column\">\n\t\t\t<div class=\"elementor-widget-wrap elementor-element-populated\">\n\t\t\t\t\t\t<div class=\"elementor-element elementor-element-d3114c2 elementor-widget elementor-widget-text-editor\" data-id=\"d3114c2\" data-element_type=\"widget\" data-e-type=\"widget\" data-widget_type=\"text-editor.default\">\n\t\t\t\t<div class=\"elementor-widget-container\">\n\t\t\t\t\t\t\t\t\t<table width=\"678\"><tbody><tr><td width=\"78\"><p><span style=\"color: #000000\"><strong>C\u00d3DIGO<\/strong><\/span><\/p><\/td><td width=\"293\"><p><span style=\"color: #000000\"><strong>DISCIPLINA<\/strong><\/span><\/p><\/td><td width=\"308\"><p><span style=\"color: #000000\"><strong>DOCENTE<\/strong><\/span><\/p><\/td><\/tr><tr><td width=\"78\"><p><span style=\"color: #000000\"><strong>CE1204<\/strong><\/span><\/p><\/td><td width=\"293\"><p><span style=\"color: #000000\"><strong>EST\u00c1GIO SUPERVISIONADO IV<\/strong><\/span><\/p><\/td><td width=\"308\"><p><span style=\"color: #000000\"><strong>PROF\u00aa ROSIANE G\u00d3ES<\/strong><\/span><\/p><\/td><\/tr><tr><td width=\"78\"><p><span style=\"color: #000000\"><strong>CS1155<\/strong><\/span><\/p><\/td><td width=\"293\"><p><span style=\"color: #000000\"><strong>TCC II<\/strong><\/span><\/p><\/td><td width=\"308\"><p><span style=\"color: #000000\"><strong>PROF\u00aa ELIANA PAIX\u00c3O<\/strong><\/span><\/p><\/td><\/tr><tr><td width=\"78\"><p><span style=\"color: #000000\"><strong>LA0145<\/strong><\/span><\/p><\/td><td width=\"293\"><p><span style=\"color: #000000\"><strong>L\u00cdNGUA PORTUGUESA III<\/strong><\/span><\/p><\/td><td width=\"308\"><p><span style=\"color: #000000\"><strong>PROF\u00aa INAJARA AMANDA<\/strong><\/span><\/p><\/td><\/tr><\/tbody><\/table>\t\t\t\t\t\t\t\t<\/div>\n\t\t\t\t<\/div>\n\t\t\t\t\t<\/div>\n\t\t<\/div>\n\t\t\t\t\t<\/div>\n\t\t<\/section>\n\t\t\t\t<section class=\"elementor-section elementor-top-section elementor-element elementor-element-d19132e elementor-section-boxed elementor-section-height-default elementor-section-height-default\" data-id=\"d19132e\" data-element_type=\"section\" data-e-type=\"section\">\n\t\t\t\t\t\t<div class=\"elementor-container elementor-column-gap-default\">\n\t\t\t\t\t<div class=\"elementor-column elementor-col-100 elementor-top-column elementor-element elementor-element-1965906\" data-id=\"1965906\" data-element_type=\"column\" data-e-type=\"column\">\n\t\t\t<div class=\"elementor-widget-wrap elementor-element-populated\">\n\t\t\t\t\t\t<div class=\"elementor-element elementor-element-9a336d4 elementor-widget elementor-widget-spacer\" data-id=\"9a336d4\" data-element_type=\"widget\" data-e-type=\"widget\" data-widget_type=\"spacer.default\">\n\t\t\t\t<div class=\"elementor-widget-container\">\n\t\t\t\t\t\t\t<div class=\"elementor-spacer\">\n\t\t\t<div class=\"elementor-spacer-inner\"><\/div>\n\t\t<\/div>\n\t\t\t\t\t\t<\/div>\n\t\t\t\t<\/div>\n\t\t\t\t\t<\/div>\n\t\t<\/div>\n\t\t\t\t\t<\/div>\n\t\t<\/section>\n\t\t\t\t<section class=\"elementor-section elementor-top-section elementor-element elementor-element-9c4e018 elementor-section-boxed elementor-section-height-default elementor-section-height-default\" data-id=\"9c4e018\" data-element_type=\"section\" data-e-type=\"section\">\n\t\t\t\t\t\t<div class=\"elementor-container elementor-column-gap-default\">\n\t\t\t\t\t<div class=\"elementor-column elementor-col-100 elementor-top-column elementor-element elementor-element-c7a496c\" data-id=\"c7a496c\" data-element_type=\"column\" data-e-type=\"column\">\n\t\t\t<div class=\"elementor-widget-wrap elementor-element-populated\">\n\t\t\t\t\t\t<div class=\"elementor-element elementor-element-5727561 elementor-widget elementor-widget-text-editor\" data-id=\"5727561\" data-element_type=\"widget\" data-e-type=\"widget\" data-widget_type=\"text-editor.default\">\n\t\t\t\t<div class=\"elementor-widget-container\">\n\t\t\t\t\t\t\t\t\t<p style=\"text-align: center\"><strong><span style=\"color: #000000;font-size: x-large\">Disciplinas que ser\u00e3o ofertadas no semestre letivo 2020.2\u00a0<\/span><\/strong><\/p>\t\t\t\t\t\t\t\t<\/div>\n\t\t\t\t<\/div>\n\t\t\t\t\t<\/div>\n\t\t<\/div>\n\t\t\t\t\t<\/div>\n\t\t<\/section>\n\t\t\t\t<section class=\"elementor-section elementor-top-section elementor-element elementor-element-b39e6b3 elementor-section-boxed elementor-section-height-default elementor-section-height-default\" data-id=\"b39e6b3\" data-element_type=\"section\" data-e-type=\"section\">\n\t\t\t\t\t\t<div class=\"elementor-container elementor-column-gap-default\">\n\t\t\t\t\t<div class=\"elementor-column elementor-col-100 elementor-top-column elementor-element elementor-element-aae71bc\" data-id=\"aae71bc\" data-element_type=\"column\" data-e-type=\"column\">\n\t\t\t<div class=\"elementor-widget-wrap elementor-element-populated\">\n\t\t\t\t\t\t<div class=\"elementor-element elementor-element-eac68de elementor-widget elementor-widget-image\" data-id=\"eac68de\" data-element_type=\"widget\" data-e-type=\"widget\" data-widget_type=\"image.default\">\n\t\t\t\t<div class=\"elementor-widget-container\">\n\t\t\t\t\t\t\t\t\t\t\t\t\t\t\t<img decoding=\"async\" width=\"1465\" height=\"679\" src=\"https:\/\/www2.unifap.br\/executivo\/files\/2021\/06\/01.jpg\" class=\"attachment-full size-full wp-image-3089\" alt=\"\" srcset=\"https:\/\/www2.unifap.br\/executivo\/files\/2021\/06\/01.jpg 1465w, https:\/\/www2.unifap.br\/executivo\/files\/2021\/06\/01-300x139.jpg 300w, https:\/\/www2.unifap.br\/executivo\/files\/2021\/06\/01-1024x475.jpg 1024w, https:\/\/www2.unifap.br\/executivo\/files\/2021\/06\/01-768x356.jpg 768w\" sizes=\"(max-width: 1465px) 100vw, 1465px\" \/>\t\t\t\t\t\t\t\t\t\t\t\t\t\t\t<\/div>\n\t\t\t\t<\/div>\n\t\t\t\t\t<\/div>\n\t\t<\/div>\n\t\t\t\t\t<\/div>\n\t\t<\/section>\n\t\t\t\t<section class=\"elementor-section elementor-top-section elementor-element elementor-element-28b42a1 elementor-section-boxed elementor-section-height-default elementor-section-height-default\" data-id=\"28b42a1\" data-element_type=\"section\" data-e-type=\"section\">\n\t\t\t\t\t\t<div class=\"elementor-container elementor-column-gap-default\">\n\t\t\t\t\t<div class=\"elementor-column elementor-col-100 elementor-top-column elementor-element elementor-element-e754764\" data-id=\"e754764\" data-element_type=\"column\" data-e-type=\"column\">\n\t\t\t<div class=\"elementor-widget-wrap elementor-element-populated\">\n\t\t\t\t\t\t<div class=\"elementor-element elementor-element-558b713 elementor-widget elementor-widget-spacer\" data-id=\"558b713\" data-element_type=\"widget\" data-e-type=\"widget\" data-widget_type=\"spacer.default\">\n\t\t\t\t<div class=\"elementor-widget-container\">\n\t\t\t\t\t\t\t<div class=\"elementor-spacer\">\n\t\t\t<div class=\"elementor-spacer-inner\"><\/div>\n\t\t<\/div>\n\t\t\t\t\t\t<\/div>\n\t\t\t\t<\/div>\n\t\t\t\t\t<\/div>\n\t\t<\/div>\n\t\t\t\t\t<\/div>\n\t\t<\/section>\n\t\t\t\t<section class=\"elementor-section elementor-top-section elementor-element elementor-element-fb97d49 elementor-section-boxed elementor-section-height-default elementor-section-height-default\" data-id=\"fb97d49\" data-element_type=\"section\" data-e-type=\"section\">\n\t\t\t\t\t\t<div class=\"elementor-container elementor-column-gap-default\">\n\t\t\t\t\t<div class=\"elementor-column elementor-col-100 elementor-top-column elementor-element elementor-element-6b8ced8\" data-id=\"6b8ced8\" data-element_type=\"column\" data-e-type=\"column\">\n\t\t\t<div class=\"elementor-widget-wrap elementor-element-populated\">\n\t\t\t\t\t\t<div class=\"elementor-element elementor-element-d3f83a8 elementor-button-info elementor-widget elementor-widget-button\" data-id=\"d3f83a8\" data-element_type=\"widget\" data-e-type=\"widget\" data-widget_type=\"button.default\">\n\t\t\t\t<div class=\"elementor-widget-container\">\n\t\t\t\t\t\t\t\t\t<div class=\"elementor-button-wrapper\">\n\t\t\t\t\t<a class=\"elementor-button elementor-button-link elementor-size-sm\" href=\"https:\/\/www2.unifap.br\/executivo\/\">\n\t\t\t\t\t\t<span class=\"elementor-button-content-wrapper\">\n\t\t\t\t\t\t<span class=\"elementor-button-icon\">\n\t\t\t\t<i aria-hidden=\"true\" class=\"fas fa-home\"><\/i>\t\t\t<\/span>\n\t\t\t\t\t\t\t\t\t<span class=\"elementor-button-text\">Voltar<\/span>\n\t\t\t\t\t<\/span>\n\t\t\t\t\t<\/a>\n\t\t\t\t<\/div>\n\t\t\t\t\t\t\t\t<\/div>\n\t\t\t\t<\/div>\n\t\t\t\t\t<\/div>\n\t\t<\/div>\n\t\t\t\t\t<\/div>\n\t\t<\/section>\n\t\t\t\t<\/div>\n\t\t","protected":false},"excerpt":{"rendered":"<p>Calend\u00e1rio de Aulas do Semestre 2020.2 &#8211;\u00a0 SECRETARIADO EXECUTIVO Em 19 de fevereiro de 2021 a UNIFAP, atrav\u00e9s da RESOLU\u00c7\u00c3O (CONSU) N\u00ba 5 \/ 2021, regulamentou a reativa\u00e7\u00e3o do Ano Letivo de 2020, em car\u00e1ter excepcional, e do Calend\u00e1rio 2020.1, 2020.2 e 2021.1. INFORMA\u00c7\u00d5ES IMPORTANTES: O semestre letivo 2020.2 ter\u00e1 in\u00edcio das aulas no dia&#8230;<\/p>\n","protected":false},"author":3888,"featured_media":0,"parent":0,"menu_order":0,"comment_status":"closed","ping_status":"closed","template":"elementor_header_footer","meta":{"inline_featured_image":false,"ngg_post_thumbnail":0,"footnotes":""},"class_list":["post-3026","page","type-page","status-publish","hentry","entry"],"_links":{"self":[{"href":"https:\/\/www2.unifap.br\/executivo\/wp-json\/wp\/v2\/pages\/3026","targetHints":{"allow":["GET"]}}],"collection":[{"href":"https:\/\/www2.unifap.br\/executivo\/wp-json\/wp\/v2\/pages"}],"about":[{"href":"https:\/\/www2.unifap.br\/executivo\/wp-json\/wp\/v2\/types\/page"}],"author":[{"embeddable":true,"href":"https:\/\/www2.unifap.br\/executivo\/wp-json\/wp\/v2\/users\/3888"}],"replies":[{"embeddable":true,"href":"https:\/\/www2.unifap.br\/executivo\/wp-json\/wp\/v2\/comments?post=3026"}],"version-history":[{"count":11,"href":"https:\/\/www2.unifap.br\/executivo\/wp-json\/wp\/v2\/pages\/3026\/revisions"}],"predecessor-version":[{"id":3097,"href":"https:\/\/www2.unifap.br\/executivo\/wp-json\/wp\/v2\/pages\/3026\/revisions\/3097"}],"wp:attachment":[{"href":"https:\/\/www2.unifap.br\/executivo\/wp-json\/wp\/v2\/media?parent=3026"}],"curies":[{"name":"wp","href":"https:\/\/api.w.org\/{rel}","templated":true}]}}