{"id":3039,"date":"2021-03-24T01:57:49","date_gmt":"2021-03-24T01:57:49","guid":{"rendered":"http:\/\/www2.unifap.br\/executivo\/?page_id=3039"},"modified":"2021-06-22T20:39:50","modified_gmt":"2021-06-22T20:39:50","slug":"disciplinas-equivalentes","status":"publish","type":"page","link":"https:\/\/www2.unifap.br\/executivo\/disciplinas-equivalentes\/","title":{"rendered":"Disciplinas Equivalentes"},"content":{"rendered":"\t\t<div data-elementor-type=\"wp-page\" data-elementor-id=\"3039\" class=\"elementor elementor-3039\">\n\t\t\t\t\t\t<section class=\"elementor-section elementor-top-section elementor-element elementor-element-ada7866 elementor-section-boxed elementor-section-height-default elementor-section-height-default\" data-id=\"ada7866\" data-element_type=\"section\" data-e-type=\"section\">\n\t\t\t\t\t\t<div class=\"elementor-container elementor-column-gap-default\">\n\t\t\t\t\t<div class=\"elementor-column elementor-col-100 elementor-top-column elementor-element elementor-element-34c341d\" data-id=\"34c341d\" data-element_type=\"column\" data-e-type=\"column\">\n\t\t\t<div class=\"elementor-widget-wrap\">\n\t\t\t\t\t\t\t<\/div>\n\t\t<\/div>\n\t\t\t\t\t<\/div>\n\t\t<\/section>\n\t\t\t\t<section class=\"elementor-section elementor-top-section elementor-element elementor-element-634d156 elementor-section-boxed elementor-section-height-default elementor-section-height-default\" data-id=\"634d156\" data-element_type=\"section\" data-e-type=\"section\">\n\t\t\t\t\t\t<div class=\"elementor-container elementor-column-gap-default\">\n\t\t\t\t\t<div class=\"elementor-column elementor-col-100 elementor-top-column elementor-element elementor-element-575edf0\" data-id=\"575edf0\" data-element_type=\"column\" data-e-type=\"column\">\n\t\t\t<div class=\"elementor-widget-wrap elementor-element-populated\">\n\t\t\t\t\t\t<div class=\"elementor-element elementor-element-24193d4 elementor-widget elementor-widget-image\" data-id=\"24193d4\" data-element_type=\"widget\" data-e-type=\"widget\" data-widget_type=\"image.default\">\n\t\t\t\t<div class=\"elementor-widget-container\">\n\t\t\t\t\t\t\t\t\t\t\t\t\t\t\t<img fetchpriority=\"high\" decoding=\"async\" width=\"1144\" height=\"535\" src=\"https:\/\/www2.unifap.br\/executivo\/files\/2021\/03\/Capturar.jpg\" class=\"attachment-full size-full wp-image-3042\" alt=\"\" srcset=\"https:\/\/www2.unifap.br\/executivo\/files\/2021\/03\/Capturar.jpg 1144w, https:\/\/www2.unifap.br\/executivo\/files\/2021\/03\/Capturar-300x140.jpg 300w, https:\/\/www2.unifap.br\/executivo\/files\/2021\/03\/Capturar-1024x479.jpg 1024w, https:\/\/www2.unifap.br\/executivo\/files\/2021\/03\/Capturar-768x359.jpg 768w\" sizes=\"(max-width: 1144px) 100vw, 1144px\" \/>\t\t\t\t\t\t\t\t\t\t\t\t\t\t\t<\/div>\n\t\t\t\t<\/div>\n\t\t\t\t\t<\/div>\n\t\t<\/div>\n\t\t\t\t\t<\/div>\n\t\t<\/section>\n\t\t\t\t<section class=\"elementor-section elementor-top-section elementor-element elementor-element-e7a220f elementor-section-boxed elementor-section-height-default elementor-section-height-default\" data-id=\"e7a220f\" data-element_type=\"section\" data-e-type=\"section\">\n\t\t\t\t\t\t<div class=\"elementor-container elementor-column-gap-default\">\n\t\t\t\t\t<div class=\"elementor-column elementor-col-100 elementor-top-column elementor-element elementor-element-61edc56\" data-id=\"61edc56\" data-element_type=\"column\" data-e-type=\"column\">\n\t\t\t<div class=\"elementor-widget-wrap elementor-element-populated\">\n\t\t\t\t\t\t<div class=\"elementor-element elementor-element-7fa791f elementor-widget elementor-widget-text-editor\" data-id=\"7fa791f\" data-element_type=\"widget\" data-e-type=\"widget\" data-widget_type=\"text-editor.default\">\n\t\t\t\t<div class=\"elementor-widget-container\">\n\t\t\t\t\t\t\t\t\t<h3 style=\"text-align: center\"><span style=\"color: #000000\"><strong>Disciplinas Equivalentes ofertadas por outros cursos na Retomada do Semestre 2020.2<\/strong><\/span><\/h3><p><span style=\"color: #000000\">Conforme <strong>Resolu\u00e7\u00e3o n\u00ba 05\/2018 \u2013 CONSU<\/strong>, datada de 25 de Janeiro de 2018, que declara a extin\u00e7\u00e3o do Curso de Bacharelado em Secretariado Executivo da UNIFAP, e em seu <strong>art. 2\u00ba<\/strong> garante<b> <\/b>a oferta de componentes curriculares at\u00e9 o ano de 2022. Para garantir o cumprimento dos componentes curriculares que ainda faltam ser cumpridos pelos discentes, a Coordena\u00e7\u00e3o do Curso faz uso da <strong>Equival\u00eancia de Disciplinas<\/strong>\u00a0como alternativa para concluir o curso.<\/span><\/p><p><span style=\"color: #000000\">A <strong>Equival\u00eancia de Disciplinas<\/strong>\u00a0\u00e9 o reconhecimento formal de que duas ou mais disciplinas, em dado momento, t\u00eam valores semelhantes para o curr\u00edculo, sendo avaliada pela coordena\u00e7\u00e3o, docentes que comp\u00f5em o colegiado e Departamento de Registro Acad\u00eamico \u2013 DERCA, a compatibilidade em elas, principalmente de carga hor\u00e1ria e conte\u00fado.<\/span><\/p><p><span style=\"color: #000000\">Sendo assim, a coordena\u00e7\u00e3o est\u00e1 disponibilizando um quadro de disciplinas que ser\u00e3o ofertadas no semestre 2020.2 por diversos cursos que comp\u00f5em o Departamento de Filosofia e Ci\u00eancias Humanas \u2013 DFCH, para que os discentes possam fazer a an\u00e1lise de seus hist\u00f3ricos e realizar matr\u00edcula em disciplinas equivalentes em outros cursos.\u00a0<\/span><\/p><p><span style=\"color: #ff0000\"><strong>INFORMA\u00c7\u00d5ES IMPORTANTES:<\/strong><\/span><\/p><ul><li><span style=\"color: #000000\">No quadro disponibilizado est\u00e3o as disciplinas da grade curricular do curso de Secretariado Executivo, bem como seus c\u00f3digos e cargas hor\u00e1rias;<\/span><\/li><li><span style=\"color: #000000\">No quadro tamb\u00e9m est\u00e3o discriminadas as disciplinas da grade curricular dos demais cursos, avaliadas como equivalentes, com os seus respectivos c\u00f3digos, cargas hor\u00e1rias, docente que ir\u00e1 ministrar e hor\u00e1rios que est\u00e3o sendo ofertadas;<\/span><\/li><li><span style=\"color: #000000\">Per\u00edodo de matr\u00edcula: <strong>18\/06\/2021 \u00e0 25\/06\/2021.<\/strong><\/span><\/li><\/ul>\t\t\t\t\t\t\t\t<\/div>\n\t\t\t\t<\/div>\n\t\t\t\t\t<\/div>\n\t\t<\/div>\n\t\t\t\t\t<\/div>\n\t\t<\/section>\n\t\t\t\t<section class=\"elementor-section elementor-top-section elementor-element elementor-element-bb94477 elementor-section-boxed elementor-section-height-default elementor-section-height-default\" data-id=\"bb94477\" data-element_type=\"section\" data-e-type=\"section\">\n\t\t\t\t\t\t<div class=\"elementor-container elementor-column-gap-default\">\n\t\t\t\t\t<div class=\"elementor-column elementor-col-100 elementor-top-column elementor-element elementor-element-68785b8\" data-id=\"68785b8\" data-element_type=\"column\" data-e-type=\"column\">\n\t\t\t<div class=\"elementor-widget-wrap elementor-element-populated\">\n\t\t\t\t\t\t<div class=\"elementor-element elementor-element-a6e298e elementor-widget elementor-widget-spacer\" data-id=\"a6e298e\" data-element_type=\"widget\" data-e-type=\"widget\" data-widget_type=\"spacer.default\">\n\t\t\t\t<div class=\"elementor-widget-container\">\n\t\t\t\t\t\t\t<div class=\"elementor-spacer\">\n\t\t\t<div class=\"elementor-spacer-inner\"><\/div>\n\t\t<\/div>\n\t\t\t\t\t\t<\/div>\n\t\t\t\t<\/div>\n\t\t\t\t\t<\/div>\n\t\t<\/div>\n\t\t\t\t\t<\/div>\n\t\t<\/section>\n\t\t\t\t<section class=\"elementor-section elementor-top-section elementor-element elementor-element-e7a3fbf elementor-section-boxed elementor-section-height-default elementor-section-height-default\" data-id=\"e7a3fbf\" data-element_type=\"section\" data-e-type=\"section\">\n\t\t\t\t\t\t<div class=\"elementor-container elementor-column-gap-default\">\n\t\t\t\t\t<div class=\"elementor-column elementor-col-100 elementor-top-column elementor-element elementor-element-c93fdbe\" data-id=\"c93fdbe\" data-element_type=\"column\" data-e-type=\"column\">\n\t\t\t<div class=\"elementor-widget-wrap elementor-element-populated\">\n\t\t\t\t\t\t<div class=\"elementor-element elementor-element-f63963b elementor-widget elementor-widget-image\" data-id=\"f63963b\" data-element_type=\"widget\" data-e-type=\"widget\" data-widget_type=\"image.default\">\n\t\t\t\t<div class=\"elementor-widget-container\">\n\t\t\t\t\t\t\t\t\t\t\t\t\t\t\t<img decoding=\"async\" width=\"1646\" height=\"875\" src=\"https:\/\/www2.unifap.br\/executivo\/files\/2021\/06\/Capturar.jpg\" class=\"attachment-full size-full wp-image-3101\" alt=\"\" srcset=\"https:\/\/www2.unifap.br\/executivo\/files\/2021\/06\/Capturar.jpg 1646w, https:\/\/www2.unifap.br\/executivo\/files\/2021\/06\/Capturar-300x159.jpg 300w, https:\/\/www2.unifap.br\/executivo\/files\/2021\/06\/Capturar-1024x544.jpg 1024w, https:\/\/www2.unifap.br\/executivo\/files\/2021\/06\/Capturar-768x408.jpg 768w, https:\/\/www2.unifap.br\/executivo\/files\/2021\/06\/Capturar-1536x817.jpg 1536w\" sizes=\"(max-width: 1646px) 100vw, 1646px\" \/>\t\t\t\t\t\t\t\t\t\t\t\t\t\t\t<\/div>\n\t\t\t\t<\/div>\n\t\t\t\t\t<\/div>\n\t\t<\/div>\n\t\t\t\t\t<\/div>\n\t\t<\/section>\n\t\t\t\t<section class=\"elementor-section elementor-top-section elementor-element elementor-element-3f79b0a elementor-section-boxed elementor-section-height-default elementor-section-height-default\" data-id=\"3f79b0a\" data-element_type=\"section\" data-e-type=\"section\">\n\t\t\t\t\t\t<div class=\"elementor-container elementor-column-gap-default\">\n\t\t\t\t\t<div class=\"elementor-column elementor-col-100 elementor-top-column elementor-element elementor-element-0a84894\" data-id=\"0a84894\" data-element_type=\"column\" data-e-type=\"column\">\n\t\t\t<div class=\"elementor-widget-wrap elementor-element-populated\">\n\t\t\t\t\t\t<div class=\"elementor-element elementor-element-1c5d240 elementor-widget elementor-widget-text-editor\" data-id=\"1c5d240\" data-element_type=\"widget\" data-e-type=\"widget\" data-widget_type=\"text-editor.default\">\n\t\t\t\t<div class=\"elementor-widget-container\">\n\t\t\t\t\t\t\t\t\t<p>\u00a0<\/p><p>\u00a0<\/p><ul><li><span style=\"color: #000000\"><strong><span style=\"color: #ff0000\"><strong>IMPORTANTE<\/strong><\/span>:<\/strong>\u00a0Ao se matricular em equival\u00eancia, \u00e9 de responsabilidade do acad\u00eamico entrar em contato com a turma\/ professor\/ coordena\u00e7\u00e3o do curso que est\u00e1 ofertando a disciplina para obter as informa\u00e7\u00f5es, links de aulas e outros.<\/span><\/li><\/ul><p>\u00a0<\/p>\t\t\t\t\t\t\t\t<\/div>\n\t\t\t\t<\/div>\n\t\t\t\t\t<\/div>\n\t\t<\/div>\n\t\t\t\t\t<\/div>\n\t\t<\/section>\n\t\t\t\t<section class=\"elementor-section elementor-top-section elementor-element elementor-element-3780faf6 elementor-section-boxed elementor-section-height-default elementor-section-height-default\" data-id=\"3780faf6\" data-element_type=\"section\" data-e-type=\"section\">\n\t\t\t\t\t\t<div class=\"elementor-container elementor-column-gap-default\">\n\t\t\t\t\t<div class=\"elementor-column elementor-col-100 elementor-top-column elementor-element elementor-element-5e1bd05e\" data-id=\"5e1bd05e\" data-element_type=\"column\" data-e-type=\"column\">\n\t\t\t<div class=\"elementor-widget-wrap elementor-element-populated\">\n\t\t\t\t\t\t<div class=\"elementor-element elementor-element-2f5de735 elementor-button-info elementor-widget elementor-widget-button\" data-id=\"2f5de735\" data-element_type=\"widget\" data-e-type=\"widget\" data-widget_type=\"button.default\">\n\t\t\t\t<div class=\"elementor-widget-container\">\n\t\t\t\t\t\t\t\t\t<div class=\"elementor-button-wrapper\">\n\t\t\t\t\t<a class=\"elementor-button elementor-button-link elementor-size-sm\" href=\"https:\/\/www2.unifap.br\/executivo\/\">\n\t\t\t\t\t\t<span class=\"elementor-button-content-wrapper\">\n\t\t\t\t\t\t<span class=\"elementor-button-icon\">\n\t\t\t\t<i aria-hidden=\"true\" class=\"fas fa-home\"><\/i>\t\t\t<\/span>\n\t\t\t\t\t\t\t\t\t<span class=\"elementor-button-text\">Voltar<\/span>\n\t\t\t\t\t<\/span>\n\t\t\t\t\t<\/a>\n\t\t\t\t<\/div>\n\t\t\t\t\t\t\t\t<\/div>\n\t\t\t\t<\/div>\n\t\t\t\t\t<\/div>\n\t\t<\/div>\n\t\t\t\t\t<\/div>\n\t\t<\/section>\n\t\t\t\t<\/div>\n\t\t","protected":false},"excerpt":{"rendered":"<p>Disciplinas Equivalentes ofertadas por outros cursos na Retomada do Semestre 2020.2 Conforme Resolu\u00e7\u00e3o n\u00ba 05\/2018 \u2013 CONSU, datada de 25 de Janeiro de 2018, que declara a extin\u00e7\u00e3o do Curso de Bacharelado em Secretariado Executivo da UNIFAP, e em seu art. 2\u00ba garante a oferta de componentes curriculares at\u00e9 o ano de 2022. Para garantir&#8230;<\/p>\n","protected":false},"author":3888,"featured_media":0,"parent":0,"menu_order":0,"comment_status":"closed","ping_status":"closed","template":"elementor_header_footer","meta":{"inline_featured_image":false,"ngg_post_thumbnail":0,"footnotes":""},"class_list":["post-3039","page","type-page","status-publish","hentry","entry"],"_links":{"self":[{"href":"https:\/\/www2.unifap.br\/executivo\/wp-json\/wp\/v2\/pages\/3039","targetHints":{"allow":["GET"]}}],"collection":[{"href":"https:\/\/www2.unifap.br\/executivo\/wp-json\/wp\/v2\/pages"}],"about":[{"href":"https:\/\/www2.unifap.br\/executivo\/wp-json\/wp\/v2\/types\/page"}],"author":[{"embeddable":true,"href":"https:\/\/www2.unifap.br\/executivo\/wp-json\/wp\/v2\/users\/3888"}],"replies":[{"embeddable":true,"href":"https:\/\/www2.unifap.br\/executivo\/wp-json\/wp\/v2\/comments?post=3039"}],"version-history":[{"count":16,"href":"https:\/\/www2.unifap.br\/executivo\/wp-json\/wp\/v2\/pages\/3039\/revisions"}],"predecessor-version":[{"id":3107,"href":"https:\/\/www2.unifap.br\/executivo\/wp-json\/wp\/v2\/pages\/3039\/revisions\/3107"}],"wp:attachment":[{"href":"https:\/\/www2.unifap.br\/executivo\/wp-json\/wp\/v2\/media?parent=3039"}],"curies":[{"name":"wp","href":"https:\/\/api.w.org\/{rel}","templated":true}]}}