{"id":3059,"date":"2021-04-19T20:23:00","date_gmt":"2021-04-19T20:23:00","guid":{"rendered":"http:\/\/www2.unifap.br\/executivo\/?page_id=3059"},"modified":"2021-04-19T20:25:42","modified_gmt":"2021-04-19T20:25:42","slug":"atividades-complementares","status":"publish","type":"page","link":"https:\/\/www2.unifap.br\/executivo\/atividades-complementares\/","title":{"rendered":"Atividades Complementares"},"content":{"rendered":"\t\t<div data-elementor-type=\"wp-page\" data-elementor-id=\"3059\" class=\"elementor elementor-3059\">\n\t\t\t\t\t\t<section class=\"elementor-section elementor-top-section elementor-element elementor-element-21818e2 elementor-section-boxed elementor-section-height-default elementor-section-height-default\" data-id=\"21818e2\" data-element_type=\"section\" data-e-type=\"section\">\n\t\t\t\t\t\t<div class=\"elementor-container elementor-column-gap-default\">\n\t\t\t\t\t<div class=\"elementor-column elementor-col-100 elementor-top-column elementor-element elementor-element-79b3aaf\" data-id=\"79b3aaf\" data-element_type=\"column\" data-e-type=\"column\">\n\t\t\t<div class=\"elementor-widget-wrap elementor-element-populated\">\n\t\t\t\t\t\t<div class=\"elementor-element elementor-element-961121f elementor-widget elementor-widget-image\" data-id=\"961121f\" data-element_type=\"widget\" data-e-type=\"widget\" data-widget_type=\"image.default\">\n\t\t\t\t<div class=\"elementor-widget-container\">\n\t\t\t\t\t\t\t\t\t\t\t\t\t\t\t<img fetchpriority=\"high\" decoding=\"async\" width=\"768\" height=\"432\" src=\"https:\/\/www2.unifap.br\/executivo\/files\/2021\/04\/Capa-da-atividades-complementares-768x432.jpg\" class=\"attachment-medium_large size-medium_large wp-image-3060\" alt=\"\" srcset=\"https:\/\/www2.unifap.br\/executivo\/files\/2021\/04\/Capa-da-atividades-complementares-768x432.jpg 768w, https:\/\/www2.unifap.br\/executivo\/files\/2021\/04\/Capa-da-atividades-complementares-300x169.jpg 300w, https:\/\/www2.unifap.br\/executivo\/files\/2021\/04\/Capa-da-atividades-complementares-1024x576.jpg 1024w, https:\/\/www2.unifap.br\/executivo\/files\/2021\/04\/Capa-da-atividades-complementares.jpg 1280w\" sizes=\"(max-width: 768px) 100vw, 768px\" \/>\t\t\t\t\t\t\t\t\t\t\t\t\t\t\t<\/div>\n\t\t\t\t<\/div>\n\t\t\t\t\t<\/div>\n\t\t<\/div>\n\t\t\t\t\t<\/div>\n\t\t<\/section>\n\t\t\t\t<section class=\"elementor-section elementor-top-section elementor-element elementor-element-711bee5 elementor-section-boxed elementor-section-height-default elementor-section-height-default\" data-id=\"711bee5\" data-element_type=\"section\" data-e-type=\"section\">\n\t\t\t\t\t\t<div class=\"elementor-container elementor-column-gap-default\">\n\t\t\t\t\t<div class=\"elementor-column elementor-col-100 elementor-top-column elementor-element elementor-element-1f4c542\" data-id=\"1f4c542\" data-element_type=\"column\" data-e-type=\"column\">\n\t\t\t<div class=\"elementor-widget-wrap elementor-element-populated\">\n\t\t\t\t\t\t<div class=\"elementor-element elementor-element-35ac5ea elementor-widget elementor-widget-heading\" data-id=\"35ac5ea\" data-element_type=\"widget\" data-e-type=\"widget\" data-widget_type=\"heading.default\">\n\t\t\t\t<div class=\"elementor-widget-container\">\n\t\t\t\t\t<h2 class=\"elementor-heading-title elementor-size-default\">REGISTRO DE CERTIFICADOS PARA ATIVIDADES COMPLEMENTARES\n SECRETARIADO EXECUTIVO\n<\/h2>\t\t\t\t<\/div>\n\t\t\t\t<\/div>\n\t\t\t\t\t<\/div>\n\t\t<\/div>\n\t\t\t\t\t<\/div>\n\t\t<\/section>\n\t\t\t\t<section class=\"elementor-section elementor-top-section elementor-element elementor-element-f64ef79 elementor-section-boxed elementor-section-height-default elementor-section-height-default\" data-id=\"f64ef79\" data-element_type=\"section\" data-e-type=\"section\">\n\t\t\t\t\t\t<div class=\"elementor-container elementor-column-gap-default\">\n\t\t\t\t\t<div class=\"elementor-column elementor-col-100 elementor-top-column elementor-element elementor-element-b518d2e\" data-id=\"b518d2e\" data-element_type=\"column\" data-e-type=\"column\">\n\t\t\t<div class=\"elementor-widget-wrap elementor-element-populated\">\n\t\t\t\t\t\t<div class=\"elementor-element elementor-element-05cfba8 elementor-widget elementor-widget-text-editor\" data-id=\"05cfba8\" data-element_type=\"widget\" data-e-type=\"widget\" data-widget_type=\"text-editor.default\">\n\t\t\t\t<div class=\"elementor-widget-container\">\n\t\t\t\t\t\t\t\t\t<p align=\"justify\">De acordo com a Resolu\u00e7\u00e3o 024\/2008, as atividades complementares s\u00e3o entendidas como componentes curriculares obrigat\u00f3rios da matriz dos cursos de Gradua\u00e7\u00e3o da UNIFAP, que se materializa atrav\u00e9s de estudos e atividades independentes n\u00e3o compreendidas nas pr\u00e1ticas pedag\u00f3gicas previstas no desenvolvimento regular das disciplinas. A aprova\u00e7\u00e3o em ACC dever\u00e1 ocorrer mediante a matr\u00edcula do discente no m\u00f3dulo Livre e ap\u00f3s a anexa\u00e7\u00e3o dos documentos comprobat\u00f3rios, no SIGAA.<\/p>\t\t\t\t\t\t\t\t<\/div>\n\t\t\t\t<\/div>\n\t\t\t\t\t<\/div>\n\t\t<\/div>\n\t\t\t\t\t<\/div>\n\t\t<\/section>\n\t\t\t\t<section class=\"elementor-section elementor-top-section elementor-element elementor-element-69a561b elementor-section-boxed elementor-section-height-default elementor-section-height-default\" data-id=\"69a561b\" data-element_type=\"section\" data-e-type=\"section\">\n\t\t\t\t\t\t<div class=\"elementor-container elementor-column-gap-default\">\n\t\t\t\t\t<div class=\"elementor-column elementor-col-100 elementor-top-column elementor-element elementor-element-00e2aad\" data-id=\"00e2aad\" data-element_type=\"column\" data-e-type=\"column\">\n\t\t\t<div class=\"elementor-widget-wrap elementor-element-populated\">\n\t\t\t\t\t\t<div class=\"elementor-element elementor-element-1e2b4ee elementor-widget elementor-widget-text-editor\" data-id=\"1e2b4ee\" data-element_type=\"widget\" data-e-type=\"widget\" data-widget_type=\"text-editor.default\">\n\t\t\t\t<div class=\"elementor-widget-container\">\n\t\t\t\t\t\t\t\t\t<p align=\"justify\">A Resolu\u00e7\u00e3o n\u00ba 019\/2020 do CONSU-UNIFAP, no Art. 6\u00ba ao Art. 8\u00ba, estabelece novos procedimentos para o protocolo de documentos comprobat\u00f3rios e demais fluxos para o cr\u00e9dito de horas em atividades complementares, devendo o mesmo ser realizado via SIGAA. Mediante esta resolu\u00e7\u00e3o, a Coordena\u00e7\u00e3o de Curso de Secretariado Executivo, d\u00e1 publicidade ao <strong>Manual Acad\u00eamico de Orienta\u00e7\u00f5es<\/strong> (passo-a-passo) para o Registro das Atividades Complementares (registrar e anexar documentos no sistema), que devem ter o cumprimento m\u00ednimo de 210 (duzentas e dez) horas.\t\t\t\t\t\t\t\t<\/div>\n\t\t\t\t<\/div>\n\t\t\t\t\t<\/div>\n\t\t<\/div>\n\t\t\t\t\t<\/div>\n\t\t<\/section>\n\t\t\t\t<section class=\"elementor-section elementor-top-section elementor-element elementor-element-d3d9147 elementor-section-boxed elementor-section-height-default elementor-section-height-default\" data-id=\"d3d9147\" data-element_type=\"section\" data-e-type=\"section\">\n\t\t\t\t\t\t<div class=\"elementor-container elementor-column-gap-default\">\n\t\t\t\t\t<div class=\"elementor-column elementor-col-100 elementor-top-column elementor-element elementor-element-c8150e0\" data-id=\"c8150e0\" data-element_type=\"column\" data-e-type=\"column\">\n\t\t\t<div class=\"elementor-widget-wrap elementor-element-populated\">\n\t\t\t\t\t\t<div class=\"elementor-element elementor-element-2582587 elementor-widget elementor-widget-text-editor\" data-id=\"2582587\" data-element_type=\"widget\" data-e-type=\"widget\" data-widget_type=\"text-editor.default\">\n\t\t\t\t<div class=\"elementor-widget-container\">\n\t\t\t\t\t\t\t\t\t<p>No PPC de Secretariado Executivo s\u00e3o consideradas categorias de Atividades Complementares:<\/p>\t\t\t\t\t\t\t\t<\/div>\n\t\t\t\t<\/div>\n\t\t\t\t\t<\/div>\n\t\t<\/div>\n\t\t\t\t\t<\/div>\n\t\t<\/section>\n\t\t\t\t<section class=\"elementor-section elementor-top-section elementor-element elementor-element-f33098c elementor-section-boxed elementor-section-height-default elementor-section-height-default\" data-id=\"f33098c\" data-element_type=\"section\" data-e-type=\"section\">\n\t\t\t\t\t\t<div class=\"elementor-container elementor-column-gap-default\">\n\t\t\t\t\t<div class=\"elementor-column elementor-col-100 elementor-top-column elementor-element elementor-element-1a10438\" data-id=\"1a10438\" data-element_type=\"column\" data-e-type=\"column\">\n\t\t\t<div class=\"elementor-widget-wrap elementor-element-populated\">\n\t\t\t\t\t\t<div class=\"elementor-element elementor-element-f60df63 elementor-widget elementor-widget-text-editor\" data-id=\"f60df63\" data-element_type=\"widget\" data-e-type=\"widget\" data-widget_type=\"text-editor.default\">\n\t\t\t\t<div class=\"elementor-widget-container\">\n\t\t\t\t\t\t\t\t\t<p>I. Atividades de Extens\u00e3o;<\/p><p>II. Atividades de pesquisa;<\/p><p>III. Participa\u00e7\u00e3o em eventos de natureza cient\u00edfica, art\u00edstico-culturais, inclusive on-line;<\/p><p>IV. Produ\u00e7\u00f5es diversas.<\/p>\t\t\t\t\t\t\t\t<\/div>\n\t\t\t\t<\/div>\n\t\t\t\t\t<\/div>\n\t\t<\/div>\n\t\t\t\t\t<\/div>\n\t\t<\/section>\n\t\t\t\t<section class=\"elementor-section elementor-top-section elementor-element elementor-element-329d10e elementor-section-boxed elementor-section-height-default elementor-section-height-default\" data-id=\"329d10e\" data-element_type=\"section\" data-e-type=\"section\">\n\t\t\t\t\t\t<div class=\"elementor-container elementor-column-gap-default\">\n\t\t\t\t\t<div class=\"elementor-column elementor-col-100 elementor-top-column elementor-element elementor-element-01216d1\" data-id=\"01216d1\" data-element_type=\"column\" data-e-type=\"column\">\n\t\t\t<div class=\"elementor-widget-wrap elementor-element-populated\">\n\t\t\t\t\t\t<div class=\"elementor-element elementor-element-60e746a elementor-widget elementor-widget-heading\" data-id=\"60e746a\" data-element_type=\"widget\" data-e-type=\"widget\" data-widget_type=\"heading.default\">\n\t\t\t\t<div class=\"elementor-widget-container\">\n\t\t\t\t\t<h3 class=\"elementor-heading-title elementor-size-default\">INFORMA\u00c7\u00d5ES IMPORTANTES:<\/h3>\t\t\t\t<\/div>\n\t\t\t\t<\/div>\n\t\t\t\t\t<\/div>\n\t\t<\/div>\n\t\t\t\t\t<\/div>\n\t\t<\/section>\n\t\t\t\t<section class=\"elementor-section elementor-top-section elementor-element elementor-element-59c3327 elementor-section-boxed elementor-section-height-default elementor-section-height-default\" data-id=\"59c3327\" data-element_type=\"section\" data-e-type=\"section\">\n\t\t\t\t\t\t<div class=\"elementor-container elementor-column-gap-default\">\n\t\t\t\t\t<div class=\"elementor-column elementor-col-100 elementor-top-column elementor-element elementor-element-b649511\" data-id=\"b649511\" data-element_type=\"column\" data-e-type=\"column\">\n\t\t\t<div class=\"elementor-widget-wrap elementor-element-populated\">\n\t\t\t\t\t\t<div class=\"elementor-element elementor-element-4a2a4f4 elementor-widget elementor-widget-text-editor\" data-id=\"4a2a4f4\" data-element_type=\"widget\" data-e-type=\"widget\" data-widget_type=\"text-editor.default\">\n\t\t\t\t<div class=\"elementor-widget-container\">\n\t\t\t\t\t\t\t\t\t<font size=\"3\"><p align=\"justify\"><ul>\n \t<li>O registro de certificados\/ documentos para compor carga hor\u00e1ria de atividades complementares dever\u00e1 ser realizada via SIGAA, conforme orienta\u00e7\u00f5es no Manual Acad\u00eamico de Registro de Atividades Complementares (Anexo).<\/li>\n \t<li>A cada nova inclus\u00e3o realizada pelo aluno, a Coordena\u00e7\u00e3o de Secretariado Executivo analisar\u00e1 o documento enviado e classificar\u00e1 em aceito, em an\u00e1lise, rejeitado e retornado para adequa\u00e7\u00e3o.<\/li>\n \t<li>Os certificados\/ documentos podem ser inseridos a qualquer momento pelo discentes.<\/li>\n \t<li>Os certificados\/ documentos anexados precisam estar em formato PDF.<\/li>\n \t<li>Os documentos enviados e que receberem o status de \u201cACEITO\u201d pela coordena\u00e7\u00e3o, as cargas hor\u00e1rias aparecer\u00e3o automaticamente no hist\u00f3rico do aluno.<\/li>\n<\/ul>\t\t\t\t\t\t\t\t<\/div>\n\t\t\t\t<\/div>\n\t\t\t\t\t<\/div>\n\t\t<\/div>\n\t\t\t\t\t<\/div>\n\t\t<\/section>\n\t\t\t\t<section class=\"elementor-section elementor-top-section elementor-element elementor-element-a71fd6b elementor-section-boxed elementor-section-height-default elementor-section-height-default\" data-id=\"a71fd6b\" data-element_type=\"section\" data-e-type=\"section\">\n\t\t\t\t\t\t<div class=\"elementor-container elementor-column-gap-default\">\n\t\t\t\t\t<div class=\"elementor-column elementor-col-100 elementor-top-column elementor-element elementor-element-76876b3\" data-id=\"76876b3\" data-element_type=\"column\" data-e-type=\"column\">\n\t\t\t<div class=\"elementor-widget-wrap elementor-element-populated\">\n\t\t\t\t\t\t<div class=\"elementor-element elementor-element-9cfd1e9 elementor-widget elementor-widget-heading\" data-id=\"9cfd1e9\" data-element_type=\"widget\" data-e-type=\"widget\" data-widget_type=\"heading.default\">\n\t\t\t\t<div class=\"elementor-widget-container\">\n\t\t\t\t\t<h2 class=\"elementor-heading-title elementor-size-default\">Documentos citados para consulta:<\/h2>\t\t\t\t<\/div>\n\t\t\t\t<\/div>\n\t\t\t\t\t<\/div>\n\t\t<\/div>\n\t\t\t\t\t<\/div>\n\t\t<\/section>\n\t\t\t\t<section class=\"elementor-section elementor-top-section elementor-element elementor-element-3fa446d elementor-section-boxed elementor-section-height-default elementor-section-height-default\" data-id=\"3fa446d\" data-element_type=\"section\" data-e-type=\"section\">\n\t\t\t\t\t\t<div class=\"elementor-container elementor-column-gap-default\">\n\t\t\t\t\t<div class=\"elementor-column elementor-col-100 elementor-top-column elementor-element elementor-element-021a157\" data-id=\"021a157\" data-element_type=\"column\" data-e-type=\"column\">\n\t\t\t<div class=\"elementor-widget-wrap elementor-element-populated\">\n\t\t\t\t\t\t<div class=\"elementor-element elementor-element-00ac385 elementor-list-item-link-full_width elementor-widget elementor-widget-icon-list\" data-id=\"00ac385\" data-element_type=\"widget\" data-e-type=\"widget\" data-widget_type=\"icon-list.default\">\n\t\t\t\t<div class=\"elementor-widget-container\">\n\t\t\t\t\t\t\t<ul class=\"elementor-icon-list-items\">\n\t\t\t\t\t\t\t<li class=\"elementor-icon-list-item\">\n\t\t\t\t\t\t\t\t\t\t\t<a href=\"http:\/\/www2.unifap.br\/executivo\/files\/2021\/04\/MANUAL-ACAD\u00caMICO-PARA-REGISTRO-DE-ATIVIDADES-COMPLEMENTARES-SECRETARIADO-EXECUTIVO.pdf\" target=\"_blank\">\n\n\t\t\t\t\t\t\t\t\t\t\t\t<span class=\"elementor-icon-list-icon\">\n\t\t\t\t\t\t\t<i aria-hidden=\"true\" class=\"far fa-file-pdf\"><\/i>\t\t\t\t\t\t<\/span>\n\t\t\t\t\t\t\t\t\t\t<span class=\"elementor-icon-list-text\">Manual Acad\u00eamico para Registro das Atividades Complementares<\/span>\n\t\t\t\t\t\t\t\t\t\t\t<\/a>\n\t\t\t\t\t\t\t\t\t<\/li>\n\t\t\t\t\t\t\t\t<li class=\"elementor-icon-list-item\">\n\t\t\t\t\t\t\t\t\t\t\t<a href=\"http:\/\/www2.unifap.br\/executivo\/files\/2021\/04\/RESOLUO_N._19_2020_CONSU-3.pdf\" target=\"_blank\">\n\n\t\t\t\t\t\t\t\t\t\t\t\t<span class=\"elementor-icon-list-icon\">\n\t\t\t\t\t\t\t<i aria-hidden=\"true\" class=\"far fa-file-pdf\"><\/i>\t\t\t\t\t\t<\/span>\n\t\t\t\t\t\t\t\t\t\t<span class=\"elementor-icon-list-text\">Resolu\u00e7\u00e3o n.\u00ba 19\/2020 - CONSU<\/span>\n\t\t\t\t\t\t\t\t\t\t\t<\/a>\n\t\t\t\t\t\t\t\t\t<\/li>\n\t\t\t\t\t\t\t\t<li class=\"elementor-icon-list-item\">\n\t\t\t\t\t\t\t\t\t\t\t<a href=\"http:\/\/www2.unifap.br\/executivo\/files\/2021\/04\/RESOLUO_N._24_2008_CONSU.pdf\">\n\n\t\t\t\t\t\t\t\t\t\t\t\t<span class=\"elementor-icon-list-icon\">\n\t\t\t\t\t\t\t<i aria-hidden=\"true\" class=\"far fa-file-pdf\"><\/i>\t\t\t\t\t\t<\/span>\n\t\t\t\t\t\t\t\t\t\t<span class=\"elementor-icon-list-text\">Resolu\u00e7\u00e3o n.\u00ba 24\/2008 - CONSU<\/span>\n\t\t\t\t\t\t\t\t\t\t\t<\/a>\n\t\t\t\t\t\t\t\t\t<\/li>\n\t\t\t\t\t\t<\/ul>\n\t\t\t\t\t\t<\/div>\n\t\t\t\t<\/div>\n\t\t\t\t\t<\/div>\n\t\t<\/div>\n\t\t\t\t\t<\/div>\n\t\t<\/section>\n\t\t\t\t<section class=\"elementor-section elementor-top-section elementor-element elementor-element-eea88f6 elementor-section-boxed elementor-section-height-default elementor-section-height-default\" data-id=\"eea88f6\" data-element_type=\"section\" data-e-type=\"section\">\n\t\t\t\t\t\t<div class=\"elementor-container elementor-column-gap-default\">\n\t\t\t\t\t<div class=\"elementor-column elementor-col-100 elementor-top-column elementor-element elementor-element-484fc3e\" data-id=\"484fc3e\" data-element_type=\"column\" data-e-type=\"column\">\n\t\t\t<div class=\"elementor-widget-wrap elementor-element-populated\">\n\t\t\t\t\t\t<div class=\"elementor-element elementor-element-3e27b6e elementor-widget elementor-widget-spacer\" data-id=\"3e27b6e\" data-element_type=\"widget\" data-e-type=\"widget\" data-widget_type=\"spacer.default\">\n\t\t\t\t<div class=\"elementor-widget-container\">\n\t\t\t\t\t\t\t<div class=\"elementor-spacer\">\n\t\t\t<div class=\"elementor-spacer-inner\"><\/div>\n\t\t<\/div>\n\t\t\t\t\t\t<\/div>\n\t\t\t\t<\/div>\n\t\t\t\t\t<\/div>\n\t\t<\/div>\n\t\t\t\t\t<\/div>\n\t\t<\/section>\n\t\t\t\t<section class=\"elementor-section elementor-top-section elementor-element elementor-element-287314f8 elementor-section-boxed elementor-section-height-default elementor-section-height-default\" data-id=\"287314f8\" data-element_type=\"section\" data-e-type=\"section\">\n\t\t\t\t\t\t<div class=\"elementor-container elementor-column-gap-default\">\n\t\t\t\t\t<div class=\"elementor-column elementor-col-100 elementor-top-column elementor-element elementor-element-2f05fe84\" data-id=\"2f05fe84\" data-element_type=\"column\" data-e-type=\"column\">\n\t\t\t<div class=\"elementor-widget-wrap elementor-element-populated\">\n\t\t\t\t\t\t<div class=\"elementor-element elementor-element-22111041 elementor-button-info elementor-widget elementor-widget-button\" data-id=\"22111041\" data-element_type=\"widget\" data-e-type=\"widget\" data-widget_type=\"button.default\">\n\t\t\t\t<div class=\"elementor-widget-container\">\n\t\t\t\t\t\t\t\t\t<div class=\"elementor-button-wrapper\">\n\t\t\t\t\t<a class=\"elementor-button elementor-button-link elementor-size-sm\" href=\"https:\/\/www2.unifap.br\/executivo\/\">\n\t\t\t\t\t\t<span class=\"elementor-button-content-wrapper\">\n\t\t\t\t\t\t<span class=\"elementor-button-icon\">\n\t\t\t\t<i aria-hidden=\"true\" class=\"fas fa-home\"><\/i>\t\t\t<\/span>\n\t\t\t\t\t\t\t\t\t<span class=\"elementor-button-text\">Voltar<\/span>\n\t\t\t\t\t<\/span>\n\t\t\t\t\t<\/a>\n\t\t\t\t<\/div>\n\t\t\t\t\t\t\t\t<\/div>\n\t\t\t\t<\/div>\n\t\t\t\t\t<\/div>\n\t\t<\/div>\n\t\t\t\t\t<\/div>\n\t\t<\/section>\n\t\t\t\t<\/div>\n\t\t","protected":false},"excerpt":{"rendered":"<p>REGISTRO DE CERTIFICADOS PARA ATIVIDADES COMPLEMENTARES SECRETARIADO EXECUTIVO De acordo com a Resolu\u00e7\u00e3o 024\/2008, as atividades complementares s\u00e3o entendidas como componentes curriculares obrigat\u00f3rios da matriz dos cursos de Gradua\u00e7\u00e3o da UNIFAP, que se materializa atrav\u00e9s de estudos e atividades independentes n\u00e3o compreendidas nas pr\u00e1ticas pedag\u00f3gicas previstas no desenvolvimento regular das disciplinas. A aprova\u00e7\u00e3o em ACC&#8230;<\/p>\n","protected":false},"author":3888,"featured_media":0,"parent":0,"menu_order":0,"comment_status":"closed","ping_status":"closed","template":"elementor_header_footer","meta":{"inline_featured_image":false,"ngg_post_thumbnail":0,"footnotes":""},"class_list":["post-3059","page","type-page","status-publish","hentry","entry"],"_links":{"self":[{"href":"https:\/\/www2.unifap.br\/executivo\/wp-json\/wp\/v2\/pages\/3059","targetHints":{"allow":["GET"]}}],"collection":[{"href":"https:\/\/www2.unifap.br\/executivo\/wp-json\/wp\/v2\/pages"}],"about":[{"href":"https:\/\/www2.unifap.br\/executivo\/wp-json\/wp\/v2\/types\/page"}],"author":[{"embeddable":true,"href":"https:\/\/www2.unifap.br\/executivo\/wp-json\/wp\/v2\/users\/3888"}],"replies":[{"embeddable":true,"href":"https:\/\/www2.unifap.br\/executivo\/wp-json\/wp\/v2\/comments?post=3059"}],"version-history":[{"count":5,"href":"https:\/\/www2.unifap.br\/executivo\/wp-json\/wp\/v2\/pages\/3059\/revisions"}],"predecessor-version":[{"id":3069,"href":"https:\/\/www2.unifap.br\/executivo\/wp-json\/wp\/v2\/pages\/3059\/revisions\/3069"}],"wp:attachment":[{"href":"https:\/\/www2.unifap.br\/executivo\/wp-json\/wp\/v2\/media?parent=3059"}],"curies":[{"name":"wp","href":"https:\/\/api.w.org\/{rel}","templated":true}]}}