{"id":2,"date":"2014-12-11T11:44:18","date_gmt":"2014-12-11T11:44:18","guid":{"rendered":"http:\/\/www2.unifap.br\/farmacos\/?page_id=2"},"modified":"2014-12-11T20:37:33","modified_gmt":"2014-12-11T20:37:33","slug":"pagina-exemplo","status":"publish","type":"page","link":"https:\/\/www2.unifap.br\/farmacos\/pagina-exemplo\/","title":{"rendered":"Linhas de Pesquisa &#8211; Research Lines"},"content":{"rendered":"<p><strong>1 &#8211; Valida\u00e7\u00e3o qu\u00edmica-farmacol\u00f3gica de f\u00e1rmacos de origem vegetal e sint\u00e9tica &#8211;\u00a0Chemical-pharmacological validation of\u00a0<\/strong><strong style=\"line-height: 1.5em\">drugs from vegetable\u00a0<\/strong><strong style=\"line-height: 1.5em\">and synthetic origin \u00a0<\/strong><\/p>\n<p><a href=\"http:\/\/www2.unifap.br\/farmacos\/files\/2014\/12\/Apresenta\u00e7\u00e3o1.png\"><img fetchpriority=\"high\" decoding=\"async\" class=\"alignleft size-medium wp-image-24\" alt=\"Apresenta\u00e7\u00e3o1\" src=\"http:\/\/www2.unifap.br\/farmacos\/files\/2014\/12\/Apresenta\u00e7\u00e3o1-300x300.png\" width=\"300\" height=\"300\" srcset=\"https:\/\/www2.unifap.br\/farmacos\/files\/2014\/12\/Apresenta\u00e7\u00e3o1-300x300.png 300w, https:\/\/www2.unifap.br\/farmacos\/files\/2014\/12\/Apresenta\u00e7\u00e3o1-150x150.png 150w, https:\/\/www2.unifap.br\/farmacos\/files\/2014\/12\/Apresenta\u00e7\u00e3o1-70x70.png 70w, https:\/\/www2.unifap.br\/farmacos\/files\/2014\/12\/Apresenta\u00e7\u00e3o1.png 720w\" sizes=\"(max-width: 300px) 100vw, 300px\" \/><\/a><\/p>\n<p>&nbsp;<\/p>\n<p><strong>&#8211; Toxicologia Reprodutiva &#8211;\u00a0<span style=\"line-height: 1.5em\">Reproductive toxicology<\/span>\u00a0<\/strong><\/p>\n<p><strong>&#8211; Estudos Farmacol\u00f3gicos: inflama\u00e7\u00e3o, \u00falcera g\u00e1strica, depress\u00e3o, \u00a0ansiedade, e anti-microbiano &#8211;\u00a0Pharmacological Study: inflammation, gastric ulcer, depression, anxiety, and anti-microbial<\/strong><\/p>\n<p>&nbsp;<\/p>\n<p>&nbsp;<\/p>\n<p>&nbsp;<\/p>\n<p>&nbsp;<\/p>\n<p><strong>2 &#8211; Nanotecnologia aplicada a f\u00e1rmacos &#8211;\u00a0Nanotechnology applied to drugs<\/strong><\/p>\n<p><a href=\"http:\/\/www2.unifap.br\/farmacos\/files\/2014\/12\/kefir.jpg\"><img decoding=\"async\" class=\"alignleft size-medium wp-image-37\" alt=\"kefir\" src=\"http:\/\/www2.unifap.br\/farmacos\/files\/2014\/12\/kefir-300x300.jpg\" width=\"300\" height=\"300\" srcset=\"https:\/\/www2.unifap.br\/farmacos\/files\/2014\/12\/kefir-300x300.jpg 300w, https:\/\/www2.unifap.br\/farmacos\/files\/2014\/12\/kefir-150x150.jpg 150w, https:\/\/www2.unifap.br\/farmacos\/files\/2014\/12\/kefir-70x70.jpg 70w, https:\/\/www2.unifap.br\/farmacos\/files\/2014\/12\/kefir.jpg 524w\" sizes=\"(max-width: 300px) 100vw, 300px\" \/><\/a><\/p>\n<p>&nbsp;<\/p>\n<p><strong>&#8211; Estudo de membranas polim\u00e9ricas para veicula\u00e7\u00e3o de f\u00e1rmacos &#8211;\u00a0<span style=\"line-height: 1.5em\">Study of polymeric membranes for placement of drugs<\/span><\/strong><\/p>\n<p><strong>&#8211; Desenvolvimento de nanoemuls\u00f5es e nanoparticulas polim\u00e9ricas\u00a0<\/strong><span style=\"line-height: 1.5em\">&#8211; <strong>Development of nanoemulsions and polymeric nanoparticles<\/strong><\/span><\/p>\n<p>&nbsp;<\/p>\n<p>&nbsp;<\/p>\n<p>&nbsp;<\/p>\n<p>&nbsp;<\/p>\n<p><strong>3 &#8211; Avalia\u00e7\u00e3o toxicol\u00f3gica sobre zebrafish &#8211;\u00a0Toxicological Evaluation on zebrafish<\/strong><\/p>\n<p><a href=\"http:\/\/www2.unifap.br\/farmacos\/files\/2014\/12\/20140502_140911.jpg\"><img decoding=\"async\" class=\"alignleft size-medium wp-image-97\" alt=\"SAMSUNG CSC\" src=\"http:\/\/www2.unifap.br\/farmacos\/files\/2014\/12\/20140502_140911-300x200.jpg\" width=\"300\" height=\"200\" srcset=\"https:\/\/www2.unifap.br\/farmacos\/files\/2014\/12\/20140502_140911-300x200.jpg 300w, https:\/\/www2.unifap.br\/farmacos\/files\/2014\/12\/20140502_140911.jpg 1024w\" sizes=\"(max-width: 300px) 100vw, 300px\" \/><\/a><\/p>\n<p>&nbsp;<\/p>\n<p>&nbsp;<\/p>\n<p>&nbsp;<\/p>\n<p>&nbsp;<\/p>\n<p>&nbsp;<\/p>\n<p>&nbsp;<\/p>\n<p><strong>4 &#8211; Aproveitamento farmaceutico da biodiversi<\/strong><strong>dade amapaense &#8211;\u00a0Pharmaceutical use of the Amap\u00e1 biodiversity<\/strong><\/p>\n<p><a style=\"line-height: 1.5em\" href=\"http:\/\/www2.unifap.br\/farmacos\/files\/2014\/12\/IMG_17911.jpg\"><img loading=\"lazy\" decoding=\"async\" class=\"alignleft size-medium wp-image-102\" alt=\"IMG_1791\" src=\"http:\/\/www2.unifap.br\/farmacos\/files\/2014\/12\/IMG_17911-300x225.jpg\" width=\"300\" height=\"225\" srcset=\"https:\/\/www2.unifap.br\/farmacos\/files\/2014\/12\/IMG_17911-300x225.jpg 300w, https:\/\/www2.unifap.br\/farmacos\/files\/2014\/12\/IMG_17911-1024x768.jpg 1024w\" sizes=\"(max-width: 300px) 100vw, 300px\" \/><\/a><\/p>\n<p><a href=\"http:\/\/www2.unifap.br\/farmacos\/files\/2014\/12\/comprimidos.jpg\"><img loading=\"lazy\" decoding=\"async\" class=\"alignleft size-medium wp-image-168\" alt=\"comprimidos\" src=\"http:\/\/www2.unifap.br\/farmacos\/files\/2014\/12\/comprimidos-300x225.jpg\" width=\"300\" height=\"225\" srcset=\"https:\/\/www2.unifap.br\/farmacos\/files\/2014\/12\/comprimidos-300x225.jpg 300w, https:\/\/www2.unifap.br\/farmacos\/files\/2014\/12\/comprimidos-1024x768.jpg 1024w\" sizes=\"(max-width: 300px) 100vw, 300px\" \/><\/a><\/p>\n<p>&nbsp;<\/p>\n<p>&nbsp;<\/p>\n<p>&nbsp;<\/p>\n<p>&nbsp;<\/p>\n<p>&nbsp;<\/p>\n<p>&nbsp;<\/p>\n<p>&nbsp;<\/p>\n<p><strong>5 &#8211; A\u00e7\u00e3o de fitofarmacos sobre \u00a0metabolismo e diabetes &#8211; Action of phytodrugs on metabolism and diabetes\u00a0<\/strong><\/p>\n<p>&nbsp;<\/p>\n<p>&nbsp;<\/p>\n<p>&nbsp;<\/p>\n<p>&nbsp;<\/p>\n<p><strong>6 &#8211; Etnobotanica e Etnofarmacologia &#8211; Ethnobotany and ethnopharmacology\u00a0<\/strong><\/p>\n<p><a href=\"http:\/\/www2.unifap.br\/farmacos\/files\/2014\/12\/indio.jpg\"><img loading=\"lazy\" decoding=\"async\" class=\"alignleft size-medium wp-image-103\" alt=\"indio\" src=\"http:\/\/www2.unifap.br\/farmacos\/files\/2014\/12\/indio-300x224.jpg\" width=\"300\" height=\"224\" srcset=\"https:\/\/www2.unifap.br\/farmacos\/files\/2014\/12\/indio-300x224.jpg 300w, https:\/\/www2.unifap.br\/farmacos\/files\/2014\/12\/indio.jpg 762w\" sizes=\"(max-width: 300px) 100vw, 300px\" \/><\/a><\/p>\n","protected":false},"excerpt":{"rendered":"<p>1 &#8211; Valida\u00e7\u00e3o qu\u00edmica-farmacol\u00f3gica de f\u00e1rmacos de origem vegetal e sint\u00e9tica &#8211;\u00a0Chemical-pharmacological validation of\u00a0drugs from vegetable\u00a0and synthetic origin \u00a0 &nbsp; &#8211; Toxicologia Reprodutiva &#8211;\u00a0Reproductive toxicology\u00a0 &#8211; Estudos Farmacol\u00f3gicos: inflama\u00e7\u00e3o, \u00falcera g\u00e1strica, depress\u00e3o, \u00a0ansiedade, e anti-microbiano &#8211;\u00a0Pharmacological Study: inflammation, gastric ulcer,&hellip; <\/p>\n<p><a href=\"https:\/\/www2.unifap.br\/farmacos\/pagina-exemplo\/\" class=\"readmore-button\">Continue Reading<\/a><\/p>\n","protected":false},"author":167,"featured_media":0,"parent":0,"menu_order":0,"comment_status":"open","ping_status":"open","template":"","meta":{"inline_featured_image":false,"ngg_post_thumbnail":0,"footnotes":""},"class_list":["post-2","page","type-page","status-publish","hentry"],"_links":{"self":[{"href":"https:\/\/www2.unifap.br\/farmacos\/wp-json\/wp\/v2\/pages\/2","targetHints":{"allow":["GET"]}}],"collection":[{"href":"https:\/\/www2.unifap.br\/farmacos\/wp-json\/wp\/v2\/pages"}],"about":[{"href":"https:\/\/www2.unifap.br\/farmacos\/wp-json\/wp\/v2\/types\/page"}],"author":[{"embeddable":true,"href":"https:\/\/www2.unifap.br\/farmacos\/wp-json\/wp\/v2\/users\/167"}],"replies":[{"embeddable":true,"href":"https:\/\/www2.unifap.br\/farmacos\/wp-json\/wp\/v2\/comments?post=2"}],"version-history":[{"count":20,"href":"https:\/\/www2.unifap.br\/farmacos\/wp-json\/wp\/v2\/pages\/2\/revisions"}],"predecessor-version":[{"id":178,"href":"https:\/\/www2.unifap.br\/farmacos\/wp-json\/wp\/v2\/pages\/2\/revisions\/178"}],"wp:attachment":[{"href":"https:\/\/www2.unifap.br\/farmacos\/wp-json\/wp\/v2\/media?parent=2"}],"curies":[{"name":"wp","href":"https:\/\/api.w.org\/{rel}","templated":true}]}}