{"id":39,"date":"2014-12-11T13:37:43","date_gmt":"2014-12-11T13:37:43","guid":{"rendered":"http:\/\/www2.unifap.br\/farmacos\/?page_id=39"},"modified":"2024-05-27T19:26:36","modified_gmt":"2024-05-27T19:26:36","slug":"projetos-de-pesquisa-research-projects","status":"publish","type":"page","link":"https:\/\/www2.unifap.br\/farmacos\/projetos-de-pesquisa-research-projects\/","title":{"rendered":"Projetos de pesquisa &#8211; Research projects"},"content":{"rendered":"<p><strong>Valida\u00e7\u00e3o qu\u00edmica-farmacol\u00f3gica como canabinoide s\u00edmile do \u00f3leo padronizado de <em>Copaifera<\/em> sp. (copa\u00edba) e suas prepara\u00e7\u00f5es farmacotecnol\u00f3gicas<\/strong><\/p>\n<ul>\n<li>Descri\u00e7\u00e3o: A proposta de estudar e caracterizar marcadores farmacol\u00f3gicos de especimes de Copaifera como canabinoides simile.<\/li>\n<li>Situa\u00e7\u00e3o: Em andamento; Natureza: Pesquisa.<\/li>\n<li>Alunos envolvidos: Gradua\u00e7\u00e3o: (2) \/ Mestrado acad\u00eamico: (1) \/ Doutorado: (2)<\/li>\n<\/ul>\n<p><strong>Contribui\u00e7\u00e3o para a forma\u00e7\u00e3o de recursos humanos com intera\u00e7\u00e3o empresarial, na padroniza\u00e7\u00e3o e obten\u00e7\u00e3o de nanoformula\u00e7\u00f5es de \u00f3leos fixos vegetais para aplica\u00e7\u00e3o em dislipidemia aterog\u00eanica<\/strong><\/p>\n<ul>\n<li>Descri\u00e7\u00e3o: Processo 403587\/2020-4 &#8211; MAI-DAI 2020 Projeto de Coopera\u00e7\u00e3o com empresa Ages Bioactive Compounds (CNPJ 37.230.598\/0001-15), na \u00e1rea de nutrac\u00eauticos.<\/li>\n<li>Situa\u00e7\u00e3o: Em andamento; Natureza: Pesquisa.<\/li>\n<li>Alunos envolvidos: Gradua\u00e7\u00e3o: (10) \/ Mestrado acad\u00eamico: (2) \/ Doutorado: (2)<\/li>\n<\/ul>\n<p><strong>Estudo do \u00f3leo essencial e nanoemuls\u00e3o de <em>Rosmarinus officinalis L.<\/em> sobre dislipidemia aterog\u00eanica em ratos Wistar: avalia\u00e7\u00e3o farmacol\u00f3gica n\u00e3o-cl\u00ednica<\/strong><\/p>\n<ul>\n<li>Situa\u00e7\u00e3o: Em andamento; Natureza: Pesquisa.<\/li>\n<li>Alunos envolvidos: Gradua\u00e7\u00e3o: (4) \/ Mestrado acad\u00eamico: (2) \/ Doutorado: (1) 4<\/li>\n<\/ul>\n","protected":false},"excerpt":{"rendered":"<p>Valida\u00e7\u00e3o qu\u00edmica-farmacol\u00f3gica como canabinoide s\u00edmile do \u00f3leo padronizado de Copaifera sp. (copa\u00edba) e suas prepara\u00e7\u00f5es farmacotecnol\u00f3gicas Descri\u00e7\u00e3o: A proposta de estudar e caracterizar marcadores farmacol\u00f3gicos de especimes de Copaifera como canabinoides simile. Situa\u00e7\u00e3o: Em andamento; Natureza: Pesquisa. Alunos envolvidos: Gradua\u00e7\u00e3o:&hellip; <\/p>\n<p><a href=\"https:\/\/www2.unifap.br\/farmacos\/projetos-de-pesquisa-research-projects\/\" class=\"readmore-button\">Continue Reading<\/a><\/p>\n","protected":false},"author":112,"featured_media":0,"parent":0,"menu_order":0,"comment_status":"open","ping_status":"open","template":"","meta":{"inline_featured_image":false,"ngg_post_thumbnail":0,"footnotes":""},"class_list":["post-39","page","type-page","status-publish","hentry"],"_links":{"self":[{"href":"https:\/\/www2.unifap.br\/farmacos\/wp-json\/wp\/v2\/pages\/39","targetHints":{"allow":["GET"]}}],"collection":[{"href":"https:\/\/www2.unifap.br\/farmacos\/wp-json\/wp\/v2\/pages"}],"about":[{"href":"https:\/\/www2.unifap.br\/farmacos\/wp-json\/wp\/v2\/types\/page"}],"author":[{"embeddable":true,"href":"https:\/\/www2.unifap.br\/farmacos\/wp-json\/wp\/v2\/users\/112"}],"replies":[{"embeddable":true,"href":"https:\/\/www2.unifap.br\/farmacos\/wp-json\/wp\/v2\/comments?post=39"}],"version-history":[{"count":6,"href":"https:\/\/www2.unifap.br\/farmacos\/wp-json\/wp\/v2\/pages\/39\/revisions"}],"predecessor-version":[{"id":320,"href":"https:\/\/www2.unifap.br\/farmacos\/wp-json\/wp\/v2\/pages\/39\/revisions\/320"}],"wp:attachment":[{"href":"https:\/\/www2.unifap.br\/farmacos\/wp-json\/wp\/v2\/media?parent=39"}],"curies":[{"name":"wp","href":"https:\/\/api.w.org\/{rel}","templated":true}]}}