{"id":1339,"date":"2022-07-25T21:52:22","date_gmt":"2022-07-25T21:52:22","guid":{"rendered":"https:\/\/www2.unifap.br\/fisioterapia\/?page_id=1339"},"modified":"2025-06-17T16:57:34","modified_gmt":"2025-06-17T16:57:34","slug":"tcc","status":"publish","type":"page","link":"https:\/\/www2.unifap.br\/fisioterapia\/portal-do-aluno\/tcc\/","title":{"rendered":"TRABALHO DE CONCLUS\u00c3O DE CURSO"},"content":{"rendered":"\t\t<div data-elementor-type=\"wp-page\" data-elementor-id=\"1339\" class=\"elementor elementor-1339\">\n\t\t\t\t\t\t<section class=\"elementor-section elementor-top-section elementor-element elementor-element-e1fdc9c elementor-section-boxed elementor-section-height-default elementor-section-height-default\" data-id=\"e1fdc9c\" data-element_type=\"section\" data-e-type=\"section\">\n\t\t\t\t\t\t<div class=\"elementor-container elementor-column-gap-default\">\n\t\t\t\t\t<div class=\"elementor-column elementor-col-100 elementor-top-column elementor-element elementor-element-c5d8dae\" data-id=\"c5d8dae\" data-element_type=\"column\" data-e-type=\"column\">\n\t\t\t<div class=\"elementor-widget-wrap elementor-element-populated\">\n\t\t\t\t\t\t<div class=\"elementor-element elementor-element-30eb0e2 elementor-widget-divider--view-line elementor-widget elementor-widget-divider\" data-id=\"30eb0e2\" data-element_type=\"widget\" data-e-type=\"widget\" data-widget_type=\"divider.default\">\n\t\t\t\t<div class=\"elementor-widget-container\">\n\t\t\t\t\t\t\t<div class=\"elementor-divider\">\n\t\t\t<span class=\"elementor-divider-separator\">\n\t\t\t\t\t\t<\/span>\n\t\t<\/div>\n\t\t\t\t\t\t<\/div>\n\t\t\t\t<\/div>\n\t\t\t\t<div class=\"elementor-element elementor-element-98bb5ad elementor-invisible elementor-widget elementor-widget-heading\" data-id=\"98bb5ad\" data-element_type=\"widget\" data-e-type=\"widget\" data-settings=\"{&quot;_animation&quot;:&quot;slideInLeft&quot;}\" data-widget_type=\"heading.default\">\n\t\t\t\t<div class=\"elementor-widget-container\">\n\t\t\t\t\t<h2 class=\"elementor-heading-title elementor-size-default\">TRABALHO DE CONCLUS\u00c3O CE CURSO<\/h2>\t\t\t\t<\/div>\n\t\t\t\t<\/div>\n\t\t\t\t<div class=\"elementor-element elementor-element-3e49ef2 elementor-widget-divider--view-line elementor-widget elementor-widget-divider\" data-id=\"3e49ef2\" data-element_type=\"widget\" data-e-type=\"widget\" data-widget_type=\"divider.default\">\n\t\t\t\t<div class=\"elementor-widget-container\">\n\t\t\t\t\t\t\t<div class=\"elementor-divider\">\n\t\t\t<span class=\"elementor-divider-separator\">\n\t\t\t\t\t\t<\/span>\n\t\t<\/div>\n\t\t\t\t\t\t<\/div>\n\t\t\t\t<\/div>\n\t\t\t\t\t<\/div>\n\t\t<\/div>\n\t\t\t\t\t<\/div>\n\t\t<\/section>\n\t\t\t\t<section class=\"elementor-section elementor-top-section elementor-element elementor-element-c744b43 elementor-section-boxed elementor-section-height-default elementor-section-height-default\" data-id=\"c744b43\" data-element_type=\"section\" data-e-type=\"section\">\n\t\t\t\t\t\t<div class=\"elementor-container elementor-column-gap-default\">\n\t\t\t\t\t<div class=\"elementor-column elementor-col-100 elementor-top-column elementor-element elementor-element-1bc1dc9\" data-id=\"1bc1dc9\" data-element_type=\"column\" data-e-type=\"column\">\n\t\t\t<div class=\"elementor-widget-wrap elementor-element-populated\">\n\t\t\t\t\t\t<div class=\"elementor-element elementor-element-8ff1c14 elementor-widget elementor-widget-text-editor\" data-id=\"8ff1c14\" data-element_type=\"widget\" data-e-type=\"widget\" data-widget_type=\"text-editor.default\">\n\t\t\t\t<div class=\"elementor-widget-container\">\n\t\t\t\t\t\t\t\t\t<h4><a href=\"https:\/\/docs.google.com\/document\/d\/1bPiy14gxq5zcg5Z1KKxn_WcM0vVYzoSd\/edit?usp=drive_link&amp;ouid=105085475050484273555&amp;rtpof=true&amp;sd=true\"><span style=\"color: #ff0000\"><strong>TERMO DE COMPROMISSO PARA ORIENTA\u00c7\u00c3O DE TCC.<\/strong><\/span><\/a><\/h4>\t\t\t\t\t\t\t\t<\/div>\n\t\t\t\t<\/div>\n\t\t\t\t\t<\/div>\n\t\t<\/div>\n\t\t\t\t\t<\/div>\n\t\t<\/section>\n\t\t\t\t<section class=\"elementor-section elementor-top-section elementor-element elementor-element-d6b785c elementor-section-boxed elementor-section-height-default elementor-section-height-default\" data-id=\"d6b785c\" data-element_type=\"section\" data-e-type=\"section\">\n\t\t\t\t\t\t<div class=\"elementor-container elementor-column-gap-default\">\n\t\t\t\t\t<div class=\"elementor-column elementor-col-100 elementor-top-column elementor-element elementor-element-086479d\" data-id=\"086479d\" data-element_type=\"column\" data-e-type=\"column\">\n\t\t\t<div class=\"elementor-widget-wrap elementor-element-populated\">\n\t\t\t\t\t\t<div class=\"elementor-element elementor-element-7cb9416 elementor-widget elementor-widget-heading\" data-id=\"7cb9416\" data-element_type=\"widget\" data-e-type=\"widget\" data-widget_type=\"heading.default\">\n\t\t\t\t<div class=\"elementor-widget-container\">\n\t\t\t\t\t<h2 class=\"elementor-heading-title elementor-size-default\">NORMATIZA\u00c7\u00c3O E ROTEIRO PARA O PROFESSOR ORIENTADOR<\/h2>\t\t\t\t<\/div>\n\t\t\t\t<\/div>\n\t\t\t\t<div class=\"elementor-element elementor-element-1f03117 elementor-widget elementor-widget-text-editor\" data-id=\"1f03117\" data-element_type=\"widget\" data-e-type=\"widget\" data-widget_type=\"text-editor.default\">\n\t\t\t\t<div class=\"elementor-widget-container\">\n\t\t\t\t\t\t\t\t\t<h4><span style=\"color: #000000\">QUALIFICA\u00c7\u00c3O D DEFESA DE TRABALHO DE CONCLUS\u00c3O DE CURSO I E II<\/span><\/h4>\t\t\t\t\t\t\t\t<\/div>\n\t\t\t\t<\/div>\n\t\t\t\t<div class=\"elementor-element elementor-element-6328500 elementor-widget elementor-widget-text-editor\" data-id=\"6328500\" data-element_type=\"widget\" data-e-type=\"widget\" data-widget_type=\"text-editor.default\">\n\t\t\t\t<div class=\"elementor-widget-container\">\n\t\t\t\t\t\t\t\t\t<ol><li><span style=\"color: #000000\"><strong>\u00a0Este roteiro foi elaborado para facilitar o entendimento das normatiza\u00e7\u00f5es necess\u00e1rias.<\/strong><\/span><\/li><li><p><span style=\"color: #000000\"><strong>A leitura e o conhecimento de tal roteiro s\u00e3o de responsabilidade dos alunos e dos orientadores.<\/strong><\/span><\/p><\/li><\/ol>\t\t\t\t\t\t\t\t<\/div>\n\t\t\t\t<\/div>\n\t\t\t\t\t<\/div>\n\t\t<\/div>\n\t\t\t\t\t<\/div>\n\t\t<\/section>\n\t\t\t\t<section class=\"elementor-section elementor-top-section elementor-element elementor-element-60a6943 elementor-section-boxed elementor-section-height-default elementor-section-height-default\" data-id=\"60a6943\" data-element_type=\"section\" data-e-type=\"section\">\n\t\t\t\t\t\t<div class=\"elementor-container elementor-column-gap-default\">\n\t\t\t\t\t<div class=\"elementor-column elementor-col-100 elementor-top-column elementor-element elementor-element-a4cce54\" data-id=\"a4cce54\" data-element_type=\"column\" data-e-type=\"column\">\n\t\t\t<div class=\"elementor-widget-wrap elementor-element-populated\">\n\t\t\t\t\t\t<div class=\"elementor-element elementor-element-b6d77e1 elementor-widget elementor-widget-heading\" data-id=\"b6d77e1\" data-element_type=\"widget\" data-e-type=\"widget\" data-widget_type=\"heading.default\">\n\t\t\t\t<div class=\"elementor-widget-container\">\n\t\t\t\t\t<h2 class=\"elementor-heading-title elementor-size-default\">MATR\u00cdCULA DO ALUNO NO TCC1 ou TCC2<\/h2>\t\t\t\t<\/div>\n\t\t\t\t<\/div>\n\t\t\t\t<div class=\"elementor-element elementor-element-4ecade3 elementor-widget elementor-widget-text-editor\" data-id=\"4ecade3\" data-element_type=\"widget\" data-e-type=\"widget\" data-widget_type=\"text-editor.default\">\n\t\t\t\t<div class=\"elementor-widget-container\">\n\t\t\t\t\t\t\t\t\t<ul><li><span style=\"color: #000000\">A matr\u00edcula do aluno do curso de fisioterapia no TCC1 (qualifica\u00e7\u00e3o) e no TCC2 (defesa) \u00e9 de inteira responsabilidade do orientador.<\/span><\/li><li><span style=\"color: #000000\">A matr\u00edcula deve ser solicitada pelo orientador por e-mail para a coordena\u00e7\u00e3o do curso \u00a0(fisioterapia@unifap.br), contando as seguintes informa\u00e7\u00f5es:<\/span><ul><li><span style=\"color: #000000\">Nome completo do aluno;<\/span><\/li><li><span style=\"color: #000000\">N\u00famero da matr\u00edcula do aluno;<\/span><\/li><li><span style=\"color: #000000\">T\u00edtulo do TCC;<\/span><\/li><li><a href=\"http:\/\/www2.unifap.br\/fisioterapia\/files\/2025\/06\/TERMO-DE-COMPROMISSO-DE-ORIENTACAO-DE-TCC.docx\">TERMO DE COMPROMISSO DE ORIENTA\u00c7\u00c3O DE TCC\u00a0<\/a><\/li><li><span style=\"color: #000000\">em qual TCC (1 ou 2) o aluno dever\u00e1 ser matriculado;<\/span><\/li><\/ul><\/li><li><span style=\"color: #000000\">a matr\u00edcula deve ser solicitada no in\u00edcio do semestre no qual o aluno vai qualificar e\/ou defender e a data para a realiza\u00e7\u00e3o da qualifica\u00e7\u00e3o e\/ou defesa do Trabalho de Conclus\u00e3o de Curso deve ser feita <span style=\"color: #ff0000\"><strong>dentro do semestre letivo no qual o aluno foi matriculado<\/strong><\/span>, <a href=\"https:\/\/www2.unifap.br\/fisioterapia\/files\/2024\/09\/CALENDARIO_ACADEMICO_2024_-_2025_assinado-1.pdf\"><span style=\"text-decoration: underline\">de acordo com o calend\u00e1rio acad\u00eamico vigente da UNIFAP<\/span><\/a>.<\/span><\/li><\/ul>\t\t\t\t\t\t\t\t<\/div>\n\t\t\t\t<\/div>\n\t\t\t\t<div class=\"elementor-element elementor-element-3b2fdaf elementor-widget elementor-widget-heading\" data-id=\"3b2fdaf\" data-element_type=\"widget\" data-e-type=\"widget\" data-widget_type=\"heading.default\">\n\t\t\t\t<div class=\"elementor-widget-container\">\n\t\t\t\t\t<h2 class=\"elementor-heading-title elementor-size-default\">NORMATIZA\u00c7\u00c3O<\/h2>\t\t\t\t<\/div>\n\t\t\t\t<\/div>\n\t\t\t\t<div class=\"elementor-element elementor-element-cdec9e8 elementor-widget elementor-widget-text-editor\" data-id=\"cdec9e8\" data-element_type=\"widget\" data-e-type=\"widget\" data-widget_type=\"text-editor.default\">\n\t\t\t\t<div class=\"elementor-widget-container\">\n\t\t\t\t\t\t\t\t\t<ul><li>\u00a0<span style=\"color: #000000\">O aluno poder\u00e1 realizar a qualifica\u00e7\u00e3o do Trabalho de Conclus\u00e3o de Curso em qualquer per\u00edodo do curso de gradua\u00e7\u00e3o do curso de Fisioterapia e a defesa do TCC ap\u00f3s ter<span style=\"color: #ff0000\"><strong> conclu\u00eddo no m\u00ednimo 50% do curso.<\/strong><\/span><\/span><\/li><li><span style=\"color: #000000\">A banca da qualifica\u00e7\u00e3o e\/ou defesa do Trabalho de Conclus\u00e3o de Curso \u00e9 formada por <strong>dois membros.<\/strong><\/span><\/li><li><span style=\"color: #000000\">A banca da qualifica\u00e7\u00e3o e\/ou defesa do Trabalho de Conclus\u00e3o de Curso dever\u00e1 ter <span style=\"color: #ff0000\"><strong>obrigatoriamente<\/strong><\/span> um professor interno (membro do colegiado do curso de Fisioterapia UNIFAP).<\/span><\/li><li><span style=\"color: #000000\">A qualifica\u00e7\u00e3o e\/ou defesa do Trabalho de Conclus\u00e3o de Curso poder\u00e3o ser realizadas de maneira presencial ou remota. Cabe ao orientador, que goza de f\u00e9 p\u00fablica, atestar a participa\u00e7\u00e3o remota de todos os membros (caso a qualifica\u00e7\u00e3o\/defesa seja feita de forma remota).<\/span><\/li><li><span style=\"color: #000000\">\u00a0Em caso de apresenta\u00e7\u00e3o remota o presidente da banca dever\u00e1 anexar nos documentos uma <strong>lista de presen\u00e7a de ouvintes<\/strong> da qualifica\u00e7\u00e3o e\/ou defesa do Trabalho de Conclus\u00e3o de Curso.<\/span><\/li><li><span style=\"text-decoration: underline;color: #000000\">\u00c9 de responsabilidade do orientador e aluno fazer o convite para os membros da banca.<\/span><\/li><li><span style=\"color: #000000\">O documento da qualifica\u00e7\u00e3o\/defesa deve seguir as <strong><span style=\"color: #3366ff\"><a style=\"color: #3366ff\" href=\"https:\/\/drive.google.com\/file\/d\/1YYNF6JrK8W3tRqeFbJOH1nCAl1B-OgSo\/view?usp=sharing\">NORMAS PARA TRABALHO DE CONCLUS\u00c3O DO CURSO DE FISIOTERAPIA<\/a><\/span>.<\/strong><\/span><\/li><li><span style=\"color: #000000\">A avalia\u00e7\u00e3o da qualifica\u00e7\u00e3o dever\u00e1 seguir as normas do curso, de acordo com o documento <a href=\"http:\/\/www2.unifap.br\/fisioterapia\/files\/2025\/06\/FICHA-DE-AVALIACAO-TCCI-1.doc\">FICHA DE AVALIA\u00c7\u00c3O TCCI<\/a><span style=\"color: #3366ff\"><a style=\"color: #3366ff\" href=\"https:\/\/docs.google.com\/document\/d\/1bPiy14gxq5zcg5Z1KKxn_WcM0vVYzoSd\/edit?usp=sharing&amp;ouid=105085475050484273555&amp;rtpof=true&amp;sd=true\"><strong>\u00a0<\/strong><\/a><\/span>(qualifica\u00e7\u00e3o) e<strong><span style=\"color: #3366ff\"> <a href=\"http:\/\/www2.unifap.br\/fisioterapia\/files\/2025\/06\/FICHA-DE-AVALIACAO-TCCII.doc\">FICHA DE AVALIA\u00c7\u00c3O TCCII<\/a><\/span>\u00a0dispon\u00edvel para os docentes apenas no login institucional.<\/strong><\/span><\/li><li><span style=\"color: #000000\"><strong>O tempo de apresenta\u00e7\u00e3o do trabalho ser\u00e1 de 20 a 40 minutos para o TCCI (qualifica\u00e7\u00e3o) e de 30 a 50 minutos para o TCC II.<\/strong><\/span><\/li><li><span style=\"color: #000000\"><strong>O tempo para argui\u00e7\u00e3o de cada membro da banca ser\u00e1 de 20 a 50 minutos<\/strong><\/span><\/li><\/ul>\t\t\t\t\t\t\t\t<\/div>\n\t\t\t\t<\/div>\n\t\t\t\t\t<\/div>\n\t\t<\/div>\n\t\t\t\t\t<\/div>\n\t\t<\/section>\n\t\t\t\t<section class=\"elementor-section elementor-top-section elementor-element elementor-element-45c586b elementor-section-boxed elementor-section-height-default elementor-section-height-default\" data-id=\"45c586b\" data-element_type=\"section\" data-e-type=\"section\">\n\t\t\t\t\t\t<div class=\"elementor-container elementor-column-gap-default\">\n\t\t\t\t\t<div class=\"elementor-column elementor-col-100 elementor-top-column elementor-element elementor-element-ee195b8\" data-id=\"ee195b8\" data-element_type=\"column\" data-e-type=\"column\">\n\t\t\t<div class=\"elementor-widget-wrap elementor-element-populated\">\n\t\t\t\t\t\t<div class=\"elementor-element elementor-element-cfeca79 elementor-widget elementor-widget-heading\" data-id=\"cfeca79\" data-element_type=\"widget\" data-e-type=\"widget\" data-widget_type=\"heading.default\">\n\t\t\t\t<div class=\"elementor-widget-container\">\n\t\t\t\t\t<h2 class=\"elementor-heading-title elementor-size-default\">ROTEIRO<\/h2>\t\t\t\t<\/div>\n\t\t\t\t<\/div>\n\t\t\t\t<div class=\"elementor-element elementor-element-d8481bb elementor-widget elementor-widget-text-editor\" data-id=\"d8481bb\" data-element_type=\"widget\" data-e-type=\"widget\" data-widget_type=\"text-editor.default\">\n\t\t\t\t<div class=\"elementor-widget-container\">\n\t\t\t\t\t\t\t\t\t<ul><li><span style=\"color: #000000\">O orientador dever\u00e1 solicitar a ata da qualifica\u00e7\u00e3o\/ defesa, via email, para a coordena\u00e7\u00e3o do curso de Fisioterapia \u2013 UNIFAP.<\/span><\/li><li><span style=\"color: #000000\">O email dever\u00e1 conter:<\/span><ul><li style=\"list-style-type: none\"><ul><li style=\"list-style-type: none\"><ul><li><span style=\"color: #000000\">T\u00edtulo do email: SOLICITA\u00c7\u00c3O DA ATA DE QUALIFICA\u00c7\u00c3O<\/span><\/li><li><span style=\"color: #000000\">Data (informar da data da apresenta\u00e7\u00e3o)<\/span><\/li><li><span style=\"color: #000000\">Modalidade da defesa (presencial ou remoto). Se remoto, enviar link.<\/span><\/li><li><span style=\"color: #000000\">Nome do orientando<\/span><\/li><li><span style=\"color: #000000\">Nome do orientador<\/span><\/li><li><span style=\"color: #000000\">T\u00edtulo do trabalho<\/span><\/li><li><span style=\"color: #000000\">Nome da membros da banca<\/span><\/li><\/ul><\/li><\/ul><\/li><li><span style=\"color: #ff0000\"><strong>O envio do email para a coordena\u00e7\u00e3o solicitando a ata deve ser feito 15 dias antes da qualifica\u00e7\u00e3o\/defesa<\/strong><\/span><\/li><li><span style=\"color: #000000\">A coordena\u00e7\u00e3o enviar\u00e1 a ata de qualifica\u00e7\u00e3o\/defesa preenchida at\u00e9 dois dias antes da data da apresenta\u00e7\u00e3o.<\/span><\/li><li><span style=\"color: #000000\">O orientador dever\u00e1 preencher na ata, os espa\u00e7os referentes a atribui\u00e7\u00e3o da nota de cada membro da banca [notas atribu\u00eddas na FICHA DE AVALIA\u00c7\u00c3O TCCI (qualifica\u00e7\u00e3o) e FICHA DE AVALIA\u00c7\u00c3O TCCII (defesa)], bem como a atribui\u00e7\u00e3o da m\u00e9dia final. O orientador dever\u00e1 preencher ainda as considera\u00e7\u00f5es que a banca julgar necess\u00e1ria.<\/span><\/li><li><span style=\"color: #000000\">Por fim, o orientador dever\u00e1 assinar a ata da qualifica\u00e7\u00e3o \/defesa como o Presidente da banca. E solicitar a assinatura f\u00edsica e\/ou digital dos membros da banca.<\/span><\/li><li><ul style=\"margin-top: 0cm\" type=\"disc\"><li style=\"text-align: justify\"><span style=\"color: #000000\">A <b>FICHA DE AVALIA\u00c7\u00c3O TCCI <\/b>(qualifica\u00e7\u00e3o) ou<b> FICHA DE AVALIA\u00c7\u00c3O TCCII <\/b>(defesa) dever\u00e1 ser entregue junto com a ata para a coordena\u00e7\u00e3o do curso do Fisioterapia via e-mail<\/span> <a href=\"mailto:fisioterapia@unifap.br\">fisioterapia@unifap.br<\/a>.<\/li><\/ul><\/li><\/ul><\/li><\/ul>\t\t\t\t\t\t\t\t<\/div>\n\t\t\t\t<\/div>\n\t\t\t\t\t<\/div>\n\t\t<\/div>\n\t\t\t\t\t<\/div>\n\t\t<\/section>\n\t\t\t\t<\/div>\n\t\t","protected":false},"excerpt":{"rendered":"<p>TRABALHO DE CONCLUS\u00c3O CE CURSO TERMO DE COMPROMISSO PARA ORIENTA\u00c7\u00c3O DE TCC. NORMATIZA\u00c7\u00c3O E ROTEIRO PARA O PROFESSOR ORIENTADOR QUALIFICA\u00c7\u00c3O D DEFESA DE TRABALHO DE CONCLUS\u00c3O DE CURSO I E II \u00a0Este roteiro foi elaborado para facilitar o entendimento das normatiza\u00e7\u00f5es necess\u00e1rias. A leitura e o conhecimento de tal roteiro s\u00e3o de responsabilidade dos alunos&#8230;<\/p>\n","protected":false},"author":3931,"featured_media":0,"parent":2088,"menu_order":0,"comment_status":"closed","ping_status":"closed","template":"elementor_header_footer","meta":{"inline_featured_image":false,"site-sidebar-layout":"default","site-content-layout":"default","ast-site-content-layout":"default","site-content-style":"default","site-sidebar-style":"default","ast-global-header-display":"","ast-banner-title-visibility":"","ast-main-header-display":"","ast-hfb-above-header-display":"","ast-hfb-below-header-display":"","ast-hfb-mobile-header-display":"","site-post-title":"","ast-breadcrumbs-content":"","ast-featured-img":"","footer-sml-layout":"","theme-transparent-header-meta":"default","adv-header-id-meta":"","stick-header-meta":"","header-above-stick-meta":"","header-main-stick-meta":"","header-below-stick-meta":"","astra-migrate-meta-layouts":"set","ast-page-background-enabled":"default","ast-page-background-meta":{"desktop":{"background-color":"var(--ast-global-color-4)","background-image":"","background-repeat":"repeat","background-position":"center center","background-size":"auto","background-attachment":"scroll","background-type":"","background-media":"","overlay-type":"","overlay-color":"","overlay-opacity":"","overlay-gradient":""},"tablet":{"background-color":"","background-image":"","background-repeat":"repeat","background-position":"center center","background-size":"auto","background-attachment":"scroll","background-type":"","background-media":"","overlay-type":"","overlay-color":"","overlay-opacity":"","overlay-gradient":""},"mobile":{"background-color":"","background-image":"","background-repeat":"repeat","background-position":"center center","background-size":"auto","background-attachment":"scroll","background-type":"","background-media":"","overlay-type":"","overlay-color":"","overlay-opacity":"","overlay-gradient":""}},"ast-content-background-meta":{"desktop":{"background-color":"var(--ast-global-color-5)","background-image":"","background-repeat":"repeat","background-position":"center center","background-size":"auto","background-attachment":"scroll","background-type":"","background-media":"","overlay-type":"","overlay-color":"","overlay-opacity":"","overlay-gradient":""},"tablet":{"background-color":"var(--ast-global-color-5)","background-image":"","background-repeat":"repeat","background-position":"center center","background-size":"auto","background-attachment":"scroll","background-type":"","background-media":"","overlay-type":"","overlay-color":"","overlay-opacity":"","overlay-gradient":""},"mobile":{"background-color":"var(--ast-global-color-5)","background-image":"","background-repeat":"repeat","background-position":"center center","background-size":"auto","background-attachment":"scroll","background-type":"","background-media":"","overlay-type":"","overlay-color":"","overlay-opacity":"","overlay-gradient":""}},"ngg_post_thumbnail":0,"footnotes":""},"class_list":["post-1339","page","type-page","status-publish","hentry"],"_links":{"self":[{"href":"https:\/\/www2.unifap.br\/fisioterapia\/wp-json\/wp\/v2\/pages\/1339","targetHints":{"allow":["GET"]}}],"collection":[{"href":"https:\/\/www2.unifap.br\/fisioterapia\/wp-json\/wp\/v2\/pages"}],"about":[{"href":"https:\/\/www2.unifap.br\/fisioterapia\/wp-json\/wp\/v2\/types\/page"}],"author":[{"embeddable":true,"href":"https:\/\/www2.unifap.br\/fisioterapia\/wp-json\/wp\/v2\/users\/3931"}],"replies":[{"embeddable":true,"href":"https:\/\/www2.unifap.br\/fisioterapia\/wp-json\/wp\/v2\/comments?post=1339"}],"version-history":[{"count":31,"href":"https:\/\/www2.unifap.br\/fisioterapia\/wp-json\/wp\/v2\/pages\/1339\/revisions"}],"predecessor-version":[{"id":3460,"href":"https:\/\/www2.unifap.br\/fisioterapia\/wp-json\/wp\/v2\/pages\/1339\/revisions\/3460"}],"up":[{"embeddable":true,"href":"https:\/\/www2.unifap.br\/fisioterapia\/wp-json\/wp\/v2\/pages\/2088"}],"wp:attachment":[{"href":"https:\/\/www2.unifap.br\/fisioterapia\/wp-json\/wp\/v2\/media?parent=1339"}],"curies":[{"name":"wp","href":"https:\/\/api.w.org\/{rel}","templated":true}]}}