{"id":1355,"date":"2022-07-25T22:05:56","date_gmt":"2022-07-25T22:05:56","guid":{"rendered":"https:\/\/www2.unifap.br\/fisioterapia\/?page_id=1355"},"modified":"2025-04-21T19:40:00","modified_gmt":"2025-04-21T19:40:00","slug":"atividades-complementares","status":"publish","type":"page","link":"https:\/\/www2.unifap.br\/fisioterapia\/portal-do-aluno\/atividades-complementares\/","title":{"rendered":"ATIVIDADES COMPLEMENTARES"},"content":{"rendered":"\t\t<div data-elementor-type=\"wp-page\" data-elementor-id=\"1355\" class=\"elementor elementor-1355\">\n\t\t\t\t\t\t<section class=\"elementor-section elementor-top-section elementor-element elementor-element-184aea5 elementor-section-boxed elementor-section-height-default elementor-section-height-default\" data-id=\"184aea5\" data-element_type=\"section\" data-e-type=\"section\">\n\t\t\t\t\t\t<div class=\"elementor-container elementor-column-gap-default\">\n\t\t\t\t\t<div class=\"elementor-column elementor-col-100 elementor-top-column elementor-element elementor-element-eeac294\" data-id=\"eeac294\" data-element_type=\"column\" data-e-type=\"column\">\n\t\t\t<div class=\"elementor-widget-wrap elementor-element-populated\">\n\t\t\t\t\t\t<div class=\"elementor-element elementor-element-5238a14 elementor-widget-divider--view-line elementor-widget elementor-widget-divider\" data-id=\"5238a14\" data-element_type=\"widget\" data-e-type=\"widget\" data-widget_type=\"divider.default\">\n\t\t\t\t<div class=\"elementor-widget-container\">\n\t\t\t\t\t\t\t<div class=\"elementor-divider\">\n\t\t\t<span class=\"elementor-divider-separator\">\n\t\t\t\t\t\t<\/span>\n\t\t<\/div>\n\t\t\t\t\t\t<\/div>\n\t\t\t\t<\/div>\n\t\t\t\t<div class=\"elementor-element elementor-element-0b35136 elementor-invisible elementor-widget elementor-widget-heading\" data-id=\"0b35136\" data-element_type=\"widget\" data-e-type=\"widget\" data-settings=\"{&quot;_animation&quot;:&quot;slideInLeft&quot;}\" data-widget_type=\"heading.default\">\n\t\t\t\t<div class=\"elementor-widget-container\">\n\t\t\t\t\t<h2 class=\"elementor-heading-title elementor-size-default\">ATIVIDADES COMPLEMENTARES<\/h2>\t\t\t\t<\/div>\n\t\t\t\t<\/div>\n\t\t\t\t<div class=\"elementor-element elementor-element-7101485 elementor-widget-divider--view-line elementor-widget elementor-widget-divider\" data-id=\"7101485\" data-element_type=\"widget\" data-e-type=\"widget\" data-widget_type=\"divider.default\">\n\t\t\t\t<div class=\"elementor-widget-container\">\n\t\t\t\t\t\t\t<div class=\"elementor-divider\">\n\t\t\t<span class=\"elementor-divider-separator\">\n\t\t\t\t\t\t<\/span>\n\t\t<\/div>\n\t\t\t\t\t\t<\/div>\n\t\t\t\t<\/div>\n\t\t\t\t\t<\/div>\n\t\t<\/div>\n\t\t\t\t\t<\/div>\n\t\t<\/section>\n\t\t\t\t<section class=\"elementor-section elementor-top-section elementor-element elementor-element-103a4999 elementor-section-boxed elementor-section-height-default elementor-section-height-default\" data-id=\"103a4999\" data-element_type=\"section\" data-e-type=\"section\">\n\t\t\t\t\t\t<div class=\"elementor-container elementor-column-gap-default\">\n\t\t\t\t\t<div class=\"elementor-column elementor-col-100 elementor-top-column elementor-element elementor-element-63ae0b5d\" data-id=\"63ae0b5d\" data-element_type=\"column\" data-e-type=\"column\">\n\t\t\t<div class=\"elementor-widget-wrap elementor-element-populated\">\n\t\t\t\t\t\t<div class=\"elementor-element elementor-element-8a558d elementor-widget elementor-widget-text-editor\" data-id=\"8a558d\" data-element_type=\"widget\" data-e-type=\"widget\" data-widget_type=\"text-editor.default\">\n\t\t\t\t<div class=\"elementor-widget-container\">\n\t\t\t\t\t\t\t\t\t<p style=\"text-align: center\"><a href=\"http:\/\/www2.unifap.br\/fisioterapia\/files\/2022\/07\/ATIVIDADES-COMPLEMENTARES.pdf\"><strong>REGULAMENTO<\/strong> <strong>DAS ATIVIDADES COMPLEMENTARES<\/strong><\/a><\/p><p style=\"text-align: left\">Prezado(a) Acad\u00eamico(a),<\/p><p>As Atividades Complementares (ACs) s\u00e3o componentes curriculares enriquecedores e complementadores do perfil do formando, possibilitam o reconhecimento, por avalia\u00e7\u00e3o de habilidades, conhecimento e compet\u00eancia do aluno, inclusive adquirida fora do ambiente acad\u00eamico, incluindo a pr\u00e1tica de estudos e atividades independentes, transversais, opcionais, de interdisciplinaridade, especialmente nas rela\u00e7\u00f5es com o mercado de trabalho e com as a\u00e7\u00f5es de extens\u00e3o junto \u00e0 comunidade.<\/p><p>O aluno dever\u00e1 apresentar no m\u00ednimo 20 horas semestral a partir do 2\u00ba semestre para c\u00f4mputo da carga de AC, somando at\u00e9 o \u00faltimo semestre o cumprimento de 210 horas. O Per\u00edodo para entrega ser\u00e1 oportunamente divulgado pela Coordena\u00e7\u00e3o do Curso.<\/p><p style=\"text-align: left\">Informamos aos interessados em requerer a entrega das ACs encaminharem por e-mail conforme orienta\u00e7\u00f5es a seguir:<\/p><ul><li><span style=\"color: #000000\"><strong>1o.<\/strong> <\/span>As ACs devem ser organizadas em formato de <strong>portf\u00f3lio em um \u00fanico<\/strong> <strong>arquivo em PDF<\/strong>\u00a0de acordo com a<span style=\"text-decoration: underline;color: #993366\"><em> <a style=\"color: #993366;text-decoration: underline\" href=\"https:\/\/drive.google.com\/file\/d\/1Zz-ebUFzkxZB93LqWJGmt8-vzuLdnzRd\/view?usp=sharing\">categoriza\u00e7\u00e3o<\/a> <\/em><\/span>descrita na <strong><a href=\"https:\/\/www2.unifap.br\/consu\/files\/2011\/07\/REsolu\u00e7\u00e3o-n\u00ba-024-08-PROPOSTA_DE_NORMATIZA\u00c7\u00c3O_ATIVIDADES_COMPL1-AACC.pdf\">RESOLU\u00c7\u00c3O N. 024\/2008 \u2013 CONSU\/UNIFAP .<\/a><\/strong><\/li><li><span style=\"color: #000000\"><strong>2o.<\/strong><\/span> Para a carga hor\u00e1ria das ACs realizadas pelos alunos serem deferidas fiquem atentos nos crit\u00e9rios da Resolu\u00e7\u00e3o n.024\/2008 &#8211; CONSU\/UNIFAP.<\/li><li><span style=\"color: #993300\"><strong><span style=\"color: #000000\">3o.<\/span> ATEN\u00c7\u00c3O!<\/strong> <\/span><span style=\"font-size: 16px\">O acad\u00eamico dever\u00e1 encaminhar todas as atividades complementares totalizando <\/span><strong style=\"font-size: 16px\">210 horas. <\/strong><span style=\"font-size: 16px\">Isso significa que atividades complementares totalizando menos do que 210 horas ser\u00e3o indeferidas.<\/span><\/li><\/ul><p style=\"text-align: left\"><strong>CRONOGRAMA DE ENTREGA: <\/strong>vai ser divulgado por meio de edital todo final de semestre, nesse canal de comunica\u00e7\u00e3o. Fique atento!\u00a0<\/p><p style=\"text-align: left\"><strong>Canal de entrega: e-mail<\/strong> &#8211; \u00a0cleber@unifap.br, com c\u00f3pia para <a href=\"mailto:fisioterapia@unifap.br\">fisioterapia@unifap.br<\/a>.<\/p><p style=\"text-align: left\">A Coordena\u00e7\u00e3o do Curso e Equipe t\u00e9cnica est\u00e3o \u00e0 disposi\u00e7\u00e3o para esclarecimentos adicionais, d\u00favidas ou dificuldades.<\/p><p style=\"text-align: left\"><strong>Atenciosamente,<\/strong><\/p><p><strong>Coordenador das ACs &#8211; Professor Cleber Alexandre de Oliveira<\/strong><\/p><p style=\"text-align: left\"><strong>Coordena\u00e7\u00e3o do Curso de Fisioterapia.<\/strong><\/p><p><a href=\"https:\/\/docs.google.com\/document\/d\/1i0dwgI1EMwErSTarzX2_WbiBQNgYyArxajNgNYHKGhI\/edit?tab=t.0\"><strong><span style=\"color: #008000\">Modelo de Portf\u00f3lio<\/span><\/strong><\/a><\/p>\t\t\t\t\t\t\t\t<\/div>\n\t\t\t\t<\/div>\n\t\t\t\t\t<\/div>\n\t\t<\/div>\n\t\t\t\t\t<\/div>\n\t\t<\/section>\n\t\t\t\t<\/div>\n\t\t","protected":false},"excerpt":{"rendered":"<p>ATIVIDADES COMPLEMENTARES REGULAMENTO DAS ATIVIDADES COMPLEMENTARES Prezado(a) Acad\u00eamico(a), As Atividades Complementares (ACs) s\u00e3o componentes curriculares enriquecedores e complementadores do perfil do formando, possibilitam o reconhecimento, por avalia\u00e7\u00e3o de habilidades, conhecimento e compet\u00eancia do aluno, inclusive adquirida fora do ambiente acad\u00eamico, incluindo a pr\u00e1tica de estudos e atividades independentes, transversais, opcionais, de interdisciplinaridade, especialmente nas rela\u00e7\u00f5es&#8230;<\/p>\n","protected":false},"author":3931,"featured_media":0,"parent":2088,"menu_order":0,"comment_status":"closed","ping_status":"closed","template":"elementor_header_footer","meta":{"inline_featured_image":false,"site-sidebar-layout":"default","site-content-layout":"default","ast-site-content-layout":"default","site-content-style":"default","site-sidebar-style":"default","ast-global-header-display":"","ast-banner-title-visibility":"","ast-main-header-display":"","ast-hfb-above-header-display":"","ast-hfb-below-header-display":"","ast-hfb-mobile-header-display":"","site-post-title":"","ast-breadcrumbs-content":"","ast-featured-img":"","footer-sml-layout":"","theme-transparent-header-meta":"default","adv-header-id-meta":"","stick-header-meta":"","header-above-stick-meta":"","header-main-stick-meta":"","header-below-stick-meta":"","astra-migrate-meta-layouts":"set","ast-page-background-enabled":"default","ast-page-background-meta":{"desktop":{"background-color":"var(--ast-global-color-4)","background-image":"","background-repeat":"repeat","background-position":"center center","background-size":"auto","background-attachment":"scroll","background-type":"","background-media":"","overlay-type":"","overlay-color":"","overlay-opacity":"","overlay-gradient":""},"tablet":{"background-color":"","background-image":"","background-repeat":"repeat","background-position":"center center","background-size":"auto","background-attachment":"scroll","background-type":"","background-media":"","overlay-type":"","overlay-color":"","overlay-opacity":"","overlay-gradient":""},"mobile":{"background-color":"","background-image":"","background-repeat":"repeat","background-position":"center center","background-size":"auto","background-attachment":"scroll","background-type":"","background-media":"","overlay-type":"","overlay-color":"","overlay-opacity":"","overlay-gradient":""}},"ast-content-background-meta":{"desktop":{"background-color":"var(--ast-global-color-5)","background-image":"","background-repeat":"repeat","background-position":"center center","background-size":"auto","background-attachment":"scroll","background-type":"","background-media":"","overlay-type":"","overlay-color":"","overlay-opacity":"","overlay-gradient":""},"tablet":{"background-color":"var(--ast-global-color-5)","background-image":"","background-repeat":"repeat","background-position":"center center","background-size":"auto","background-attachment":"scroll","background-type":"","background-media":"","overlay-type":"","overlay-color":"","overlay-opacity":"","overlay-gradient":""},"mobile":{"background-color":"var(--ast-global-color-5)","background-image":"","background-repeat":"repeat","background-position":"center center","background-size":"auto","background-attachment":"scroll","background-type":"","background-media":"","overlay-type":"","overlay-color":"","overlay-opacity":"","overlay-gradient":""}},"ngg_post_thumbnail":0,"footnotes":""},"class_list":["post-1355","page","type-page","status-publish","hentry"],"_links":{"self":[{"href":"https:\/\/www2.unifap.br\/fisioterapia\/wp-json\/wp\/v2\/pages\/1355","targetHints":{"allow":["GET"]}}],"collection":[{"href":"https:\/\/www2.unifap.br\/fisioterapia\/wp-json\/wp\/v2\/pages"}],"about":[{"href":"https:\/\/www2.unifap.br\/fisioterapia\/wp-json\/wp\/v2\/types\/page"}],"author":[{"embeddable":true,"href":"https:\/\/www2.unifap.br\/fisioterapia\/wp-json\/wp\/v2\/users\/3931"}],"replies":[{"embeddable":true,"href":"https:\/\/www2.unifap.br\/fisioterapia\/wp-json\/wp\/v2\/comments?post=1355"}],"version-history":[{"count":46,"href":"https:\/\/www2.unifap.br\/fisioterapia\/wp-json\/wp\/v2\/pages\/1355\/revisions"}],"predecessor-version":[{"id":3205,"href":"https:\/\/www2.unifap.br\/fisioterapia\/wp-json\/wp\/v2\/pages\/1355\/revisions\/3205"}],"up":[{"embeddable":true,"href":"https:\/\/www2.unifap.br\/fisioterapia\/wp-json\/wp\/v2\/pages\/2088"}],"wp:attachment":[{"href":"https:\/\/www2.unifap.br\/fisioterapia\/wp-json\/wp\/v2\/media?parent=1355"}],"curies":[{"name":"wp","href":"https:\/\/api.w.org\/{rel}","templated":true}]}}