{"id":1371,"date":"2022-07-25T22:20:06","date_gmt":"2022-07-25T22:20:06","guid":{"rendered":"https:\/\/www2.unifap.br\/fisioterapia\/?page_id=1371"},"modified":"2024-10-23T20:19:46","modified_gmt":"2024-10-23T20:19:46","slug":"foot-care-prevencao-e-reabilitacao-do-pe-diabetico","status":"publish","type":"page","link":"https:\/\/www2.unifap.br\/fisioterapia\/fisioterapia-e-comunidade\/foot-care-prevencao-e-reabilitacao-do-pe-diabetico\/","title":{"rendered":"FOOT CARE: PREVEN\u00c7\u00c3O E REABILITA\u00c7\u00c3O DO P\u00c9 DIAB\u00c9TICO"},"content":{"rendered":"\t\t<div data-elementor-type=\"wp-page\" data-elementor-id=\"1371\" class=\"elementor elementor-1371\">\n\t\t\t\t\t\t<section class=\"elementor-section elementor-top-section elementor-element elementor-element-43da60a elementor-section-boxed elementor-section-height-default elementor-section-height-default\" data-id=\"43da60a\" data-element_type=\"section\" data-e-type=\"section\">\n\t\t\t\t\t\t<div class=\"elementor-container elementor-column-gap-default\">\n\t\t\t\t\t<div class=\"elementor-column elementor-col-100 elementor-top-column elementor-element elementor-element-52ad6d9\" data-id=\"52ad6d9\" data-element_type=\"column\" data-e-type=\"column\">\n\t\t\t<div class=\"elementor-widget-wrap elementor-element-populated\">\n\t\t\t\t\t\t<div class=\"elementor-element elementor-element-ab8a897 elementor-widget-divider--view-line elementor-widget elementor-widget-divider\" data-id=\"ab8a897\" data-element_type=\"widget\" data-e-type=\"widget\" data-widget_type=\"divider.default\">\n\t\t\t\t<div class=\"elementor-widget-container\">\n\t\t\t\t\t\t\t<div class=\"elementor-divider\">\n\t\t\t<span class=\"elementor-divider-separator\">\n\t\t\t\t\t\t<\/span>\n\t\t<\/div>\n\t\t\t\t\t\t<\/div>\n\t\t\t\t<\/div>\n\t\t\t\t<div class=\"elementor-element elementor-element-db5a1a4 elementor-invisible elementor-widget elementor-widget-heading\" data-id=\"db5a1a4\" data-element_type=\"widget\" data-e-type=\"widget\" data-settings=\"{&quot;_animation&quot;:&quot;slideInLeft&quot;}\" data-widget_type=\"heading.default\">\n\t\t\t\t<div class=\"elementor-widget-container\">\n\t\t\t\t\t<h2 class=\"elementor-heading-title elementor-size-default\">FOOT CARE: PREVEN\u00c7\u00c3O E REABILITA\u00c7\u00c3O DO P\u00c9 DIAB\u00c9TICO<\/h2>\t\t\t\t<\/div>\n\t\t\t\t<\/div>\n\t\t\t\t<div class=\"elementor-element elementor-element-ec973d3 elementor-widget-divider--view-line elementor-widget elementor-widget-divider\" data-id=\"ec973d3\" data-element_type=\"widget\" data-e-type=\"widget\" data-widget_type=\"divider.default\">\n\t\t\t\t<div class=\"elementor-widget-container\">\n\t\t\t\t\t\t\t<div class=\"elementor-divider\">\n\t\t\t<span class=\"elementor-divider-separator\">\n\t\t\t\t\t\t<\/span>\n\t\t<\/div>\n\t\t\t\t\t\t<\/div>\n\t\t\t\t<\/div>\n\t\t\t\t\t<\/div>\n\t\t<\/div>\n\t\t\t\t\t<\/div>\n\t\t<\/section>\n\t\t\t\t<section class=\"elementor-section elementor-top-section elementor-element elementor-element-7b133bff elementor-section-boxed elementor-section-height-default elementor-section-height-default\" data-id=\"7b133bff\" data-element_type=\"section\" data-e-type=\"section\">\n\t\t\t\t\t\t<div class=\"elementor-container elementor-column-gap-default\">\n\t\t\t\t\t<div class=\"elementor-column elementor-col-100 elementor-top-column elementor-element elementor-element-6d4f2378\" data-id=\"6d4f2378\" data-element_type=\"column\" data-e-type=\"column\">\n\t\t\t<div class=\"elementor-widget-wrap elementor-element-populated\">\n\t\t\t\t\t\t<div class=\"elementor-element elementor-element-5e8581a0 elementor-widget elementor-widget-text-editor\" data-id=\"5e8581a0\" data-element_type=\"widget\" data-e-type=\"widget\" data-widget_type=\"text-editor.default\">\n\t\t\t\t<div class=\"elementor-widget-container\">\n\t\t\t\t\t\t\t\t\t<p><a href=\"http:\/\/www2.unifap.br\/fisioterapia\/files\/2023\/04\/FOOT-CARE.png\"><br \/><img decoding=\"async\" class=\"size-medium wp-image-1692 aligncenter\" src=\"http:\/\/www2.unifap.br\/fisioterapia\/files\/2023\/04\/FOOT-CARE-300x123.png\" alt=\"\" width=\"300\" height=\"123\" srcset=\"https:\/\/www2.unifap.br\/fisioterapia\/files\/2023\/04\/FOOT-CARE-300x123.png 300w, https:\/\/www2.unifap.br\/fisioterapia\/files\/2023\/04\/FOOT-CARE.png 384w\" sizes=\"(max-width: 300px) 100vw, 300px\" \/><\/a><\/p><p>\u00a0<\/p><p>\u00a0<\/p><p>O projeto Foot Care justifica-se pela possibilidade de oferecer mais uma alternativa de atendimento a\u0300 popula\u00e7\u00e3o com Diabetes da cidade de Macap\u00e1 e Santana-AP atendidos na UBS da UNIFAP, no \u00e2mbito da educa\u00e7\u00e3o, preven\u00e7\u00e3o e reabilita\u00e7\u00e3o de complica\u00e7\u00f5es musculoesquel\u00e9ticas oriundas da Diabetes, suprindo a necessidade de atendimentos de pacientes diab\u00e9ticos e\/ou com p\u00e9 neurop\u00e1tico, amputados por diabetes, reabilita\u00e7\u00e3o pr\u00e9 prot\u00e9tica e prot\u00e9tica.<\/p><p><strong>P\u00fablico-alvo<\/strong>: Popula\u00e7\u00e3o com Diabetes e complica\u00e7\u00f5es musculoesquel\u00e9ticas oriundas da Diabetes.<\/p><p><strong>N\u00famero de pessoas atendidas<\/strong>: S\u00e3o atendidas em m\u00e9dia <span style=\"color: #ff0000\"><strong>10 pessoas com diabetes<\/strong><\/span> <strong>por semestre<\/strong> para tratamento das complica\u00e7\u00f5es musculoesquel\u00e9ticas oriundos da Diabetes.<\/p><p><strong>Modo de inscri\u00e7\u00e3o: <\/strong>Os pacientes com Diabetes atendidos na UBS da UNIFAP s\u00e3o encaminhados para o projeto Foot Care. Ou seja, para ser atendido no projeto, o paciente precisa estar sendo assistido pela UBS da UNIFAP.<\/p><hr \/><p>\u00a0<\/p>\t\t\t\t\t\t\t\t<\/div>\n\t\t\t\t<\/div>\n\t\t\t\t\t<\/div>\n\t\t<\/div>\n\t\t\t\t\t<\/div>\n\t\t<\/section>\n\t\t\t\t<\/div>\n\t\t","protected":false},"excerpt":{"rendered":"<p>FOOT CARE: PREVEN\u00c7\u00c3O E REABILITA\u00c7\u00c3O DO P\u00c9 DIAB\u00c9TICO \u00a0 \u00a0 O projeto Foot Care justifica-se pela possibilidade de oferecer mais uma alternativa de atendimento a\u0300 popula\u00e7\u00e3o com Diabetes da cidade de Macap\u00e1 e Santana-AP atendidos na UBS da UNIFAP, no \u00e2mbito da educa\u00e7\u00e3o, preven\u00e7\u00e3o e reabilita\u00e7\u00e3o de complica\u00e7\u00f5es musculoesquel\u00e9ticas oriundas da Diabetes, suprindo a necessidade&#8230;<\/p>\n","protected":false},"author":3931,"featured_media":0,"parent":1360,"menu_order":0,"comment_status":"closed","ping_status":"closed","template":"elementor_header_footer","meta":{"inline_featured_image":false,"site-sidebar-layout":"default","site-content-layout":"default","ast-site-content-layout":"default","site-content-style":"default","site-sidebar-style":"default","ast-global-header-display":"","ast-banner-title-visibility":"","ast-main-header-display":"","ast-hfb-above-header-display":"","ast-hfb-below-header-display":"","ast-hfb-mobile-header-display":"","site-post-title":"","ast-breadcrumbs-content":"","ast-featured-img":"","footer-sml-layout":"","theme-transparent-header-meta":"default","adv-header-id-meta":"","stick-header-meta":"","header-above-stick-meta":"","header-main-stick-meta":"","header-below-stick-meta":"","astra-migrate-meta-layouts":"set","ast-page-background-enabled":"default","ast-page-background-meta":{"desktop":{"background-color":"var(--ast-global-color-4)","background-image":"","background-repeat":"repeat","background-position":"center center","background-size":"auto","background-attachment":"scroll","background-type":"","background-media":"","overlay-type":"","overlay-color":"","overlay-opacity":"","overlay-gradient":""},"tablet":{"background-color":"","background-image":"","background-repeat":"repeat","background-position":"center center","background-size":"auto","background-attachment":"scroll","background-type":"","background-media":"","overlay-type":"","overlay-color":"","overlay-opacity":"","overlay-gradient":""},"mobile":{"background-color":"","background-image":"","background-repeat":"repeat","background-position":"center center","background-size":"auto","background-attachment":"scroll","background-type":"","background-media":"","overlay-type":"","overlay-color":"","overlay-opacity":"","overlay-gradient":""}},"ast-content-background-meta":{"desktop":{"background-color":"var(--ast-global-color-5)","background-image":"","background-repeat":"repeat","background-position":"center center","background-size":"auto","background-attachment":"scroll","background-type":"","background-media":"","overlay-type":"","overlay-color":"","overlay-opacity":"","overlay-gradient":""},"tablet":{"background-color":"var(--ast-global-color-5)","background-image":"","background-repeat":"repeat","background-position":"center center","background-size":"auto","background-attachment":"scroll","background-type":"","background-media":"","overlay-type":"","overlay-color":"","overlay-opacity":"","overlay-gradient":""},"mobile":{"background-color":"var(--ast-global-color-5)","background-image":"","background-repeat":"repeat","background-position":"center center","background-size":"auto","background-attachment":"scroll","background-type":"","background-media":"","overlay-type":"","overlay-color":"","overlay-opacity":"","overlay-gradient":""}},"ngg_post_thumbnail":0,"footnotes":""},"class_list":["post-1371","page","type-page","status-publish","hentry"],"_links":{"self":[{"href":"https:\/\/www2.unifap.br\/fisioterapia\/wp-json\/wp\/v2\/pages\/1371","targetHints":{"allow":["GET"]}}],"collection":[{"href":"https:\/\/www2.unifap.br\/fisioterapia\/wp-json\/wp\/v2\/pages"}],"about":[{"href":"https:\/\/www2.unifap.br\/fisioterapia\/wp-json\/wp\/v2\/types\/page"}],"author":[{"embeddable":true,"href":"https:\/\/www2.unifap.br\/fisioterapia\/wp-json\/wp\/v2\/users\/3931"}],"replies":[{"embeddable":true,"href":"https:\/\/www2.unifap.br\/fisioterapia\/wp-json\/wp\/v2\/comments?post=1371"}],"version-history":[{"count":5,"href":"https:\/\/www2.unifap.br\/fisioterapia\/wp-json\/wp\/v2\/pages\/1371\/revisions"}],"predecessor-version":[{"id":2966,"href":"https:\/\/www2.unifap.br\/fisioterapia\/wp-json\/wp\/v2\/pages\/1371\/revisions\/2966"}],"up":[{"embeddable":true,"href":"https:\/\/www2.unifap.br\/fisioterapia\/wp-json\/wp\/v2\/pages\/1360"}],"wp:attachment":[{"href":"https:\/\/www2.unifap.br\/fisioterapia\/wp-json\/wp\/v2\/media?parent=1371"}],"curies":[{"name":"wp","href":"https:\/\/api.w.org\/{rel}","templated":true}]}}