{"id":1404,"date":"2022-07-25T23:54:17","date_gmt":"2022-07-25T23:54:17","guid":{"rendered":"https:\/\/www2.unifap.br\/fisioterapia\/?page_id=1404"},"modified":"2024-10-23T20:21:48","modified_gmt":"2024-10-23T20:21:48","slug":"liga-de-fisioterapia-esportiva-da-unifap-life","status":"publish","type":"page","link":"https:\/\/www2.unifap.br\/fisioterapia\/fisioterapia-e-comunidade\/liga-de-fisioterapia-esportiva-da-unifap-life\/","title":{"rendered":"LIGA DE FISIOTERAPIA ESPORTIVA DA UNIFAP &#8211; LIFE"},"content":{"rendered":"\t\t<div data-elementor-type=\"wp-page\" data-elementor-id=\"1404\" class=\"elementor elementor-1404\">\n\t\t\t\t\t\t<section class=\"elementor-section elementor-top-section elementor-element elementor-element-9200048 elementor-section-boxed elementor-section-height-default elementor-section-height-default\" data-id=\"9200048\" data-element_type=\"section\" data-e-type=\"section\">\n\t\t\t\t\t\t<div class=\"elementor-container elementor-column-gap-default\">\n\t\t\t\t\t<div class=\"elementor-column elementor-col-100 elementor-top-column elementor-element elementor-element-ab2afd7\" data-id=\"ab2afd7\" data-element_type=\"column\" data-e-type=\"column\">\n\t\t\t<div class=\"elementor-widget-wrap elementor-element-populated\">\n\t\t\t\t\t\t<div class=\"elementor-element elementor-element-69e1d6a elementor-widget-divider--view-line elementor-widget elementor-widget-divider\" data-id=\"69e1d6a\" data-element_type=\"widget\" data-e-type=\"widget\" data-widget_type=\"divider.default\">\n\t\t\t\t<div class=\"elementor-widget-container\">\n\t\t\t\t\t\t\t<div class=\"elementor-divider\">\n\t\t\t<span class=\"elementor-divider-separator\">\n\t\t\t\t\t\t<\/span>\n\t\t<\/div>\n\t\t\t\t\t\t<\/div>\n\t\t\t\t<\/div>\n\t\t\t\t<div class=\"elementor-element elementor-element-b1f5f6e elementor-invisible elementor-widget elementor-widget-heading\" data-id=\"b1f5f6e\" data-element_type=\"widget\" data-e-type=\"widget\" data-settings=\"{&quot;_animation&quot;:&quot;slideInLeft&quot;}\" data-widget_type=\"heading.default\">\n\t\t\t\t<div class=\"elementor-widget-container\">\n\t\t\t\t\t<h2 class=\"elementor-heading-title elementor-size-default\">LIGA DE FISIOTERAPIA ESPORTIVA DA UNIFAP \u2013 LIFE<\/h2>\t\t\t\t<\/div>\n\t\t\t\t<\/div>\n\t\t\t\t<div class=\"elementor-element elementor-element-6776e57 elementor-widget-divider--view-line elementor-widget elementor-widget-divider\" data-id=\"6776e57\" data-element_type=\"widget\" data-e-type=\"widget\" data-widget_type=\"divider.default\">\n\t\t\t\t<div class=\"elementor-widget-container\">\n\t\t\t\t\t\t\t<div class=\"elementor-divider\">\n\t\t\t<span class=\"elementor-divider-separator\">\n\t\t\t\t\t\t<\/span>\n\t\t<\/div>\n\t\t\t\t\t\t<\/div>\n\t\t\t\t<\/div>\n\t\t\t\t\t<\/div>\n\t\t<\/div>\n\t\t\t\t\t<\/div>\n\t\t<\/section>\n\t\t\t\t<section class=\"elementor-section elementor-top-section elementor-element elementor-element-e3236cf elementor-section-boxed elementor-section-height-default elementor-section-height-default\" data-id=\"e3236cf\" data-element_type=\"section\" data-e-type=\"section\">\n\t\t\t\t\t\t<div class=\"elementor-container elementor-column-gap-default\">\n\t\t\t\t\t<div class=\"elementor-column elementor-col-100 elementor-top-column elementor-element elementor-element-1f082102\" data-id=\"1f082102\" data-element_type=\"column\" data-e-type=\"column\">\n\t\t\t<div class=\"elementor-widget-wrap elementor-element-populated\">\n\t\t\t\t\t\t<div class=\"elementor-element elementor-element-76b35f74 elementor-widget elementor-widget-text-editor\" data-id=\"76b35f74\" data-element_type=\"widget\" data-e-type=\"widget\" data-widget_type=\"text-editor.default\">\n\t\t\t\t<div class=\"elementor-widget-container\">\n\t\t\t\t\t\t\t\t\t<p><a href=\"http:\/\/www2.unifap.br\/fisioterapia\/files\/2022\/07\/banner-postagem-logo-life-1.jpg\"><img fetchpriority=\"high\" decoding=\"async\" class=\"alignnone size-full wp-image-1423\" src=\"http:\/\/www2.unifap.br\/fisioterapia\/files\/2022\/07\/banner-postagem-logo-life-1.jpg\" alt=\"\" width=\"2296\" height=\"2296\" \/><\/a><\/p><p>\u00a0<\/p><p>A LIFE UNIFAP oferece diversos servi\u00e7o assistencialista a comunidade interna e externa da UNIFAP para tratamento e preven\u00e7\u00e3o de les\u00f5es musculoesquel\u00e9ticas relacionadas a pr\u00e1tica esportiva. Os sistemas p\u00fablicos e privados de sa\u00fade t\u00eam apresentado diversas limita\u00e7\u00f5es no processo de assist\u00eancia aos atletas em todos os n\u00edveis de aten\u00e7\u00e3o no munic\u00edpio de Macap\u00e1-AP. Dessa forma, atletas que sofrem les\u00e3o durante a pr\u00e1tica esportiva &#8211; ou mesmo fora da pr\u00e1tica esportiva- ficam desassistidos, e acabam abandonando a pr\u00e1tica esportiva, caindo no sedentarismo, que hoje \u00e9 considerado um dos grandes fatores de risco para o desenvolvimento de diversas doen\u00e7as cr\u00f4nicas. Nesse sentido, a Liga de Fisioterapia Esportiva &#8211; LIFE UNIFAP surgiu com um trabalho de extrema import\u00e2ncia para o desenvolvimento dos atletas amapaenses, principalmente \u00e0queles com baixa condi\u00e7\u00e3o social, oferecendo atendimento fisioterap\u00eautico de qualidade e baseado nas mais atualizadas evid\u00eancias cientificas. Al\u00e9m disso proporciona para aos alunos de gradua\u00e7\u00e3o do curso de fisioterapia uma gama de experi\u00eancias te\u00f3rico-pr\u00e1ticas na \u00e1rea da reabilita\u00e7\u00e3o esportiva.<\/p><p><strong>P\u00fablico-alvo<\/strong>: Atletas amadores, profissionais, universit\u00e1rios e paraol\u00edmpicos.\u00a0<\/p><p><strong>N\u00famero de pessoas atendidas<\/strong>: S\u00e3o atendidas em m\u00e9dia <span style=\"color: #ff0000\"><strong>50 pessoas<\/strong><\/span>. Dos quais 20 est\u00e3o em tratamento fisioterap\u00eautico, e os outros s\u00e3o atendidos durante os campeonatos internos universit\u00e1rio<\/p><p><strong>Modo de inscri\u00e7\u00e3o: <\/strong><\/p><p><strong>1\u00ba <\/strong>Acessar o site da LIFE: <a href=\"mailto:https:\/\/lifeunifap.wixsite.com\/website\">https:\/\/lifeunifap.wixsite.com\/website<\/a><\/p><p><strong>2\u00ba <\/strong>Preencher formul\u00e1rio de atendimento.<\/p><hr \/><p style=\"text-align: center\"><strong>ATIVIDADES DA LIGA DE FISIOTERAPIA ESPORTIVA DA UNIFAP<\/strong><\/p><p><a href=\"http:\/\/www2.unifap.br\/fisioterapia\/files\/2023\/04\/LIFE6.png\"><img decoding=\"async\" class=\"size-medium wp-image-1702 aligncenter\" src=\"http:\/\/www2.unifap.br\/fisioterapia\/files\/2023\/04\/LIFE6-300x169.png\" alt=\"\" width=\"300\" height=\"169\" srcset=\"https:\/\/www2.unifap.br\/fisioterapia\/files\/2023\/04\/LIFE6-300x169.png 300w, https:\/\/www2.unifap.br\/fisioterapia\/files\/2023\/04\/LIFE6-1024x576.png 1024w, https:\/\/www2.unifap.br\/fisioterapia\/files\/2023\/04\/LIFE6-768x432.png 768w, https:\/\/www2.unifap.br\/fisioterapia\/files\/2023\/04\/LIFE6.png 1280w\" sizes=\"(max-width: 300px) 100vw, 300px\" \/><\/a><\/p><hr \/><p>\u00a0<\/p>\t\t\t\t\t\t\t\t<\/div>\n\t\t\t\t<\/div>\n\t\t\t\t\t<\/div>\n\t\t<\/div>\n\t\t\t\t\t<\/div>\n\t\t<\/section>\n\t\t\t\t<\/div>\n\t\t","protected":false},"excerpt":{"rendered":"<p>LIGA DE FISIOTERAPIA ESPORTIVA DA UNIFAP \u2013 LIFE \u00a0 A LIFE UNIFAP oferece diversos servi\u00e7o assistencialista a comunidade interna e externa da UNIFAP para tratamento e preven\u00e7\u00e3o de les\u00f5es musculoesquel\u00e9ticas relacionadas a pr\u00e1tica esportiva. Os sistemas p\u00fablicos e privados de sa\u00fade t\u00eam apresentado diversas limita\u00e7\u00f5es no processo de assist\u00eancia aos atletas em todos os n\u00edveis&#8230;<\/p>\n","protected":false},"author":3931,"featured_media":0,"parent":1360,"menu_order":0,"comment_status":"closed","ping_status":"closed","template":"elementor_header_footer","meta":{"inline_featured_image":false,"site-sidebar-layout":"default","site-content-layout":"default","ast-site-content-layout":"default","site-content-style":"default","site-sidebar-style":"default","ast-global-header-display":"","ast-banner-title-visibility":"","ast-main-header-display":"","ast-hfb-above-header-display":"","ast-hfb-below-header-display":"","ast-hfb-mobile-header-display":"","site-post-title":"","ast-breadcrumbs-content":"","ast-featured-img":"","footer-sml-layout":"","theme-transparent-header-meta":"default","adv-header-id-meta":"","stick-header-meta":"","header-above-stick-meta":"","header-main-stick-meta":"","header-below-stick-meta":"","astra-migrate-meta-layouts":"set","ast-page-background-enabled":"default","ast-page-background-meta":{"desktop":{"background-color":"var(--ast-global-color-4)","background-image":"","background-repeat":"repeat","background-position":"center center","background-size":"auto","background-attachment":"scroll","background-type":"","background-media":"","overlay-type":"","overlay-color":"","overlay-opacity":"","overlay-gradient":""},"tablet":{"background-color":"","background-image":"","background-repeat":"repeat","background-position":"center center","background-size":"auto","background-attachment":"scroll","background-type":"","background-media":"","overlay-type":"","overlay-color":"","overlay-opacity":"","overlay-gradient":""},"mobile":{"background-color":"","background-image":"","background-repeat":"repeat","background-position":"center center","background-size":"auto","background-attachment":"scroll","background-type":"","background-media":"","overlay-type":"","overlay-color":"","overlay-opacity":"","overlay-gradient":""}},"ast-content-background-meta":{"desktop":{"background-color":"var(--ast-global-color-5)","background-image":"","background-repeat":"repeat","background-position":"center center","background-size":"auto","background-attachment":"scroll","background-type":"","background-media":"","overlay-type":"","overlay-color":"","overlay-opacity":"","overlay-gradient":""},"tablet":{"background-color":"var(--ast-global-color-5)","background-image":"","background-repeat":"repeat","background-position":"center center","background-size":"auto","background-attachment":"scroll","background-type":"","background-media":"","overlay-type":"","overlay-color":"","overlay-opacity":"","overlay-gradient":""},"mobile":{"background-color":"var(--ast-global-color-5)","background-image":"","background-repeat":"repeat","background-position":"center center","background-size":"auto","background-attachment":"scroll","background-type":"","background-media":"","overlay-type":"","overlay-color":"","overlay-opacity":"","overlay-gradient":""}},"ngg_post_thumbnail":0,"footnotes":""},"class_list":["post-1404","page","type-page","status-publish","hentry"],"_links":{"self":[{"href":"https:\/\/www2.unifap.br\/fisioterapia\/wp-json\/wp\/v2\/pages\/1404","targetHints":{"allow":["GET"]}}],"collection":[{"href":"https:\/\/www2.unifap.br\/fisioterapia\/wp-json\/wp\/v2\/pages"}],"about":[{"href":"https:\/\/www2.unifap.br\/fisioterapia\/wp-json\/wp\/v2\/types\/page"}],"author":[{"embeddable":true,"href":"https:\/\/www2.unifap.br\/fisioterapia\/wp-json\/wp\/v2\/users\/3931"}],"replies":[{"embeddable":true,"href":"https:\/\/www2.unifap.br\/fisioterapia\/wp-json\/wp\/v2\/comments?post=1404"}],"version-history":[{"count":10,"href":"https:\/\/www2.unifap.br\/fisioterapia\/wp-json\/wp\/v2\/pages\/1404\/revisions"}],"predecessor-version":[{"id":2975,"href":"https:\/\/www2.unifap.br\/fisioterapia\/wp-json\/wp\/v2\/pages\/1404\/revisions\/2975"}],"up":[{"embeddable":true,"href":"https:\/\/www2.unifap.br\/fisioterapia\/wp-json\/wp\/v2\/pages\/1360"}],"wp:attachment":[{"href":"https:\/\/www2.unifap.br\/fisioterapia\/wp-json\/wp\/v2\/media?parent=1404"}],"curies":[{"name":"wp","href":"https:\/\/api.w.org\/{rel}","templated":true}]}}