{"id":2206,"date":"2024-07-31T19:20:25","date_gmt":"2024-07-31T19:20:25","guid":{"rendered":"https:\/\/www2.unifap.br\/fisioterapia\/?page_id=2206"},"modified":"2024-10-23T19:57:29","modified_gmt":"2024-10-23T19:57:29","slug":"credito-de-disciplinas","status":"publish","type":"page","link":"https:\/\/www2.unifap.br\/fisioterapia\/portal-do-aluno\/credito-de-disciplinas\/","title":{"rendered":"CR\u00c9DITO DE DISCIPLINAS"},"content":{"rendered":"\t\t<div data-elementor-type=\"wp-page\" data-elementor-id=\"2206\" class=\"elementor elementor-2206\">\n\t\t\t\t\t\t<section class=\"elementor-section elementor-top-section elementor-element elementor-element-5b136e2 elementor-section-boxed elementor-section-height-default elementor-section-height-default\" data-id=\"5b136e2\" data-element_type=\"section\" data-e-type=\"section\">\n\t\t\t\t\t\t<div class=\"elementor-container elementor-column-gap-default\">\n\t\t\t\t\t<div class=\"elementor-column elementor-col-100 elementor-top-column elementor-element elementor-element-01a9d08\" data-id=\"01a9d08\" data-element_type=\"column\" data-e-type=\"column\">\n\t\t\t<div class=\"elementor-widget-wrap elementor-element-populated\">\n\t\t\t\t\t\t<div class=\"elementor-element elementor-element-0f9a9ca elementor-widget-divider--view-line elementor-widget elementor-widget-divider\" data-id=\"0f9a9ca\" data-element_type=\"widget\" data-e-type=\"widget\" data-widget_type=\"divider.default\">\n\t\t\t\t<div class=\"elementor-widget-container\">\n\t\t\t\t\t\t\t<div class=\"elementor-divider\">\n\t\t\t<span class=\"elementor-divider-separator\">\n\t\t\t\t\t\t<\/span>\n\t\t<\/div>\n\t\t\t\t\t\t<\/div>\n\t\t\t\t<\/div>\n\t\t\t\t<div class=\"elementor-element elementor-element-eff46bc elementor-invisible elementor-widget elementor-widget-heading\" data-id=\"eff46bc\" data-element_type=\"widget\" data-e-type=\"widget\" data-settings=\"{&quot;_animation&quot;:&quot;slideInLeft&quot;}\" data-widget_type=\"heading.default\">\n\t\t\t\t<div class=\"elementor-widget-container\">\n\t\t\t\t\t<h2 class=\"elementor-heading-title elementor-size-default\">CR\u00c9DITO DE DISCIPLINAS<\/h2>\t\t\t\t<\/div>\n\t\t\t\t<\/div>\n\t\t\t\t<div class=\"elementor-element elementor-element-97ed7ce elementor-widget-divider--view-line elementor-widget elementor-widget-divider\" data-id=\"97ed7ce\" data-element_type=\"widget\" data-e-type=\"widget\" data-widget_type=\"divider.default\">\n\t\t\t\t<div class=\"elementor-widget-container\">\n\t\t\t\t\t\t\t<div class=\"elementor-divider\">\n\t\t\t<span class=\"elementor-divider-separator\">\n\t\t\t\t\t\t<\/span>\n\t\t<\/div>\n\t\t\t\t\t\t<\/div>\n\t\t\t\t<\/div>\n\t\t\t\t\t<\/div>\n\t\t<\/div>\n\t\t\t\t\t<\/div>\n\t\t<\/section>\n\t\t\t\t<section class=\"elementor-section elementor-top-section elementor-element elementor-element-4cd60c66 elementor-section-boxed elementor-section-height-default elementor-section-height-default\" data-id=\"4cd60c66\" data-element_type=\"section\" data-e-type=\"section\">\n\t\t\t\t\t\t<div class=\"elementor-container elementor-column-gap-default\">\n\t\t\t\t\t<div class=\"elementor-column elementor-col-100 elementor-top-column elementor-element elementor-element-4cc57e85\" data-id=\"4cc57e85\" data-element_type=\"column\" data-e-type=\"column\">\n\t\t\t<div class=\"elementor-widget-wrap elementor-element-populated\">\n\t\t\t\t\t\t<div class=\"elementor-element elementor-element-467aceb1 elementor-widget elementor-widget-text-editor\" data-id=\"467aceb1\" data-element_type=\"widget\" data-e-type=\"widget\" data-widget_type=\"text-editor.default\">\n\t\t\t\t<div class=\"elementor-widget-container\">\n\t\t\t\t\t\t\t\t\t<p style=\"font-weight: 400\">Prezado(a) Acad\u00eamico(a),<\/p><p style=\"font-weight: 400\">Informamos aos interessados em requerer equival\u00eancia de componentes curriculares com objetivo de solicitar cr\u00e9dito de disciplina, que receberemos requerimento conforme orienta\u00e7\u00f5es a seguir:<\/p><p style=\"font-weight: 400\"><strong>1o. CRONOGRAMA: <\/strong>O per\u00edodo da solicita\u00e7\u00e3o de cr\u00e9dito de disciplina \u00e9 estabelecido pela Coordena\u00e7\u00e3o do Curso, geralmente ap\u00f3s o primeiro m\u00eas de in\u00edcio do semestre letivo e disponibilizado na p\u00e1gina do curso e notifica\u00e7\u00e3o via SIGAA aos alunos;<\/p><p>2o.\u00a0<strong>Canal de entrega: e-mail &#8211; fisioterapia@unifap.br<\/strong><\/p><p style=\"font-weight: 400\">3o Os Componentes curriculares que poder\u00e3o solicitar equival\u00eancia devem respeitar as Disciplinas obrigat\u00f3rias ofertadas nos semestres 1\u00ba, 2\u00ba, 3\u00ba,4\u00ba, 5\u00ba, 6\u00ba e 7\u00ba ou optativas (exce\u00e7\u00e3o de Est\u00e1gio, TCC e AC) de acordo com o <em><strong><a href=\"https:\/\/www2.unifap.br\/fisioterapia\/files\/2022\/07\/PROJETO-POLITICO-PEDAGOGICO-2018.pdf\">PPC do curso<\/a><\/strong><\/em>;<\/p><p style=\"font-weight: 400\">4o. Os interessados dever\u00e3o enviar formul\u00e1rio preenchido e documentos, conforme rela\u00e7\u00e3o abaixo:<\/p><p style=\"font-weight: 400\"><strong>\u00a0 \u00a0 \u00a0 \u00a0 \u00a0 &#8211; DOCUMENTOS NECESS\u00c1RIOS PARA SOLICITA\u00c7\u00c3O:<\/strong><\/p><p style=\"font-weight: 400\">\u00a0 \u00a0 \u00a0 \u00a0 \u00a0 \u00a0 \u00a0 \u00a0 \u00a0 \u00a0 \u00a0 \u00a0 \u00a0 \u00a0 \u00a0<em>&#8211; <\/em><a href=\"http:\/\/www2.unifap.br\/fisioterapia\/files\/2024\/07\/FORMULARIO-DE-CREDITO-DE-DISCIPLINAS.docx\"><em>FORMULARIO-DE-CREDITO-DE-DISCIPLINAS;<\/em><\/a><\/p><p style=\"font-weight: 400\">\u00a0 \u00a0 \u00a0 \u00a0 \u00a0 \u00a0 \u00a0 \u00a0 \u00a0 \u00a0 \u00a0 \u00a0 \u00a0 \u00a0 \u00a0&#8211; Documentos da(s) a(s) disciplina(s) que deseja equival\u00eancia, cursada obrigatoriamente em Institui\u00e7\u00e3o de Ensino Superior (IES):<\/p><p style=\"font-weight: 400\">\u00a0 \u00a0 \u00a0 \u00a0 \u00a0 \u00a0 \u00a0 \u00a0 \u00a0 \u00a0 \u00a0 \u00a0 \u00a0 \u00a0 \u00a0&#8211; Hist\u00f3rico que demonstre a disciplina, com aprova\u00e7\u00e3o e carga hor\u00e1ria;<\/p><p style=\"font-weight: 400\">\u00a0 \u00a0 \u00a0 \u00a0 \u00a0 \u00a0 \u00a0 \u00a0 \u00a0 \u00a0 \u00a0 \u00a0 \u00a0 \u00a0 \u00a0&#8211; Ementa;<\/p><p style=\"font-weight: 400\">\u00a0 \u00a0 \u00a0 \u00a0 \u00a0 \u00a0 \u00a0 \u00a0 \u00a0 \u00a0 \u00a0 \u00a0 \u00a0 \u00a0 \u00a0&#8211; Conte\u00fados program\u00e1ticos estudados;<\/p><p style=\"font-weight: 400\">\u00a0 \u00a0 \u00a0 \u00a0 \u00a0 \u00a0 \u00a0 \u00a0 \u00a0 \u00a0 \u00a0 \u00a0 \u00a0 \u00a0 \u00a0&#8211; Ementa da disciplina de acordo com o <em><strong><a href=\"https:\/\/www2.unifap.br\/fisioterapia\/files\/2022\/07\/PROJETO-POLITICO-PEDAGOGICO-2018.pdf\">PPC do Curso<\/a><\/strong><\/em> de Fisioterapia da UNIFAP a qual deseja cr\u00e9dito;<\/p><p style=\"font-weight: 400\"><strong>ATEN\u00c7\u00c3O:<\/strong> O formul\u00e1rio e documentos dever\u00e3o ser encaminhados em <strong>arquivo \u00fanico no formato PDF para cada disciplina a ser creditada. <\/strong><\/p><p style=\"font-weight: 400\">A Coordena\u00e7\u00e3o do Curso e Equipe t\u00e9cnica est\u00e3o \u00e0 disposi\u00e7\u00e3o para esclarecimentos adicionais, d\u00favidas ou dificuldades encaminhe sua manifesta\u00e7\u00e3o para fisioterapia@unifap.br<\/p><p style=\"font-weight: 400\"><strong>Atenciosamente,<\/strong><\/p><p style=\"font-weight: 400\"><strong>Coordena\u00e7\u00e3o do Curso de Fisioterapia<\/strong><\/p>\t\t\t\t\t\t\t\t<\/div>\n\t\t\t\t<\/div>\n\t\t\t\t\t<\/div>\n\t\t<\/div>\n\t\t\t\t\t<\/div>\n\t\t<\/section>\n\t\t\t\t<\/div>\n\t\t","protected":false},"excerpt":{"rendered":"<p>CR\u00c9DITO DE DISCIPLINAS Prezado(a) Acad\u00eamico(a), Informamos aos interessados em requerer equival\u00eancia de componentes curriculares com objetivo de solicitar cr\u00e9dito de disciplina, que receberemos requerimento conforme orienta\u00e7\u00f5es a seguir: 1o. CRONOGRAMA: O per\u00edodo da solicita\u00e7\u00e3o de cr\u00e9dito de disciplina \u00e9 estabelecido pela Coordena\u00e7\u00e3o do Curso, geralmente ap\u00f3s o primeiro m\u00eas de in\u00edcio do semestre letivo e&#8230;<\/p>\n","protected":false},"author":4028,"featured_media":0,"parent":2088,"menu_order":0,"comment_status":"closed","ping_status":"closed","template":"elementor_header_footer","meta":{"inline_featured_image":false,"site-sidebar-layout":"default","site-content-layout":"","ast-site-content-layout":"default","site-content-style":"default","site-sidebar-style":"default","ast-global-header-display":"","ast-banner-title-visibility":"","ast-main-header-display":"","ast-hfb-above-header-display":"","ast-hfb-below-header-display":"","ast-hfb-mobile-header-display":"","site-post-title":"","ast-breadcrumbs-content":"","ast-featured-img":"","footer-sml-layout":"","theme-transparent-header-meta":"default","adv-header-id-meta":"","stick-header-meta":"","header-above-stick-meta":"","header-main-stick-meta":"","header-below-stick-meta":"","astra-migrate-meta-layouts":"set","ast-page-background-enabled":"default","ast-page-background-meta":{"desktop":{"background-color":"var(--ast-global-color-4)","background-image":"","background-repeat":"repeat","background-position":"center center","background-size":"auto","background-attachment":"scroll","background-type":"","background-media":"","overlay-type":"","overlay-color":"","overlay-opacity":"","overlay-gradient":""},"tablet":{"background-color":"","background-image":"","background-repeat":"repeat","background-position":"center center","background-size":"auto","background-attachment":"scroll","background-type":"","background-media":"","overlay-type":"","overlay-color":"","overlay-opacity":"","overlay-gradient":""},"mobile":{"background-color":"","background-image":"","background-repeat":"repeat","background-position":"center center","background-size":"auto","background-attachment":"scroll","background-type":"","background-media":"","overlay-type":"","overlay-color":"","overlay-opacity":"","overlay-gradient":""}},"ast-content-background-meta":{"desktop":{"background-color":"var(--ast-global-color-5)","background-image":"","background-repeat":"repeat","background-position":"center center","background-size":"auto","background-attachment":"scroll","background-type":"","background-media":"","overlay-type":"","overlay-color":"","overlay-opacity":"","overlay-gradient":""},"tablet":{"background-color":"var(--ast-global-color-5)","background-image":"","background-repeat":"repeat","background-position":"center center","background-size":"auto","background-attachment":"scroll","background-type":"","background-media":"","overlay-type":"","overlay-color":"","overlay-opacity":"","overlay-gradient":""},"mobile":{"background-color":"var(--ast-global-color-5)","background-image":"","background-repeat":"repeat","background-position":"center center","background-size":"auto","background-attachment":"scroll","background-type":"","background-media":"","overlay-type":"","overlay-color":"","overlay-opacity":"","overlay-gradient":""}},"ngg_post_thumbnail":0,"footnotes":""},"class_list":["post-2206","page","type-page","status-publish","hentry"],"_links":{"self":[{"href":"https:\/\/www2.unifap.br\/fisioterapia\/wp-json\/wp\/v2\/pages\/2206","targetHints":{"allow":["GET"]}}],"collection":[{"href":"https:\/\/www2.unifap.br\/fisioterapia\/wp-json\/wp\/v2\/pages"}],"about":[{"href":"https:\/\/www2.unifap.br\/fisioterapia\/wp-json\/wp\/v2\/types\/page"}],"author":[{"embeddable":true,"href":"https:\/\/www2.unifap.br\/fisioterapia\/wp-json\/wp\/v2\/users\/4028"}],"replies":[{"embeddable":true,"href":"https:\/\/www2.unifap.br\/fisioterapia\/wp-json\/wp\/v2\/comments?post=2206"}],"version-history":[{"count":9,"href":"https:\/\/www2.unifap.br\/fisioterapia\/wp-json\/wp\/v2\/pages\/2206\/revisions"}],"predecessor-version":[{"id":2892,"href":"https:\/\/www2.unifap.br\/fisioterapia\/wp-json\/wp\/v2\/pages\/2206\/revisions\/2892"}],"up":[{"embeddable":true,"href":"https:\/\/www2.unifap.br\/fisioterapia\/wp-json\/wp\/v2\/pages\/2088"}],"wp:attachment":[{"href":"https:\/\/www2.unifap.br\/fisioterapia\/wp-json\/wp\/v2\/media?parent=2206"}],"curies":[{"name":"wp","href":"https:\/\/api.w.org\/{rel}","templated":true}]}}