{"id":1156,"date":"2023-07-13T15:05:29","date_gmt":"2023-07-13T15:05:29","guid":{"rendered":"https:\/\/www2.unifap.br\/geografia-oiapoque\/?page_id=1156"},"modified":"2023-07-13T15:08:32","modified_gmt":"2023-07-13T15:08:32","slug":"pos-graduacao","status":"publish","type":"page","link":"https:\/\/www2.unifap.br\/geografia-oiapoque\/atividades\/pos-graduacao\/","title":{"rendered":"P\u00f3s-Gradua\u00e7\u00e3o"},"content":{"rendered":"<p><strong>CURSO DE ESPECIALIZA\u00c7\u00c3O\u00a0<\/strong><strong>EM GEOGRAFIA EM RELA\u00c7\u00d5ES SOCIOESPACIAIS NA FRONTEIRA FRANCO-BRASILEIRA: ENSINO E DESENVOLVIMENTO LOCAL<\/strong><\/p>\n<ul>\n<li>O Curso de Especializa\u00e7\u00e3o em Geografia em Rela\u00e7\u00f5es Socioespaciais na Fronteira Franco-Brasileira: Ensino e Desenvolvimento Local, doravante denominado CEGEOFB, \u00e9 um curso em n\u00edvel de p\u00f3s-gradua\u00e7\u00e3o\u00a0<em>Lato Sensu<\/em>, na modalidade presencial, que tem por objetivo qualificar profissionais em Geografia e nas \u00e1reas afins.<\/li>\n<li>O CEGEOFB tem carga hor\u00e1ria total de\u00a0<strong>410 horas<\/strong>, distribu\u00eddas ao longo de 12 meses, e n\u00e3o excede o prazo m\u00e1ximo de 18 meses para o cumprimento das atividades, ofertadas presencialmente e distribu\u00eddas em disciplinas te\u00f3ricas e pr\u00e1ticas, com atividades individuais e\/ou em grupo, e a defesa de Monografia.<\/li>\n<li>As aulas da CEGEOFP acontecem no\u00a0<strong>Campus Binacional de Oiapoque<\/strong>, no per\u00edodo diurno, vespertino e\/ou noturno.<\/li>\n<\/ul>\n<p>Acesse o site da P\u00f3s-Gradua\u00e7\u00e3o: <a href=\"https:\/\/www2.unifap.br\/ppgeo-binacional\/\" target=\"_blank\" rel=\"noopener\">site<\/a><\/p>\n","protected":false},"excerpt":{"rendered":"<p>CURSO DE ESPECIALIZA\u00c7\u00c3O\u00a0EM GEOGRAFIA EM RELA\u00c7\u00d5ES SOCIOESPACIAIS NA FRONTEIRA FRANCO-BRASILEIRA: ENSINO E DESENVOLVIMENTO LOCAL O Curso de Especializa\u00e7\u00e3o em Geografia em Rela\u00e7\u00f5es Socioespaciais na Fronteira Franco-Brasileira: Ensino e Desenvolvimento Local, doravante denominado CEGEOFB, \u00e9 um curso em n\u00edvel de p\u00f3s-gradua\u00e7\u00e3o\u00a0Lato Sensu, na modalidade presencial, que tem por objetivo qualificar profissionais em Geografia e nas \u00e1reas&#8230;<\/p>\n","protected":false},"author":764,"featured_media":0,"parent":484,"menu_order":4,"comment_status":"closed","ping_status":"closed","template":"","meta":{"inline_featured_image":false,"ngg_post_thumbnail":0,"footnotes":""},"class_list":["post-1156","page","type-page","status-publish","hentry","entry"],"_links":{"self":[{"href":"https:\/\/www2.unifap.br\/geografia-oiapoque\/wp-json\/wp\/v2\/pages\/1156","targetHints":{"allow":["GET"]}}],"collection":[{"href":"https:\/\/www2.unifap.br\/geografia-oiapoque\/wp-json\/wp\/v2\/pages"}],"about":[{"href":"https:\/\/www2.unifap.br\/geografia-oiapoque\/wp-json\/wp\/v2\/types\/page"}],"author":[{"embeddable":true,"href":"https:\/\/www2.unifap.br\/geografia-oiapoque\/wp-json\/wp\/v2\/users\/764"}],"replies":[{"embeddable":true,"href":"https:\/\/www2.unifap.br\/geografia-oiapoque\/wp-json\/wp\/v2\/comments?post=1156"}],"version-history":[{"count":2,"href":"https:\/\/www2.unifap.br\/geografia-oiapoque\/wp-json\/wp\/v2\/pages\/1156\/revisions"}],"predecessor-version":[{"id":1159,"href":"https:\/\/www2.unifap.br\/geografia-oiapoque\/wp-json\/wp\/v2\/pages\/1156\/revisions\/1159"}],"up":[{"embeddable":true,"href":"https:\/\/www2.unifap.br\/geografia-oiapoque\/wp-json\/wp\/v2\/pages\/484"}],"wp:attachment":[{"href":"https:\/\/www2.unifap.br\/geografia-oiapoque\/wp-json\/wp\/v2\/media?parent=1156"}],"curies":[{"name":"wp","href":"https:\/\/api.w.org\/{rel}","templated":true}]}}