{"id":415,"date":"2017-01-24T20:50:16","date_gmt":"2017-01-24T20:50:16","guid":{"rendered":"http:\/\/www2.unifap.br\/geografia-oiapoque\/?page_id=415"},"modified":"2025-10-19T19:38:28","modified_gmt":"2025-10-19T19:38:28","slug":"coordenacao","status":"publish","type":"page","link":"https:\/\/www2.unifap.br\/geografia-oiapoque\/gestao\/coordenacao\/","title":{"rendered":"Coordena\u00e7\u00e3o"},"content":{"rendered":"<p>A Coordena\u00e7\u00e3o de Curso \u00e9 o \u00f3rg\u00e3o respons\u00e1vel pelo planejamento e gerenciamento de recursos humanos, cient\u00edficos e tecnol\u00f3gicos para as atividades de ensino, pesquisa e extens\u00e3o.<\/p>\n<p><strong>Coordenador:<\/strong><\/p>\n<h2>Jos\u00e9 Mauro Palhares<\/h2>\n<p>E-mail: palhares@unifap.br<\/p>\n<p><strong>Vice-Coordenadora:<\/strong><\/p>\n<h2>Bianca Roqu\u00e9<\/h2>\n<p>E-mail: bianca.roque@unifap.br<\/p>\n","protected":false},"excerpt":{"rendered":"<p>A Coordena\u00e7\u00e3o de Curso \u00e9 o \u00f3rg\u00e3o respons\u00e1vel pelo planejamento e gerenciamento de recursos humanos, cient\u00edficos e tecnol\u00f3gicos para as atividades de ensino, pesquisa e extens\u00e3o. Coordenador: Jos\u00e9 Mauro Palhares E-mail: palhares@unifap.br Vice-Coordenadora: Bianca Roqu\u00e9 E-mail: bianca.roque@unifap.br<\/p>\n","protected":false},"author":764,"featured_media":0,"parent":501,"menu_order":1,"comment_status":"closed","ping_status":"closed","template":"","meta":{"inline_featured_image":false,"ngg_post_thumbnail":0,"footnotes":""},"class_list":["post-415","page","type-page","status-publish","hentry","entry"],"_links":{"self":[{"href":"https:\/\/www2.unifap.br\/geografia-oiapoque\/wp-json\/wp\/v2\/pages\/415","targetHints":{"allow":["GET"]}}],"collection":[{"href":"https:\/\/www2.unifap.br\/geografia-oiapoque\/wp-json\/wp\/v2\/pages"}],"about":[{"href":"https:\/\/www2.unifap.br\/geografia-oiapoque\/wp-json\/wp\/v2\/types\/page"}],"author":[{"embeddable":true,"href":"https:\/\/www2.unifap.br\/geografia-oiapoque\/wp-json\/wp\/v2\/users\/764"}],"replies":[{"embeddable":true,"href":"https:\/\/www2.unifap.br\/geografia-oiapoque\/wp-json\/wp\/v2\/comments?post=415"}],"version-history":[{"count":14,"href":"https:\/\/www2.unifap.br\/geografia-oiapoque\/wp-json\/wp\/v2\/pages\/415\/revisions"}],"predecessor-version":[{"id":1241,"href":"https:\/\/www2.unifap.br\/geografia-oiapoque\/wp-json\/wp\/v2\/pages\/415\/revisions\/1241"}],"up":[{"embeddable":true,"href":"https:\/\/www2.unifap.br\/geografia-oiapoque\/wp-json\/wp\/v2\/pages\/501"}],"wp:attachment":[{"href":"https:\/\/www2.unifap.br\/geografia-oiapoque\/wp-json\/wp\/v2\/media?parent=415"}],"curies":[{"name":"wp","href":"https:\/\/api.w.org\/{rel}","templated":true}]}}