{"id":493,"date":"2019-03-01T23:27:49","date_gmt":"2019-03-01T23:27:49","guid":{"rendered":"http:\/\/www2.unifap.br\/geografia-oiapoque\/?page_id=493"},"modified":"2020-06-08T15:18:46","modified_gmt":"2020-06-08T15:18:46","slug":"historico","status":"publish","type":"page","link":"https:\/\/www2.unifap.br\/geografia-oiapoque\/o-curso\/historico\/","title":{"rendered":"Hist\u00f3rico"},"content":{"rendered":"<div style=\"text-align: justify\">\u00a0 \u00a0A Universidade Federal do Amap\u00e1, consciente da sua miss\u00e3o social para o desenvolvimento do estado do Amap\u00e1, em 1996 come\u00e7ou a discutir com o governo estadual e as prefeituras municipais o processo de interioriza\u00e7\u00e3o de suas a\u00e7\u00f5es para a forma\u00e7\u00e3o de m\u00e3o de obra qualificada, chegando aos extremos Norte e Sul do estado, nos munic\u00edpios de Laranjal do Jari e Oiapoque, constituindo, assim, os campus Sul e Norte, respectivamente.<\/div>\n<div><\/div>\n<div style=\"text-align: justify\">\u00a0 \u00a0Diante dos desafios para implantar o primeiro programa de interioriza\u00e7\u00e3o, a Universidade Federal do Amap\u00e1 elaborou o \u201cI Projeto Norte de Interioriza\u00e7\u00e3o\u201d para ofertar cursos de gradua\u00e7\u00e3o \u00e0 popula\u00e7\u00e3o do interior. Com o apoio das prefeituras e do Governo do Estado, em 1999 firmou-se o primeiro programa de interioriza\u00e7\u00e3o em regime modular, no per\u00edodo de recesso escolar (janeiro, fevereiro e julho), com sistema intensivo de aulas di\u00e1rias, conforme a estrutura curricular de cada curso. O primeiro programa ocorreu no per\u00edodo de 1999 a 2004, com a oferta do Curso de Licenciatura em Geografia.<\/div>\n<div><\/div>\n<div style=\"text-align: justify\">\u00a0 \u00a0Com a conclus\u00e3o do primeiro programa de interioriza\u00e7\u00e3o, a Universidade deu sequ\u00eancia ao II Programa de Interioriza\u00e7\u00e3o que, al\u00e9m de atender uma demanda espec\u00edfica de professores das redes estadual e municipal, passou a atender tamb\u00e9m o p\u00fablico oriundo do ensino m\u00e9dio, com isso oportunizando a popula\u00e7\u00e3o do interior ao acesso ao ensino superior.<\/div>\n<div><\/div>\n<div style=\"text-align: justify\">\u00a0 \u00a0Em 2007 foi criado e implantado no Campus Norte o curso de Licenciatura Intercultural Ind\u00edgena, com o objetivo de formar professores para as escolas ind\u00edgenas do estado. O curso possui formato de m\u00f3dulos, com aulas nos per\u00edodos de Janeiro\/Fevereiro e Julho, ofertando 30 vagas anualmente. Foi o primeiro curso implantado no campus, com corpo docente e infraestrutura pr\u00f3prias.<\/div>\n<div><\/div>\n<div style=\"text-align: justify\">\u00a0 \u00a0Em 2011 foi dado inicio \u00e0 constru\u00e7\u00e3o de novos edif\u00edcios, com o objetivo de ampliar a capacidade do campus e receber novos cursos. Em 2013 o Campus Norte \u00e9 transformado em Campus Binacional, atrav\u00e9s da Resolu\u00e7\u00e3o N\u00ba 01\/2013 do CONSU\/UNIFAP. Com isso, al\u00e9m do status transfronteiri\u00e7o, o campus passa a ser administrado por uma dire\u00e7\u00e3o geral e uma estrutura administrativa pr\u00f3pria.<\/div>\n<div><\/div>\n<div style=\"text-align: justify\">\u00a0 \u00a0Em 2013 tamb\u00e9m foram criados sete novos cursos: Letras-Franc\u00eas, Hist\u00f3ria, Geografia, Pedagogia, Ci\u00eancias Biol\u00f3gicas, Direito e Enfermagem, que tiveram o ingresso da primeira turma no primeiro semestre de 2014. Para estruturar os sete novos cursos foi realizado concurso para contratar novos professores, que seriam os respons\u00e1veis pela implanta\u00e7\u00e3o dos novos cursos e o desenvolvimento de suas atividades.<\/div>\n<div><\/div>\n<div style=\"text-align: justify\">\u00a0 \u00a0 \u00a0Desde ent\u00e3o o Curso tem contribu\u00eddo com a forma\u00e7\u00e3o de profissionais para atuar na educa\u00e7\u00e3o e em diversos outros setores. Em 2018 foi criado o Curso de P\u00f3s-Gradua\u00e7\u00e3o Lato Sensu Rela\u00e7\u00f5es Socioespaciais na Fronteira franco-brasileira: Ensino e Desenvolvimento Local, permitindo a continuidade e especializa\u00e7\u00e3o na forma\u00e7\u00e3o profissional dos egressos do Curso. No ano de 2019 o Curso de Licenciatura em Geografia do Campus Binacional foi avaliado com nota 4 pelo MEC, tornando-se refer\u00eancia no Amap\u00e1 e demonstrando o grau de consolida\u00e7\u00e3o e qualidade do Curso.<\/div>\n","protected":false},"excerpt":{"rendered":"<p>\u00a0 \u00a0A Universidade Federal do Amap\u00e1, consciente da sua miss\u00e3o social para o desenvolvimento do estado do Amap\u00e1, em 1996 come\u00e7ou a discutir com o governo estadual e as prefeituras municipais o processo de interioriza\u00e7\u00e3o de suas a\u00e7\u00f5es para a forma\u00e7\u00e3o de m\u00e3o de obra qualificada, chegando aos extremos Norte e Sul do estado, nos&#8230;<\/p>\n","protected":false},"author":764,"featured_media":0,"parent":114,"menu_order":1,"comment_status":"closed","ping_status":"closed","template":"","meta":{"inline_featured_image":false,"ngg_post_thumbnail":0,"footnotes":""},"class_list":["post-493","page","type-page","status-publish","hentry","entry"],"_links":{"self":[{"href":"https:\/\/www2.unifap.br\/geografia-oiapoque\/wp-json\/wp\/v2\/pages\/493","targetHints":{"allow":["GET"]}}],"collection":[{"href":"https:\/\/www2.unifap.br\/geografia-oiapoque\/wp-json\/wp\/v2\/pages"}],"about":[{"href":"https:\/\/www2.unifap.br\/geografia-oiapoque\/wp-json\/wp\/v2\/types\/page"}],"author":[{"embeddable":true,"href":"https:\/\/www2.unifap.br\/geografia-oiapoque\/wp-json\/wp\/v2\/users\/764"}],"replies":[{"embeddable":true,"href":"https:\/\/www2.unifap.br\/geografia-oiapoque\/wp-json\/wp\/v2\/comments?post=493"}],"version-history":[{"count":23,"href":"https:\/\/www2.unifap.br\/geografia-oiapoque\/wp-json\/wp\/v2\/pages\/493\/revisions"}],"predecessor-version":[{"id":900,"href":"https:\/\/www2.unifap.br\/geografia-oiapoque\/wp-json\/wp\/v2\/pages\/493\/revisions\/900"}],"up":[{"embeddable":true,"href":"https:\/\/www2.unifap.br\/geografia-oiapoque\/wp-json\/wp\/v2\/pages\/114"}],"wp:attachment":[{"href":"https:\/\/www2.unifap.br\/geografia-oiapoque\/wp-json\/wp\/v2\/media?parent=493"}],"curies":[{"name":"wp","href":"https:\/\/api.w.org\/{rel}","templated":true}]}}