{"id":501,"date":"2019-03-01T23:50:57","date_gmt":"2019-03-01T23:50:57","guid":{"rendered":"http:\/\/www2.unifap.br\/geografia-oiapoque\/?page_id=501"},"modified":"2020-06-08T13:50:39","modified_gmt":"2020-06-08T13:50:39","slug":"gestao","status":"publish","type":"page","link":"https:\/\/www2.unifap.br\/geografia-oiapoque\/gestao\/","title":{"rendered":"Gest\u00e3o"},"content":{"rendered":"<p>O Curso de Licenciatura em Geografia do Campus Binacional de Oiapoque \u00e9 gerido por uma coordena\u00e7\u00e3o e possu\u00ed como \u00f3rg\u00e3os de apoio e delibera\u00e7\u00e3o o Colegiado de Curso, que delibera sobre quest\u00f5es gerais relativas ao curso, e o N\u00facleo Docente Estruturante, que \u00e9 respons\u00e1vel pelo Projeto Pol\u00edtico-Pedag\u00f3gico do curso, al\u00e9m de diversas comiss\u00f5es que tratam de assuntos espec\u00edficos do curso. Acesse a p\u00e1gina desses \u00f3rg\u00e3os e saiba mais sobre suas fun\u00e7\u00f5es e composi\u00e7\u00e3o.<\/p>\n","protected":false},"excerpt":{"rendered":"<p>O Curso de Licenciatura em Geografia do Campus Binacional de Oiapoque \u00e9 gerido por uma coordena\u00e7\u00e3o e possu\u00ed como \u00f3rg\u00e3os de apoio e delibera\u00e7\u00e3o o Colegiado de Curso, que delibera sobre quest\u00f5es gerais relativas ao curso, e o N\u00facleo Docente Estruturante, que \u00e9 respons\u00e1vel pelo Projeto Pol\u00edtico-Pedag\u00f3gico do curso, al\u00e9m de diversas comiss\u00f5es que tratam&#8230;<\/p>\n","protected":false},"author":764,"featured_media":0,"parent":0,"menu_order":3,"comment_status":"closed","ping_status":"closed","template":"","meta":{"inline_featured_image":false,"ngg_post_thumbnail":0,"footnotes":""},"class_list":["post-501","page","type-page","status-publish","hentry","entry"],"_links":{"self":[{"href":"https:\/\/www2.unifap.br\/geografia-oiapoque\/wp-json\/wp\/v2\/pages\/501","targetHints":{"allow":["GET"]}}],"collection":[{"href":"https:\/\/www2.unifap.br\/geografia-oiapoque\/wp-json\/wp\/v2\/pages"}],"about":[{"href":"https:\/\/www2.unifap.br\/geografia-oiapoque\/wp-json\/wp\/v2\/types\/page"}],"author":[{"embeddable":true,"href":"https:\/\/www2.unifap.br\/geografia-oiapoque\/wp-json\/wp\/v2\/users\/764"}],"replies":[{"embeddable":true,"href":"https:\/\/www2.unifap.br\/geografia-oiapoque\/wp-json\/wp\/v2\/comments?post=501"}],"version-history":[{"count":4,"href":"https:\/\/www2.unifap.br\/geografia-oiapoque\/wp-json\/wp\/v2\/pages\/501\/revisions"}],"predecessor-version":[{"id":697,"href":"https:\/\/www2.unifap.br\/geografia-oiapoque\/wp-json\/wp\/v2\/pages\/501\/revisions\/697"}],"wp:attachment":[{"href":"https:\/\/www2.unifap.br\/geografia-oiapoque\/wp-json\/wp\/v2\/media?parent=501"}],"curies":[{"name":"wp","href":"https:\/\/api.w.org\/{rel}","templated":true}]}}