{"id":516,"date":"2019-03-02T20:52:45","date_gmt":"2019-03-02T20:52:45","guid":{"rendered":"http:\/\/www2.unifap.br\/geografia-oiapoque\/?page_id=516"},"modified":"2019-04-03T22:01:04","modified_gmt":"2019-04-03T22:01:04","slug":"atividades","status":"publish","type":"page","link":"https:\/\/www2.unifap.br\/geografia-oiapoque\/labgeo\/atividades\/","title":{"rendered":"Regulamento"},"content":{"rendered":"<p style=\"text-align: center\"><strong>CAP\u00cdTULO I<\/strong><\/p>\n<p style=\"text-align: center\"><strong>DA DEFINI\u00c7\u00c3O<\/strong><\/p>\n<p style=\"text-align: center\">\n<p>Art. 1\u00ba &#8211; O espa\u00e7o neste regulamento atribu\u00eddo para atividade laboral do Curso de Licenciatura em Geografia do Campus Binacional da UNIFAP recebe a nomenclatura de <em>Laborat\u00f3rio de Geografia<\/em>, sob a sigla de <em>LABGEO.<\/em><\/p>\n<p>&nbsp;<\/p>\n<p>Art. 2\u00ba &#8211; O LABGEO constitui-se em \u00f3rg\u00e3o de pesquisa, ensino e extens\u00e3o do Curso de Licenciatura em Geografia e \u00e9 regido por este instrumento, bem como as atribui\u00e7\u00f5es previstas no Regimento Geral e Estatuto da Universidade e suas resolu\u00e7\u00f5es correlatas.<\/p>\n<p>&nbsp;<\/p>\n<p>Art. 3\u00ba &#8211; O LABGEO est\u00e1 vinculado de forma subordinada \u00e0 Coordena\u00e7\u00e3o do Curso de Licenciatura em Geografia do Campus Binacional de Oiapoque.<\/p>\n<p>&nbsp;<\/p>\n<p style=\"text-align: center\"><strong>CAP\u00cdTULO II<\/strong><\/p>\n<p style=\"text-align: center\"><strong>DOS OBJETIVOS<\/strong><\/p>\n<p>&nbsp;<\/p>\n<p>Art. 4\u00ba &#8211; S\u00e3o objetivos do LABGEO:<\/p>\n<p>I &#8211; Dar o suporte \u00e0s disciplinas do Curso de Licenciatura em Geografia;<\/p>\n<p>II &#8211; Promover o conhecimento e aprofundamento do aprendizado pertinente \u00e0 \u00e1rea do conhecimento geogr\u00e1fico;<\/p>\n<p>III &#8211; Desenvolver projetos de pesquisa e extens\u00e3o devidamente aprovados pelo colegiado;<\/p>\n<p>IV &#8211; Promover a intera\u00e7\u00e3o entre teoria e pr\u00e1tica das disciplinas;<\/p>\n<p>V &#8211; Permitir ao discente do curso a realiza\u00e7\u00e3o de inicia\u00e7\u00e3o cient\u00edfica e colabora\u00e7\u00e3o em projetos desenvolvidos pela institui\u00e7\u00e3o;<\/p>\n<p>VI &#8211; Permitir ao docente do curso a realiza\u00e7\u00e3o de orienta\u00e7\u00e3o e capacita\u00e7\u00e3o de alunos.<\/p>\n<p>&nbsp;<\/p>\n<p style=\"text-align: center\"><strong>CAP\u00cdTULO III<\/strong><\/p>\n<p style=\"text-align: center\"><strong>DA COORDENA\u00c7\u00c3O<\/strong><\/p>\n<p>&nbsp;<\/p>\n<p>Art. 5\u00ba &#8211; O LABGEO \u00e9 administrado por um coordenador, sendo seu substituto legal o vice-coordenador, ambos com mandato de dois anos, escolhidos pelo colegiado do curso, permitida a recondu\u00e7\u00e3o por um \u00fanico per\u00edodo subsequente.<\/p>\n<p>&nbsp;<\/p>\n<ul>\n<li>1\u00ba. A Coordena\u00e7\u00e3o ser\u00e1 exercida por docente efetivo vinculado ao Curso;<\/li>\n<\/ul>\n<p>&nbsp;<\/p>\n<ul>\n<li>2\u00ba. Na impossibilidade de a Coordena\u00e7\u00e3o ser exercida por docente efetivo a vaga poder\u00e1 ser preenchida por t\u00e9cnico integrante do colegiado do curso.<\/li>\n<\/ul>\n<p>&nbsp;<\/p>\n<p style=\"text-align: center\"><strong>CAP\u00cdTULO IV<\/strong><\/p>\n<p style=\"text-align: center\"><strong>DO USO<\/strong><\/p>\n<p>&nbsp;<\/p>\n<p>Art. 6\u00ba &#8211; O LABGEO pode ser utilizado respeitando os hor\u00e1rios de funcionamento do Campus Binacional da UNIFAP, assim como determina\u00e7\u00f5es de interrup\u00e7\u00e3o de atividades que forem determinadas por instancias superiores.<\/p>\n<p>&nbsp;<\/p>\n<p>Art. 7\u00ba &#8211; O uso do laborat\u00f3rio est\u00e1 condicionado \u00e0 disponibilidade, a partir da agenda do laborat\u00f3rio, dispon\u00edvel na sua porta, e solicita\u00e7\u00e3o de agendamento por e-mail junto ao coordenador, informando os seguintes dados:<\/p>\n<p>&#8211; Nome do respons\u00e1vel;<\/p>\n<p>&#8211; Telefone de contato;<\/p>\n<p>&#8211; Atividade a ser desenvolvida;<\/p>\n<p>&#8211; Dia e hor\u00e1rio solicitado para agendamento;<\/p>\n<p>&#8211; N\u00famero de pessoas envolvidas.<\/p>\n<p>&nbsp;<\/p>\n<ul>\n<li>1\u00ba. Ter\u00e3o prioridade no agendamento as atividades desenvolvidas por professores lotados no colegiado do curso<\/li>\n<\/ul>\n<p>&nbsp;<\/p>\n<ul>\n<li>2\u00ba. O LABGEO poder\u00e1 ser utilizado por alunos e pela comunidade externa, desde que sob tutela imediata de um professor do curso.<\/li>\n<\/ul>\n<p>&nbsp;<\/p>\n<p>Art. 8\u00ba &#8211; Os professores do curso poder\u00e3o manter sob sua tutela uma c\u00f3pia das chaves do laborat\u00f3rio, mediante a assinatura do termo de responsabilidade em anexo, j\u00e1 os professores de outros cursos que agendarem o laborat\u00f3rio ter\u00e3o tutela tempor\u00e1ria das chaves durante o per\u00edodo agendado, devendo proceder tamb\u00e9m com a assinatura do termo.<\/p>\n<p>&nbsp;<\/p>\n<p>Art. 9\u00ba &#8211; Todos os usu\u00e1rios dever\u00e3o obedecer \u00e0s normas de seguran\u00e7a e uso adequado dos materiais e equipamentos, ficando sob responsabilidade do professor-tutor seu cumprimento e a responsabilidade pelo espa\u00e7o e as boas condi\u00e7\u00f5es dos equipamentos, assim como orienta\u00e7\u00f5es e treinamento quanto ao uso dos equipamentos.<\/p>\n<p>&nbsp;<\/p>\n<p>Art. 10\u00ba &#8211; Antes da utiliza\u00e7\u00e3o do laborat\u00f3rio o professor respons\u00e1vel pela utiliza\u00e7\u00e3o no hor\u00e1rio agendado deve inspecionar os equipamentos, m\u00f3veis e materiais dispon\u00edveis, dando ci\u00eancia ao coordenador de quaisquer problemas t\u00e9cnicos ou aus\u00eancia dos mesmos.<\/p>\n<p>&nbsp;<\/p>\n<ul>\n<li>1\u00ba. \u00c9 vedada a retirada de equipamentos, m\u00f3veis e materiais sem autoriza\u00e7\u00e3o da coordena\u00e7\u00e3o do laborat\u00f3rio;<\/li>\n<\/ul>\n<p>&nbsp;<\/p>\n<ul>\n<li>2\u00ba. M\u00f3veis, equipamentos e materiais dever\u00e3o estar dispostos em seus devidos lugares ap\u00f3s o uso.<\/li>\n<\/ul>\n<p>&nbsp;<\/p>\n<p style=\"text-align: center\"><strong>CAP\u00cdTULO V<\/strong><\/p>\n<p style=\"text-align: center\"><strong>DAS RESTRI\u00c7\u00d5ES<\/strong><\/p>\n<p>&nbsp;<\/p>\n<p>Art. 11\u00ba &#8211; S\u00e3o vedadas as seguintes pr\u00e1ticas no laborat\u00f3rio:<\/p>\n<p>I &#8211; Exercer atividades que coloquem em risco a integridade f\u00edsica das instala\u00e7\u00f5es, pessoas ou equipamentos;<\/p>\n<p>II \u2013 Fumar ou consumir alimentos;<\/p>\n<p>III &#8211; Facilitar o acesso ao Laborat\u00f3rio de pessoas n\u00e3o autorizadas (empr\u00e9stimo de chaves, c\u00f3pias de chaves, abertura de portas, etc.);<\/p>\n<p>IV \u2013 Realizar atividades que causem perturba\u00e7\u00e3o ou danos aos ambientes adjacentes;<\/p>\n<p>V \u2013 Utilizar o espa\u00e7o para fins pr\u00f3prios ou de terceiros;<\/p>\n<p>VI \u2013 Desmontar, destruir ou desativar equipamentos;<\/p>\n<p>VII \u2013 Utilizar agentes qu\u00edmicos ou biol\u00f3gicos sem autoriza\u00e7\u00e3o da coordena\u00e7\u00e3o e respeito \u00e0s normas de seguran\u00e7a;<\/p>\n<p>VIII \u2013 Instalar softwares pirateados ou acessar conte\u00fado que possa causar danos nos computadores.<\/p>\n<p>&nbsp;<\/p>\n<p style=\"text-align: center\"><strong>CAP\u00cdTULO VI<\/strong><\/p>\n<p style=\"text-align: center\"><strong>DA MANUTEN\u00c7\u00c3O<\/strong><\/p>\n<p>&nbsp;<\/p>\n<p>Art. 12\u00ba \u2013 \u00c9 responsabilidade do coordenador solicitar manuten\u00e7\u00e3o, reparos, obras, limpeza, conserva\u00e7\u00e3o, troca de pe\u00e7as, material de expediente, reagentes, m\u00f3veis, equipamentos e desfazimento junto aos \u00f3rg\u00e3os internos, assim como acompanhar e fiscalizar os servi\u00e7os e receber os materiais, mantendo-os sob sua responsabilidade imediata.<\/p>\n<p>&nbsp;<\/p>\n<p>Art. 13\u00ba &#8211; Os profissionais da \u00e1rea de limpeza devem ser devidamente orientados pelo coordenador quanto ao servi\u00e7o a ser executado no laborat\u00f3rio, respeitando o contrato celebrado entre a institui\u00e7\u00e3o e a empresa respons\u00e1vel por este servi\u00e7o, assim como a legisla\u00e7\u00e3o pertinente.<\/p>\n<p><strong>\u00a0<\/strong><\/p>\n<p style=\"text-align: center\"><strong>CAP\u00cdTULO VII<\/strong><\/p>\n<p style=\"text-align: center\"><strong>DAS DISPOSI\u00c7\u00d5ES FINAIS<\/strong><\/p>\n<p>&nbsp;<\/p>\n<p>Art. 14\u00ba &#8211; O n\u00e3o cumprimento das normas estabelecidas neste regulamento implica na suspens\u00e3o do uso do infrator e encaminhamento de den\u00fancia aos \u00f3rg\u00e3os competentes.<\/p>\n<p>&nbsp;<\/p>\n<p>Art. 15\u00ba &#8211; Os casos n\u00e3o previstos neste regulamento devem ser encaminhados para o colegiado de curso.<\/p>\n<p>&nbsp;<\/p>\n<p>Art. 16\u00ba &#8211; Este regulamento entra em vigor a partir da data de aprova\u00e7\u00e3o pelo colegiado de curso, revogando-se decis\u00f5es anteriores sobre o pleito.<\/p>\n<p>&nbsp;<\/p>\n<p>Vers\u00e3o completa: <a href=\"http:\/\/www2.unifap.br\/geografia-oiapoque\/files\/2019\/04\/REGULAMENTO.pdf\" target=\"_blank\" rel=\"noopener\">download<\/a><\/p>\n","protected":false},"excerpt":{"rendered":"<p>CAP\u00cdTULO I DA DEFINI\u00c7\u00c3O Art. 1\u00ba &#8211; O espa\u00e7o neste regulamento atribu\u00eddo para atividade laboral do Curso de Licenciatura em Geografia do Campus Binacional da UNIFAP recebe a nomenclatura de Laborat\u00f3rio de Geografia, sob a sigla de LABGEO. &nbsp; Art. 2\u00ba &#8211; O LABGEO constitui-se em \u00f3rg\u00e3o de pesquisa, ensino e extens\u00e3o do Curso de&#8230;<\/p>\n","protected":false},"author":764,"featured_media":0,"parent":499,"menu_order":4,"comment_status":"closed","ping_status":"closed","template":"","meta":{"inline_featured_image":false,"ngg_post_thumbnail":0,"footnotes":""},"class_list":["post-516","page","type-page","status-publish","hentry","entry"],"_links":{"self":[{"href":"https:\/\/www2.unifap.br\/geografia-oiapoque\/wp-json\/wp\/v2\/pages\/516","targetHints":{"allow":["GET"]}}],"collection":[{"href":"https:\/\/www2.unifap.br\/geografia-oiapoque\/wp-json\/wp\/v2\/pages"}],"about":[{"href":"https:\/\/www2.unifap.br\/geografia-oiapoque\/wp-json\/wp\/v2\/types\/page"}],"author":[{"embeddable":true,"href":"https:\/\/www2.unifap.br\/geografia-oiapoque\/wp-json\/wp\/v2\/users\/764"}],"replies":[{"embeddable":true,"href":"https:\/\/www2.unifap.br\/geografia-oiapoque\/wp-json\/wp\/v2\/comments?post=516"}],"version-history":[{"count":5,"href":"https:\/\/www2.unifap.br\/geografia-oiapoque\/wp-json\/wp\/v2\/pages\/516\/revisions"}],"predecessor-version":[{"id":695,"href":"https:\/\/www2.unifap.br\/geografia-oiapoque\/wp-json\/wp\/v2\/pages\/516\/revisions\/695"}],"up":[{"embeddable":true,"href":"https:\/\/www2.unifap.br\/geografia-oiapoque\/wp-json\/wp\/v2\/pages\/499"}],"wp:attachment":[{"href":"https:\/\/www2.unifap.br\/geografia-oiapoque\/wp-json\/wp\/v2\/media?parent=516"}],"curies":[{"name":"wp","href":"https:\/\/api.w.org\/{rel}","templated":true}]}}