{"id":547,"date":"2019-03-03T01:39:43","date_gmt":"2019-03-03T01:39:43","guid":{"rendered":"http:\/\/www2.unifap.br\/geografia-oiapoque\/?page_id=547"},"modified":"2020-03-06T15:39:09","modified_gmt":"2020-03-06T15:39:09","slug":"colegiado","status":"publish","type":"page","link":"https:\/\/www2.unifap.br\/geografia-oiapoque\/gestao\/colegiado\/","title":{"rendered":"Colegiado"},"content":{"rendered":"<p>O Colegiado de Curso \u00e9 o \u00f3rg\u00e3o planejador e executor das tarefas que lhes s\u00e3o peculiares, sendo tamb\u00e9m a inst\u00e2ncia deliberativa e consultiva sobre pol\u00edticas acad\u00eamicas para os fins de Ensino, Pesquisa e Extens\u00e3o do curso, ou seja, o Colegiado de Curso coordena e supervisiona didaticamente cada curso a que est\u00e1 ligado, tendo fun\u00e7\u00f5es normativas, consultivas e deliberativas.<\/p>\n<p>Acesse o regimento interno do colegiado e se informe sobre o seu funcionamento:\u00a0<a href=\"http:\/\/www2.unifap.br\/geografia-oiapoque\/files\/2019\/08\/REGIMENTO-INTERNO-DO-CURSO-DE-GEOGRAFIA-DA-UNIFAP.pdf\" target=\"_blank\" rel=\"noopener\">download<\/a><\/p>\n","protected":false},"excerpt":{"rendered":"<p>O Colegiado de Curso \u00e9 o \u00f3rg\u00e3o planejador e executor das tarefas que lhes s\u00e3o peculiares, sendo tamb\u00e9m a inst\u00e2ncia deliberativa e consultiva sobre pol\u00edticas acad\u00eamicas para os fins de Ensino, Pesquisa e Extens\u00e3o do curso, ou seja, o Colegiado de Curso coordena e supervisiona didaticamente cada curso a que est\u00e1 ligado, tendo fun\u00e7\u00f5es normativas,&#8230;<\/p>\n","protected":false},"author":764,"featured_media":0,"parent":501,"menu_order":2,"comment_status":"closed","ping_status":"closed","template":"","meta":{"inline_featured_image":false,"ngg_post_thumbnail":0,"footnotes":""},"class_list":["post-547","page","type-page","status-publish","hentry","entry"],"_links":{"self":[{"href":"https:\/\/www2.unifap.br\/geografia-oiapoque\/wp-json\/wp\/v2\/pages\/547","targetHints":{"allow":["GET"]}}],"collection":[{"href":"https:\/\/www2.unifap.br\/geografia-oiapoque\/wp-json\/wp\/v2\/pages"}],"about":[{"href":"https:\/\/www2.unifap.br\/geografia-oiapoque\/wp-json\/wp\/v2\/types\/page"}],"author":[{"embeddable":true,"href":"https:\/\/www2.unifap.br\/geografia-oiapoque\/wp-json\/wp\/v2\/users\/764"}],"replies":[{"embeddable":true,"href":"https:\/\/www2.unifap.br\/geografia-oiapoque\/wp-json\/wp\/v2\/comments?post=547"}],"version-history":[{"count":11,"href":"https:\/\/www2.unifap.br\/geografia-oiapoque\/wp-json\/wp\/v2\/pages\/547\/revisions"}],"predecessor-version":[{"id":886,"href":"https:\/\/www2.unifap.br\/geografia-oiapoque\/wp-json\/wp\/v2\/pages\/547\/revisions\/886"}],"up":[{"embeddable":true,"href":"https:\/\/www2.unifap.br\/geografia-oiapoque\/wp-json\/wp\/v2\/pages\/501"}],"wp:attachment":[{"href":"https:\/\/www2.unifap.br\/geografia-oiapoque\/wp-json\/wp\/v2\/media?parent=547"}],"curies":[{"name":"wp","href":"https:\/\/api.w.org\/{rel}","templated":true}]}}