{"id":814,"date":"2019-09-25T19:50:29","date_gmt":"2019-09-25T19:50:29","guid":{"rendered":"http:\/\/www2.unifap.br\/geografia-oiapoque\/?page_id=814"},"modified":"2025-01-21T17:06:12","modified_gmt":"2025-01-21T17:06:12","slug":"i-semana-de-geografia-do-campus-binacional-da-unifap","status":"publish","type":"page","link":"https:\/\/www2.unifap.br\/geografia-oiapoque\/informacoes\/eventos\/i-semana-de-geografia-do-campus-binacional-da-unifap\/","title":{"rendered":"I SEMANA DE GEOGRAFIA DO CAMPUS BINACIONAL DA UNIFAP"},"content":{"rendered":"<p>Com cordiais cumprimentos, temos a satisfa\u00e7\u00e3o de divulgar a I SEMANA DE GEOGRAFIA DO CAMPUS BINACIONAL DA UNIFAP, que ser\u00e1 realizada entre os dias 29 de outubro e 1\u00ba de Novembro de 2019, na cidade de Oiapoque, no Amap\u00e1.<\/p>\n<p>O evento tem como foco reunir professores, alunos de gradua\u00e7\u00e3o e p\u00f3s-gradua\u00e7\u00e3o, profissionais e comunidade em geral, para debater temas relacionados \u00e0 Geografia e \u00e1reas afins, buscando consorciar as tem\u00e1ticas atuais e locais em grupos de trabalho, mesas redondas e oficinas.<\/p>\n<p>O evento surge da necessidade de oportunizar o encontro e a difus\u00e3o de conhecimento cient\u00edfico no \u00e2mbito da Geografia em Oiapoque, possibilitando que a comunidade acad\u00eamica e externa possa dialogar, socializar, capacitar-se e confraternizar.<\/p>\n<p>Diante do exposto, convidamos \u00e0 todos para conhecer a din\u00e2mica deste evento e realizar a inscri\u00e7\u00e3o e submiss\u00e3o de trabalhos.<\/p>\n<p><strong>\u00a0<\/strong><\/p>\n<p><strong>TEMA CENTRAL: Os desafios da Geografia na fronteira franco-brasileira<\/strong><\/p>\n<p><strong>\u00a0<\/strong><\/p>\n<p><strong>MODALIDADES DE INSCRI\u00c7\u00c3O:<\/strong><\/p>\n<p>&#8211; Inscri\u00e7\u00e3o sem submiss\u00e3o de trabalho<\/p>\n<p>&#8211; Inscri\u00e7\u00e3o com submiss\u00e3o de artigo completo<\/p>\n<p>&#8211; Inscri\u00e7\u00e3o com submiss\u00e3o de resumo expandido<\/p>\n<p>&#8211; Inscri\u00e7\u00e3o com submiss\u00e3o de banner<\/p>\n<p>Observa\u00e7\u00f5es:<\/p>\n<p>&#8211; Os inscritos com artigo, resumo ou banner dever\u00e3o obrigatoriamente participar dos grupos de trabalho para receber o certificado de apresenta\u00e7\u00e3o;<\/p>\n<p>&#8211; Os artigos, resumos e banners devem ser enviados para o e-mail: <a href=\"mailto:semanageobinacional@gmail.com\">semanageobinacional@gmail.com<\/a><\/p>\n<p>&#8211; A confec\u00e7\u00e3o do banner \u00e9 de responsabilidade do autor.<\/p>\n<p><a href=\"https:\/\/docs.google.com\/forms\/d\/e\/1FAIpQLSf4q5-8XH3rIfbVl6EwGIZkxPpd3Y5aXAnoDRbJv6oTiHujTQ\/viewform?usp=sf_link\" target=\"_blank\" rel=\"noopener noreferrer\">INSCRI\u00c7\u00d5ES ENCERRADAS!<\/a><\/p>\n<p>&nbsp;<\/p>\n<p><strong>TAXA DE INSCRI\u00c7\u00c3O:<\/strong> 5 reais<\/p>\n<p>Observa\u00e7\u00e3o: O pagamento ser\u00e1 realizado no credenciamento.<\/p>\n<p>&nbsp;<\/p>\n<p><strong>CRONOGRAMA:<\/strong><\/p>\n<table>\n<tbody>\n<tr>\n<td width=\"104\">26\/09<\/td>\n<td width=\"397\">Lan\u00e7amento da circular e p\u00e1gina do evento<\/td>\n<\/tr>\n<tr>\n<td width=\"104\">26\/09 a 28\/10<\/td>\n<td width=\"397\">Prazo para inscri\u00e7\u00f5es pela internet<\/td>\n<\/tr>\n<tr>\n<td width=\"104\">26\/09 a 14\/10<\/td>\n<td width=\"397\">Prazo para a submiss\u00e3o de trabalhos (improrrog\u00e1vel)<\/td>\n<\/tr>\n<tr>\n<td width=\"104\">15\/10 a 20\/10<\/td>\n<td width=\"397\">Prazo para avalia\u00e7\u00e3o dos trabalhos pela comiss\u00e3o cient\u00edfica<\/td>\n<\/tr>\n<tr>\n<td width=\"104\">22\/10<\/td>\n<td width=\"397\">Divulga\u00e7\u00e3o dos trabalhos aprovados<\/td>\n<\/tr>\n<tr>\n<td width=\"104\">29\/10 a 01\/11<\/td>\n<td width=\"397\">Realiza\u00e7\u00e3o do evento<\/td>\n<\/tr>\n<\/tbody>\n<\/table>\n<p>&nbsp;<\/p>\n<p><strong>GRUPOS DE TRABALHO:<\/strong><\/p>\n<p>Os grupos de trabalho preconizam a intera\u00e7\u00e3o entre os diversos participantes do evento, por \u00e1rea tem\u00e1tica, que ser\u00e3o definidas pelo comit\u00ea cient\u00edfico. A din\u00e2mica dos grupos de trabalho permitir\u00e1 a apresenta\u00e7\u00e3o e debate dos trabalhos inscritos, al\u00e9m de realizar encaminhamentos sobre os assuntos tratados para que possam ser apresentados na confer\u00eancia de encerramento.<\/p>\n<p>&nbsp;<\/p>\n<p><strong>NORMAS DE APRESENTA\u00c7\u00c3O:<\/strong><\/p>\n<p><strong>Artigos completos<\/strong>: M\u00e1ximo 12 p\u00e1ginas, contendo t\u00edtulo, nome dos autores (m\u00e1ximo 3), filia\u00e7\u00e3o institucional, e-mail, formatado com fonte Times New Roman, Tamanho 12, Espa\u00e7amento entre linhas 1,5, sem espa\u00e7amento entre par\u00e1grafos, Margens 2,5, refer\u00eancias de acordo com as normas da ABNT. A estrutura deve conter, no m\u00ednimo, resumo simples, introdu\u00e7\u00e3o, desenvolvimento (podendo ser dividido em t\u00f3picos), considera\u00e7\u00f5es finais e referencias. As imagens, tabelas, gr\u00e1ficos, entre outros elementos gr\u00e1ficos, devem ser inseridos no corpo do texto.<\/p>\n<p><a href=\"http:\/\/www2.unifap.br\/geografia-oiapoque\/files\/2019\/09\/Modelo-de-artigo.doc\" target=\"_blank\" rel=\"noopener noreferrer\">Modelo de artigo<\/a><\/p>\n<p><strong>Resumos expandidos<\/strong>: M\u00e1ximo de 5 p\u00e1ginas, contendo t\u00edtulo, nome dos autores (m\u00e1ximo 3), filia\u00e7\u00e3o institucional, e-mail, formatado com fonte Times New Roman, Tamanho 12, Espa\u00e7amento entre linhas 1,5, sem espa\u00e7amento entre par\u00e1grafos, Margens 2,5, refer\u00eancias de acordo com as normas da ABNT. A estrutura deve conter introdu\u00e7\u00e3o, objetivos, metodologia, resultados, considera\u00e7\u00f5es finais e refer\u00eancias, devendo conter apenas texto.<\/p>\n<p><a href=\"http:\/\/www2.unifap.br\/geografia-oiapoque\/files\/2019\/09\/Modelo-de-resumo-expandido.doc\" target=\"_blank\" rel=\"noopener noreferrer\">Modelo de resumo expandido<\/a><\/p>\n<p><strong>Banners<\/strong>: Formato m\u00e1ximo de 1&#215;1,5m, contendo t\u00edtulo, nome dos autores (m\u00e1ximo 3), filia\u00e7\u00e3o institucional e e-mail. A estrutura deve conter, no m\u00ednimo, introdu\u00e7\u00e3o, objetivos, metodologia e resultados, al\u00e9m de mapas, fotos, gr\u00e1ficos, entre outros.<\/p>\n<p><a href=\"http:\/\/www2.unifap.br\/geografia-oiapoque\/files\/2019\/09\/Modelo-de-Banner.ppt\" target=\"_blank\" rel=\"noopener noreferrer\">Modelo de Banner<\/a><\/p>\n<p>&nbsp;<\/p>\n<p><strong>OFICINAS:<\/strong><\/p>\n<p>As oficinas ser\u00e3o momentos de capacita\u00e7\u00e3o dos profissionais, por meio de atividades capazes de proporcionar a aquisi\u00e7\u00e3o de conhecimentos cuja intera\u00e7\u00e3o teoria-pr\u00e1tica seja intensa, proporcionando o melhor aproveitamento do tempo e do momento destinado a esta atividade. A participa\u00e7\u00e3o nas oficinas agregar\u00e1 maior dinamismo aos evento e permitir\u00e1 que seus participantes possam adquirir conhecimentos pr\u00e1ticos em diferentes tem\u00e1ticas.<\/p>\n<p>&nbsp;<\/p>\n<p><strong>COMISS\u00c3O ORGANIZADORA:<\/strong><\/p>\n<p>Eduardo Margarit Alfena do Carmo<\/p>\n<p>Jos\u00e9 Mauro Palhares<\/p>\n<p>&nbsp;<\/p>\n<p><strong>COMIT\u00ca CIENT\u00cdFICO:<\/strong><\/p>\n<p>Adriano Michel Helfenstein<\/p>\n<p>Alexandre Luiz Rauber<\/p>\n<p>Ana Fl\u00e1via de Albuquerque<\/p>\n<p>Edilany Mendon\u00e7a Vales<\/p>\n<p>Eduardo Margarit Alfena do Carmo<\/p>\n<p>Evil\u00e2nia Bento Cunha<\/p>\n<p>Jos\u00e9 Mauro Palhares<\/p>\n<p>Solange Rodrigues da Silva<\/p>\n<p>U\u00e9dio Robds Leite da Silva<\/p>\n<p><strong>\u00a0<\/strong><strong>\u00a0<\/strong><\/p>\n<p><strong>PROGRAMA\u00c7\u00c3O:<\/strong><\/p>\n<table width=\"463\">\n<tbody>\n<tr>\n<td width=\"57\"><strong>Dia<\/strong><\/td>\n<td width=\"60\"><strong>Hor\u00e1rio<\/strong><\/td>\n<td width=\"261\"><strong>Atividade<\/strong><\/td>\n<td width=\"85\"><strong>Local<\/strong><\/td>\n<\/tr>\n<tr>\n<td rowspan=\"3\" width=\"57\"><strong>29\/10<\/strong><\/p>\n<p><strong>Ter\u00e7a<\/strong><\/td>\n<td width=\"60\">15 \u00e0s 19<\/td>\n<td width=\"261\">Credenciamento<\/td>\n<td width=\"85\">F\u00f3rum<\/td>\n<\/tr>\n<tr>\n<td width=\"60\">19 \u00e0s 20<\/td>\n<td width=\"261\">Cerim\u00f4nia de abertura<\/td>\n<td width=\"85\">F\u00f3rum<\/td>\n<\/tr>\n<tr>\n<td width=\"60\">20 \u00e0s 22<\/td>\n<td width=\"261\">Confer\u00eancia de abertura: Os desafios da Geografia na fronteira franco-brasileira<\/td>\n<td width=\"85\">F\u00f3rum<\/td>\n<\/tr>\n<tr>\n<td rowspan=\"3\" width=\"57\"><strong>30\/10<\/strong><\/p>\n<p><strong>Quarta<\/strong><\/td>\n<td width=\"60\">14 \u00e0s 16<\/td>\n<td width=\"261\">Grupos de trabalho<\/td>\n<td width=\"85\">Unifap-BR<\/td>\n<\/tr>\n<tr>\n<td width=\"60\">16 \u00e0s 18<\/td>\n<td width=\"261\">Oficinas<\/td>\n<td width=\"85\">Unifap-BR<\/td>\n<\/tr>\n<tr>\n<td width=\"60\">19 \u00e0s 22<\/td>\n<td width=\"261\">Mesa redonda I: Meio ambiente<\/td>\n<td width=\"85\">F\u00f3rum<\/td>\n<\/tr>\n<tr>\n<td rowspan=\"3\" width=\"57\"><strong>31\/10<\/strong><\/p>\n<p><strong>Quinta<\/strong><\/td>\n<td width=\"60\">14 \u00e0s 16<\/td>\n<td width=\"261\">Grupos de trabalho<\/td>\n<td width=\"85\">Unifap-BR<\/td>\n<\/tr>\n<tr>\n<td width=\"60\">16 \u00e0s 18<\/td>\n<td width=\"261\">Oficinas<\/td>\n<td width=\"85\">Unifap-BR<\/td>\n<\/tr>\n<tr>\n<td width=\"60\">19 \u00e0s 22<\/td>\n<td width=\"261\">Mesa redonda II: Fronteira<\/td>\n<td width=\"85\">F\u00f3rum<\/td>\n<\/tr>\n<tr>\n<td rowspan=\"3\" width=\"57\"><strong>01\/11<\/strong><\/p>\n<p><strong>Sexta<\/strong><\/td>\n<td width=\"60\">15 \u00e0s 17<\/td>\n<td width=\"261\">Confer\u00eancia de encerramento (apresenta\u00e7\u00e3o dos resultados dos grupos de trabalho)<\/td>\n<td width=\"85\">Unifap-BR<\/td>\n<\/tr>\n<tr>\n<td width=\"60\">18 \u00e0s 21<\/td>\n<td width=\"261\">Apresenta\u00e7\u00e3o de banners, lan\u00e7amento de livros, exposi\u00e7\u00e3o fotogr\u00e1fica e atividades culturais<\/td>\n<td width=\"85\">Unifap-BR<\/td>\n<\/tr>\n<tr>\n<td width=\"60\">21 \u00e0s 23<\/td>\n<td width=\"261\">Confraterniza\u00e7\u00e3o<\/td>\n<td width=\"85\">Unifap-BR<\/td>\n<\/tr>\n<\/tbody>\n<\/table>\n<p>&nbsp;<\/p>\n<p><strong>ANAIS<\/strong><\/p>\n<p><strong>Grupo de Trabalho An\u00e1lise Ambiental<\/strong><\/p>\n<p><a href=\"http:\/\/www2.unifap.br\/geografia-oiapoque\/files\/2019\/10\/Artigo-Borges.pdf\" target=\"_blank\" rel=\"noopener noreferrer\">Artigo &#8211; Borges<\/a><\/p>\n<p><a href=\"http:\/\/www2.unifap.br\/geografia-oiapoque\/files\/2019\/10\/Artigo-Doralice-J\u00e9ssica-Walter.pdf\" target=\"_blank\" rel=\"noopener noreferrer\">Artigo &#8211; Doralice J\u00e9ssica Walter<\/a><\/p>\n<p><a href=\"http:\/\/www2.unifap.br\/geografia-oiapoque\/files\/2019\/10\/Banner-Adriana-Jocelma-Palhares.pdf\" target=\"_blank\" rel=\"noopener noreferrer\">Banner &#8211; Adriana Jocelma Palhares<\/a><\/p>\n<p><a href=\"http:\/\/www2.unifap.br\/geografia-oiapoque\/files\/2019\/10\/Banner-Cleuton-e-Alexandre.pdf\" target=\"_blank\" rel=\"noopener noreferrer\">Banner &#8211; Cleuton e Alexandre<\/a><\/p>\n<p><a href=\"http:\/\/www2.unifap.br\/geografia-oiapoque\/files\/2019\/10\/Banner-Jocelma-Adriane-e-U\u00e9dio.pdf\" target=\"_blank\" rel=\"noopener noreferrer\">Banner &#8211; Jocelma Adriane e U\u00e9dio<\/a><\/p>\n<p><a href=\"http:\/\/www2.unifap.br\/geografia-oiapoque\/files\/2019\/10\/Banner-Juliana-e-Alexandre.pdf\" target=\"_blank\" rel=\"noopener noreferrer\">Banner &#8211; Juliana e Alexandre<\/a><\/p>\n<p><a href=\"http:\/\/www2.unifap.br\/geografia-oiapoque\/files\/2019\/10\/Banner-Mayara-e-Palhares.pdf\" target=\"_blank\" rel=\"noopener noreferrer\">Banner &#8211; Mayara e Palhares<\/a><\/p>\n<p><a href=\"http:\/\/www2.unifap.br\/geografia-oiapoque\/files\/2019\/10\/Banner-Rubnilson-e-Alexandre.pdf\" target=\"_blank\" rel=\"noopener noreferrer\">Banner &#8211; Rubnilson e Alexandre<\/a><\/p>\n<p><a href=\"http:\/\/www2.unifap.br\/geografia-oiapoque\/files\/2019\/10\/Banner-Tairene-Regina-e-Palhares.pdf\" target=\"_blank\" rel=\"noopener noreferrer\">Banner &#8211; Tairene Regina e Palhares<\/a><\/p>\n<p><strong>Grupo de Trabalho Din\u00e2mica Socioespacial<\/strong><\/p>\n<p><a href=\"http:\/\/www2.unifap.br\/geografia-oiapoque\/files\/2019\/10\/Artigo-Fabio-Ary-Thamires.pdf\" target=\"_blank\" rel=\"noopener noreferrer\">Artigo &#8211; Fabio Ary Thamires<\/a><\/p>\n<p><a href=\"http:\/\/www2.unifap.br\/geografia-oiapoque\/files\/2019\/10\/Banner-Angresson-e-Alexandre.pdf\" target=\"_blank\" rel=\"noopener noreferrer\">Banner &#8211; Angresson e Alexandre<\/a><\/p>\n<p><a href=\"http:\/\/www2.unifap.br\/geografia-oiapoque\/files\/2019\/10\/Banner-Antonia-e-Zaine.pdf\" target=\"_blank\" rel=\"noopener noreferrer\">Banner &#8211; Antonia e Zaine<\/a><\/p>\n<p><a href=\"http:\/\/www2.unifap.br\/geografia-oiapoque\/files\/2019\/10\/Banner-Bruna-e-Clailson.pdf\" target=\"_blank\" rel=\"noopener noreferrer\">Banner &#8211; Bruna e Clailson<\/a><\/p>\n<p><a href=\"http:\/\/www2.unifap.br\/geografia-oiapoque\/files\/2019\/11\/Banner-Cassiano.pdf\" target=\"_blank\" rel=\"noopener noreferrer\">Banner &#8211; Cassiano e U\u00e9dio<\/a><\/p>\n<p><a href=\"http:\/\/www2.unifap.br\/geografia-oiapoque\/files\/2019\/10\/Banner-Jocelma-Adriane-e-Palhares.pdf\" target=\"_blank\" rel=\"noopener noreferrer\">Banner &#8211; Jocelma Adriane e Palhares<\/a><\/p>\n<p><a href=\"http:\/\/www2.unifap.br\/geografia-oiapoque\/files\/2019\/10\/Banner-Ramon-e-Adriano.pdf\" target=\"_blank\" rel=\"noopener noreferrer\">Banner &#8211; Ramon e Adriano<\/a><\/p>\n<p><a href=\"http:\/\/www2.unifap.br\/geografia-oiapoque\/files\/2019\/10\/Banner-Sergio-e-Solange.pdf\" target=\"_blank\" rel=\"noopener noreferrer\">Banner &#8211; Sergio e Solange<\/a><\/p>\n<p><a href=\"http:\/\/www2.unifap.br\/geografia-oiapoque\/files\/2019\/10\/Resumo-Jamerson-Juliana-e-Michele.pdf\" target=\"_blank\" rel=\"noopener noreferrer\">Resumo &#8211; Jamerson Juliana e Michele<\/a><\/p>\n<p><strong>Grupo de Trabalho Ensino e Interculturalidade<\/strong><\/p>\n<p><a href=\"http:\/\/www2.unifap.br\/geografia-oiapoque\/files\/2019\/11\/Artigo-Bhaiam-Leicimara-Doralice.pdf\" target=\"_blank\" rel=\"noopener noreferrer\">Artigo &#8211; Bhaiam Leicimara Doralice<\/a><\/p>\n<p><a href=\"http:\/\/www2.unifap.br\/geografia-oiapoque\/files\/2019\/10\/Banner-Cleuton-e-Solange.pdf\" target=\"_blank\" rel=\"noopener noreferrer\">Banner &#8211; Cleuton e Solange<\/a><\/p>\n<p><a href=\"http:\/\/www2.unifap.br\/geografia-oiapoque\/files\/2019\/10\/Banner-Doralice-Rafael-e-Raiane.pdf\" target=\"_blank\" rel=\"noopener noreferrer\">Banner &#8211; Doralice Rafael e Raiane<\/a><\/p>\n<p><a href=\"http:\/\/www2.unifap.br\/geografia-oiapoque\/files\/2019\/10\/Banner-Fabio-e-Adriano.pdf\" target=\"_blank\" rel=\"noopener noreferrer\">Banner &#8211; Fabio e Adriano<\/a><\/p>\n<p><a href=\"http:\/\/www2.unifap.br\/geografia-oiapoque\/files\/2019\/10\/Banner-Gilson-Silvana-e-Solange.pdf\" target=\"_blank\" rel=\"noopener noreferrer\">Banner &#8211; Gilson Silvana e Solange<\/a><\/p>\n","protected":false},"excerpt":{"rendered":"<p>Com cordiais cumprimentos, temos a satisfa\u00e7\u00e3o de divulgar a I SEMANA DE GEOGRAFIA DO CAMPUS BINACIONAL DA UNIFAP, que ser\u00e1 realizada entre os dias 29 de outubro e 1\u00ba de Novembro de 2019, na cidade de Oiapoque, no Amap\u00e1. O evento tem como foco reunir professores, alunos de gradua\u00e7\u00e3o e p\u00f3s-gradua\u00e7\u00e3o, profissionais e comunidade em&#8230;<\/p>\n","protected":false},"author":764,"featured_media":0,"parent":134,"menu_order":0,"comment_status":"closed","ping_status":"closed","template":"","meta":{"inline_featured_image":false,"ngg_post_thumbnail":0,"footnotes":""},"class_list":["post-814","page","type-page","status-publish","hentry","entry"],"_links":{"self":[{"href":"https:\/\/www2.unifap.br\/geografia-oiapoque\/wp-json\/wp\/v2\/pages\/814","targetHints":{"allow":["GET"]}}],"collection":[{"href":"https:\/\/www2.unifap.br\/geografia-oiapoque\/wp-json\/wp\/v2\/pages"}],"about":[{"href":"https:\/\/www2.unifap.br\/geografia-oiapoque\/wp-json\/wp\/v2\/types\/page"}],"author":[{"embeddable":true,"href":"https:\/\/www2.unifap.br\/geografia-oiapoque\/wp-json\/wp\/v2\/users\/764"}],"replies":[{"embeddable":true,"href":"https:\/\/www2.unifap.br\/geografia-oiapoque\/wp-json\/wp\/v2\/comments?post=814"}],"version-history":[{"count":18,"href":"https:\/\/www2.unifap.br\/geografia-oiapoque\/wp-json\/wp\/v2\/pages\/814\/revisions"}],"predecessor-version":[{"id":816,"href":"https:\/\/www2.unifap.br\/geografia-oiapoque\/wp-json\/wp\/v2\/pages\/814\/revisions\/816"}],"up":[{"embeddable":true,"href":"https:\/\/www2.unifap.br\/geografia-oiapoque\/wp-json\/wp\/v2\/pages\/134"}],"wp:attachment":[{"href":"https:\/\/www2.unifap.br\/geografia-oiapoque\/wp-json\/wp\/v2\/media?parent=814"}],"curies":[{"name":"wp","href":"https:\/\/api.w.org\/{rel}","templated":true}]}}