{"id":1511,"date":"2016-12-12T14:10:00","date_gmt":"2016-12-12T14:10:00","guid":{"rendered":"http:\/\/www2.unifap.br\/geografia\/?page_id=1511"},"modified":"2018-07-04T14:03:59","modified_gmt":"2018-07-04T14:03:59","slug":"documentos-diversos","status":"publish","type":"page","link":"https:\/\/www2.unifap.br\/geografia\/documentos-diversos\/","title":{"rendered":"DOCUMENTOS E FORMUL\u00c1RIOS"},"content":{"rendered":"<p style=\"text-align: center\"><strong>XXXXXXXXXXXXXXXXXXXXXXXXXXXX<\/strong><\/p>\n<p style=\"text-align: center\"><strong>OUTROS DOCUMENTOS E INFORMA\u00c7\u00d5ES NECESS\u00c1RIAS<\/strong><\/p>\n<p style=\"text-align: center\"><strong>\u2193\u2193\u2193\u2193\u2193\u2193\u2193\u2193\u2193\u2193<\/strong><\/p>\n<p style=\"text-align: center\"><strong><a href=\"http:\/\/www2.unifap.br\/geografia\/files\/2016\/12\/Resolu\u00e7\u00e3o-n\u00ba-26-11-Sistematica-de-avalia\u00e7\u00e3o.pdf\">RESOLU\u00c7\u00c3O 26\/2011 &#8211; SISTEM\u00c1TICA DE AVALIA\u00c7\u00c3O<\/a><br \/>\n<\/strong><\/p>\n<p style=\"text-align: center\"><strong><a href=\"http:\/\/www2.unifap.br\/geografia\/files\/2016\/12\/REGIMENTO-GERAL-DA-UNIFAP.pdf\">REGIMENTO GERAL DA UNIFAP<\/a><\/strong><\/p>\n<p style=\"text-align: center\"><strong><a href=\"http:\/\/www2.unifap.br\/geografia\/files\/2016\/12\/Regimento-Interno-do-Curso-de-Geografia-UNIFAP.pdf\">REGIMENTO INTERNO DO CURSO DE GEOGRAFIA<\/a><\/strong><\/p>\n<p style=\"text-align: center\"><strong>\u2193\u2193\u2193\u2193\u2193\u2193\u2193\u2193\u2193\u2193<\/strong><\/p>\n<p style=\"text-align: center\"><strong><a href=\"http:\/\/www2.unifap.br\/geografia\/files\/2016\/12\/FORMUL\u00c1RIO-DE-REQUERIMENTO-DO-CURSO-DE-GEOGRAFIA1.pdf\" target=\"_blank\">FORMUL\u00c1RIO DE REQUERIMENTO DO CURSO DE GEOGRAFIA<\/a>\u00a0(DISPON\u00cdVEL NA COORDENA\u00c7\u00c3O)<\/strong><\/p>\n","protected":false},"excerpt":{"rendered":"<p>XXXXXXXXXXXXXXXXXXXXXXXXXXXX OUTROS DOCUMENTOS E INFORMA\u00c7\u00d5ES NECESS\u00c1RIAS \u2193\u2193\u2193\u2193\u2193\u2193\u2193\u2193\u2193\u2193 RESOLU\u00c7\u00c3O 26\/2011 &#8211; SISTEM\u00c1TICA DE AVALIA\u00c7\u00c3O REGIMENTO GERAL DA UNIFAP REGIMENTO INTERNO DO CURSO DE GEOGRAFIA \u2193\u2193\u2193\u2193\u2193\u2193\u2193\u2193\u2193\u2193 FORMUL\u00c1RIO DE REQUERIMENTO DO CURSO DE GEOGRAFIA\u00a0(DISPON\u00cdVEL NA COORDENA\u00c7\u00c3O)<\/p>\n","protected":false},"author":71,"featured_media":0,"parent":0,"menu_order":0,"comment_status":"open","ping_status":"open","template":"","meta":{"inline_featured_image":false,"ngg_post_thumbnail":0,"footnotes":""},"class_list":["post-1511","page","type-page","status-publish","hentry"],"_links":{"self":[{"href":"https:\/\/www2.unifap.br\/geografia\/wp-json\/wp\/v2\/pages\/1511","targetHints":{"allow":["GET"]}}],"collection":[{"href":"https:\/\/www2.unifap.br\/geografia\/wp-json\/wp\/v2\/pages"}],"about":[{"href":"https:\/\/www2.unifap.br\/geografia\/wp-json\/wp\/v2\/types\/page"}],"author":[{"embeddable":true,"href":"https:\/\/www2.unifap.br\/geografia\/wp-json\/wp\/v2\/users\/71"}],"replies":[{"embeddable":true,"href":"https:\/\/www2.unifap.br\/geografia\/wp-json\/wp\/v2\/comments?post=1511"}],"version-history":[{"count":50,"href":"https:\/\/www2.unifap.br\/geografia\/wp-json\/wp\/v2\/pages\/1511\/revisions"}],"predecessor-version":[{"id":2638,"href":"https:\/\/www2.unifap.br\/geografia\/wp-json\/wp\/v2\/pages\/1511\/revisions\/2638"}],"wp:attachment":[{"href":"https:\/\/www2.unifap.br\/geografia\/wp-json\/wp\/v2\/media?parent=1511"}],"curies":[{"name":"wp","href":"https:\/\/api.w.org\/{rel}","templated":true}]}}