{"id":1670,"date":"2020-12-12T17:01:43","date_gmt":"2020-12-12T17:01:43","guid":{"rendered":"http:\/\/www2.unifap.br\/historia-oiapoque\/?page_id=1670"},"modified":"2020-12-12T17:03:17","modified_gmt":"2020-12-12T17:03:17","slug":"normativa","status":"publish","type":"page","link":"https:\/\/www2.unifap.br\/historia-oiapoque\/normativa\/","title":{"rendered":"Normativas do curso"},"content":{"rendered":"<p>Normativas do curso de Hist\u00f3ria aprovadas:<\/p>\n<p>01 &#8211; <a href=\"http:\/\/www2.unifap.br\/historia-oiapoque\/files\/2020\/12\/INSTRU\u00c7\u00c3O_NORMATIVA_01-2020_CCHCBIN_Modalidades_de_TCC.pdf\">INSTRU\u00c7\u00c3O_NORMATIVA_01-2020_CCHCBIN_Modalidades_de_TCC<\/a><\/p>\n","protected":false},"excerpt":{"rendered":"<p>Normativas do curso de Hist\u00f3ria aprovadas: 01 &#8211; INSTRU\u00c7\u00c3O_NORMATIVA_01-2020_CCHCBIN_Modalidades_de_TCC<\/p>\n","protected":false},"author":911,"featured_media":0,"parent":0,"menu_order":0,"comment_status":"closed","ping_status":"closed","template":"","meta":{"inline_featured_image":false,"ngg_post_thumbnail":0,"footnotes":""},"class_list":["post-1670","page","type-page","status-publish","hentry"],"_links":{"self":[{"href":"https:\/\/www2.unifap.br\/historia-oiapoque\/wp-json\/wp\/v2\/pages\/1670","targetHints":{"allow":["GET"]}}],"collection":[{"href":"https:\/\/www2.unifap.br\/historia-oiapoque\/wp-json\/wp\/v2\/pages"}],"about":[{"href":"https:\/\/www2.unifap.br\/historia-oiapoque\/wp-json\/wp\/v2\/types\/page"}],"author":[{"embeddable":true,"href":"https:\/\/www2.unifap.br\/historia-oiapoque\/wp-json\/wp\/v2\/users\/911"}],"replies":[{"embeddable":true,"href":"https:\/\/www2.unifap.br\/historia-oiapoque\/wp-json\/wp\/v2\/comments?post=1670"}],"version-history":[{"count":2,"href":"https:\/\/www2.unifap.br\/historia-oiapoque\/wp-json\/wp\/v2\/pages\/1670\/revisions"}],"predecessor-version":[{"id":1672,"href":"https:\/\/www2.unifap.br\/historia-oiapoque\/wp-json\/wp\/v2\/pages\/1670\/revisions\/1672"}],"wp:attachment":[{"href":"https:\/\/www2.unifap.br\/historia-oiapoque\/wp-json\/wp\/v2\/media?parent=1670"}],"curies":[{"name":"wp","href":"https:\/\/api.w.org\/{rel}","templated":true}]}}