{"id":518,"date":"2018-04-13T13:22:38","date_gmt":"2018-04-13T13:22:38","guid":{"rendered":"http:\/\/www2.unifap.br\/historia\/?page_id=518"},"modified":"2025-12-17T10:27:46","modified_gmt":"2025-12-17T13:27:46","slug":"apresentacao","status":"publish","type":"page","link":"https:\/\/www2.unifap.br\/historia\/apresentacao","title":{"rendered":"Apresenta\u00e7\u00e3o"},"content":{"rendered":"\t\t<div data-elementor-type=\"wp-page\" data-elementor-id=\"518\" class=\"elementor elementor-518\">\n\t\t\t\t\t\t<section class=\"elementor-section elementor-top-section elementor-element elementor-element-3d921fb elementor-section-boxed elementor-section-height-default elementor-section-height-default\" data-id=\"3d921fb\" data-element_type=\"section\" data-e-type=\"section\" data-settings=\"{&quot;background_background&quot;:&quot;classic&quot;}\">\n\t\t\t\t\t\t<div class=\"elementor-container elementor-column-gap-default\">\n\t\t\t\t\t<div class=\"elementor-column elementor-col-100 elementor-top-column elementor-element elementor-element-2e17a5a\" data-id=\"2e17a5a\" data-element_type=\"column\" data-e-type=\"column\">\n\t\t\t<div class=\"elementor-widget-wrap elementor-element-populated\">\n\t\t\t\t\t\t<div class=\"elementor-element elementor-element-164d87b elementor-widget elementor-widget-page-title\" data-id=\"164d87b\" data-element_type=\"widget\" data-e-type=\"widget\" data-settings=\"{&quot;align_mobile&quot;:&quot;center&quot;}\" data-widget_type=\"page-title.default\">\n\t\t\t\t<div class=\"elementor-widget-container\">\n\t\t\t\t\t\t\t\n\t\t<div class=\"hfe-page-title hfe-page-title-wrapper elementor-widget-heading\">\n\n\t\t\t\t\t\t\t\t<h2 class=\"elementor-heading-title elementor-size-default\">\n\t\t\t\t\t\t\t\t\n\t\t\t\tApresenta\u00e7\u00e3o  \n\t\t\t<\/h2 > \n\t\t\t\t\t<\/div>\n\t\t\t\t\t\t<\/div>\n\t\t\t\t<\/div>\n\t\t\t\t<section class=\"elementor-section elementor-inner-section elementor-element elementor-element-35c4715 elementor-section-boxed elementor-section-height-default elementor-section-height-default\" data-id=\"35c4715\" data-element_type=\"section\" data-e-type=\"section\">\n\t\t\t\t\t\t<div class=\"elementor-container elementor-column-gap-default\">\n\t\t\t\t\t<div class=\"elementor-column elementor-col-50 elementor-inner-column elementor-element elementor-element-d6bdb97\" data-id=\"d6bdb97\" data-element_type=\"column\" data-e-type=\"column\">\n\t\t\t<div class=\"elementor-widget-wrap elementor-element-populated\">\n\t\t\t\t\t\t<div class=\"elementor-element elementor-element-37d907c elementor-widget elementor-widget-image\" data-id=\"37d907c\" data-element_type=\"widget\" data-e-type=\"widget\" data-widget_type=\"image.default\">\n\t\t\t\t<div class=\"elementor-widget-container\">\n\t\t\t\t\t\t\t\t\t\t\t\t\t\t\t<img fetchpriority=\"high\" decoding=\"async\" width=\"420\" height=\"519\" src=\"https:\/\/www2.unifap.br\/historia\/files\/2025\/12\/Logo-Historia-png.png\" class=\"attachment-large size-large wp-image-5327\" alt=\"\" srcset=\"https:\/\/www2.unifap.br\/historia\/files\/2025\/12\/Logo-Historia-png.png 420w, https:\/\/www2.unifap.br\/historia\/files\/2025\/12\/Logo-Historia-png-243x300.png 243w\" sizes=\"(max-width: 420px) 100vw, 420px\" \/>\t\t\t\t\t\t\t\t\t\t\t\t\t\t\t<\/div>\n\t\t\t\t<\/div>\n\t\t\t\t\t<\/div>\n\t\t<\/div>\n\t\t\t\t<div class=\"elementor-column elementor-col-50 elementor-inner-column elementor-element elementor-element-1c0582d\" data-id=\"1c0582d\" data-element_type=\"column\" data-e-type=\"column\">\n\t\t\t<div class=\"elementor-widget-wrap elementor-element-populated\">\n\t\t\t\t\t\t<div class=\"elementor-element elementor-element-41d67d2b elementor-widget elementor-widget-text-editor\" data-id=\"41d67d2b\" data-element_type=\"widget\" data-e-type=\"widget\" data-widget_type=\"text-editor.default\">\n\t\t\t\t<div class=\"elementor-widget-container\">\n\t\t\t\t\t\t\t\t\t<p style=\"text-align: justify\">O Curso de Hist\u00f3ria tem seu perfil voltado para a Hist\u00f3ria da Amaz\u00f4nia e do Amap\u00e1. No que se refere \u00e0 habilita\u00e7\u00e3o de Bacharelado, a forma\u00e7\u00e3o inicial do pesquisador da \u00e1rea de Hist\u00f3ria contempla uma necessidade cada vez mais significativa na forma\u00e7\u00e3o de profissionais que vinculam atividades de ensino e saber hist\u00f3rico, ou seja, a simetria entre investiga\u00e7\u00e3o e ensino. Sendo assim, entende-se que o Bacharelado propicia n\u00e3o apenas a instrumentaliza\u00e7\u00e3o para a atualiza\u00e7\u00e3o do conhecimento hist\u00f3rico, mas permite, tamb\u00e9m, a op\u00e7\u00e3o pela profiss\u00e3o de pesquisador, abrindo o caminho para uma carreira acad\u00eamica.<\/p>\n<p style=\"text-align: justify\">Desse modo, \u00e9 necess\u00e1rio que existam a\u00e7\u00f5es direcionadas para o desenvolvimento de uma postura interdisciplinar. Compartilhar saberes \u00e9 um elemento essencial e necess\u00e1rio para a constitui\u00e7\u00e3o de um campo espec\u00edfico de produ\u00e7\u00e3o de conhecimento e atua\u00e7\u00e3o do pesquisador. Para exemplificar, podem-se citar algumas \u00e1reas de crescente atua\u00e7\u00e3o tais como: institutos de pesquisas que n\u00e3o desenvolvem atividades de ensino; pesquisas ligadas \u00e0s quest\u00f5es vinculadas ao patrim\u00f4nio art\u00edstico e cultural; \u00e0 cultura material (artefatos arqueol\u00f3gicos, museus&#8230;) ou a servi\u00e7o dos meios de comunica\u00e7\u00e3o de massa; assessorias culturais e pol\u00edticas; gest\u00e3o de banco de dados; organiza\u00e7\u00e3o de arquivos e documentos pessoais ou outras \u00e1reas ligadas \u00e0 preserva\u00e7\u00e3o de informa\u00e7\u00f5es.\u00a0A dessas \u00e1reas de atua\u00e7\u00e3o do pesquisador corresponde uma outra, no que se refere \u00e0s linguagens, cujo uso pelos profissionais formados em Hist\u00f3ria tornou-se comum. Se a forma discursiva continua sendo o meio mais usual de express\u00e3o entre os historiadores, o dom\u00ednio de t\u00e9cnicas de an\u00e1lise sem\u00e2ntica ou semi\u00f3tica aplicada \u00e0s diferentes linguagens (textual, iconogr\u00e1fica, audiovisual etc.) a possibilidade de elaborar v\u00eddeos e CD-ROMs ao lado de textos tradicionais, em certos casos o manejo de estat\u00edstica e de simula\u00e7\u00f5es complexas utilizando o computador, tornaram-se corriqueiras.A proposta \u00e9 de possibilitar aos alunos do curso, nas disciplinas de T\u00f3picos Tem\u00e1ticos, Est\u00e1gio Supervisionado em Pesquisa Hist\u00f3rica \u00a0e nas Linhas de Pesquisa, o l\u00f3cus e as discuss\u00f5es necess\u00e1rias para a visualiza\u00e7\u00e3o do cotidiano da pesquisa e para vivenciar experi\u00eancias de pesquisa em campo, que s\u00f3 a teoriza\u00e7\u00e3o n\u00e3o permitiria.<\/p>\n<p style=\"text-align: justify\">A proposta do Curso de Hist\u00f3ria para a forma\u00e7\u00e3o de pesquisadores deve, portanto, ser contemplada de modo a garantir: a produ\u00e7\u00e3o de conhecimento que favore\u00e7a a constru\u00e7\u00e3o e reconstru\u00e7\u00e3o dos procedimentos necess\u00e1rios para promover e acompanhar o processo de desenvolvimento.\u00a0No que se refere \u00e0 habilita\u00e7\u00e3o de Bacharelado, a forma\u00e7\u00e3o inicial do pesquisador da \u00e1rea de Hist\u00f3ria contempla uma necessidade cada vez mais significativa na forma\u00e7\u00e3o de profissionais que vinculam atividades de ensino e saber hist\u00f3rico, ou seja, a simetria entre investiga\u00e7\u00e3o e ensino. Sendo assim, entende-se que o Bacharelado propicia n\u00e3o apenas a instrumentaliza\u00e7\u00e3o para a atualiza\u00e7\u00e3o do conhecimento hist\u00f3rico mas permite, tamb\u00e9m, a op\u00e7\u00e3o pela profiss\u00e3o de pesquisador, abrindo o caminho para uma carreira acad\u00eamica. O Curso concebe duas gradua\u00e7\u00f5es distintas: Licenciatura e Bacharelado.<\/p>\t\t\t\t\t\t\t\t<\/div>\n\t\t\t\t<\/div>\n\t\t\t\t\t<\/div>\n\t\t<\/div>\n\t\t\t\t\t<\/div>\n\t\t<\/section>\n\t\t\t\t\t<\/div>\n\t\t<\/div>\n\t\t\t\t\t<\/div>\n\t\t<\/section>\n\t\t\t\t<\/div>\n\t\t","protected":false},"excerpt":{"rendered":"<p>Apresenta\u00e7\u00e3o O Curso de Hist\u00f3ria tem seu perfil voltado para a Hist\u00f3ria da Amaz\u00f4nia e do Amap\u00e1. No que se refere \u00e0 habilita\u00e7\u00e3o de Bacharelado, a forma\u00e7\u00e3o inicial do pesquisador da \u00e1rea de Hist\u00f3ria contempla uma necessidade cada vez mais significativa na forma\u00e7\u00e3o de profissionais que vinculam atividades de ensino e saber hist\u00f3rico, ou seja,&#8230;<\/p>\n","protected":false},"author":2473,"featured_media":0,"parent":0,"menu_order":0,"comment_status":"open","ping_status":"closed","template":"","meta":{"inline_featured_image":false,"site-sidebar-layout":"default","site-content-layout":"","ast-site-content-layout":"full-width-container","site-content-style":"default","site-sidebar-style":"default","ast-global-header-display":"","ast-banner-title-visibility":"","ast-main-header-display":"","ast-hfb-above-header-display":"","ast-hfb-below-header-display":"","ast-hfb-mobile-header-display":"","site-post-title":"","ast-breadcrumbs-content":"","ast-featured-img":"","footer-sml-layout":"","theme-transparent-header-meta":"default","adv-header-id-meta":"","stick-header-meta":"","header-above-stick-meta":"","header-main-stick-meta":"","header-below-stick-meta":"","astra-migrate-meta-layouts":"set","ast-page-background-enabled":"default","ast-page-background-meta":{"desktop":{"background-color":"var(--ast-global-color-4)","background-image":"","background-repeat":"repeat","background-position":"center center","background-size":"auto","background-attachment":"scroll","background-type":"","background-media":"","overlay-type":"","overlay-color":"","overlay-opacity":"","overlay-gradient":""},"tablet":{"background-color":"","background-image":"","background-repeat":"repeat","background-position":"center center","background-size":"auto","background-attachment":"scroll","background-type":"","background-media":"","overlay-type":"","overlay-color":"","overlay-opacity":"","overlay-gradient":""},"mobile":{"background-color":"","background-image":"","background-repeat":"repeat","background-position":"center center","background-size":"auto","background-attachment":"scroll","background-type":"","background-media":"","overlay-type":"","overlay-color":"","overlay-opacity":"","overlay-gradient":""}},"ast-content-background-meta":{"desktop":{"background-color":"var(--ast-global-color-5)","background-image":"","background-repeat":"repeat","background-position":"center center","background-size":"auto","background-attachment":"scroll","background-type":"","background-media":"","overlay-type":"","overlay-color":"","overlay-opacity":"","overlay-gradient":""},"tablet":{"background-color":"var(--ast-global-color-5)","background-image":"","background-repeat":"repeat","background-position":"center center","background-size":"auto","background-attachment":"scroll","background-type":"","background-media":"","overlay-type":"","overlay-color":"","overlay-opacity":"","overlay-gradient":""},"mobile":{"background-color":"var(--ast-global-color-5)","background-image":"","background-repeat":"repeat","background-position":"center center","background-size":"auto","background-attachment":"scroll","background-type":"","background-media":"","overlay-type":"","overlay-color":"","overlay-opacity":"","overlay-gradient":""}},"ngg_post_thumbnail":0,"footnotes":""},"folder":[88],"class_list":["post-518","page","type-page","status-publish","hentry"],"_links":{"self":[{"href":"https:\/\/www2.unifap.br\/historia\/wp-json\/wp\/v2\/pages\/518","targetHints":{"allow":["GET"]}}],"collection":[{"href":"https:\/\/www2.unifap.br\/historia\/wp-json\/wp\/v2\/pages"}],"about":[{"href":"https:\/\/www2.unifap.br\/historia\/wp-json\/wp\/v2\/types\/page"}],"author":[{"embeddable":true,"href":"https:\/\/www2.unifap.br\/historia\/wp-json\/wp\/v2\/users\/2473"}],"replies":[{"embeddable":true,"href":"https:\/\/www2.unifap.br\/historia\/wp-json\/wp\/v2\/comments?post=518"}],"version-history":[{"count":44,"href":"https:\/\/www2.unifap.br\/historia\/wp-json\/wp\/v2\/pages\/518\/revisions"}],"predecessor-version":[{"id":5743,"href":"https:\/\/www2.unifap.br\/historia\/wp-json\/wp\/v2\/pages\/518\/revisions\/5743"}],"wp:attachment":[{"href":"https:\/\/www2.unifap.br\/historia\/wp-json\/wp\/v2\/media?parent=518"}],"wp:term":[{"taxonomy":"folder","embeddable":true,"href":"https:\/\/www2.unifap.br\/historia\/wp-json\/wp\/v2\/folder?post=518"}],"curies":[{"name":"wp","href":"https:\/\/api.w.org\/{rel}","templated":true}]}}