{"id":5553,"date":"2025-12-15T20:47:24","date_gmt":"2025-12-15T23:47:24","guid":{"rendered":"https:\/\/www2.unifap.br\/historia\/?page_id=5553"},"modified":"2025-12-16T00:03:37","modified_gmt":"2025-12-16T03:03:37","slug":"historia-do-curso","status":"publish","type":"page","link":"https:\/\/www2.unifap.br\/historia\/historia-do-curso","title":{"rendered":"Hist\u00f3ria do Curso"},"content":{"rendered":"\t\t<div data-elementor-type=\"wp-page\" data-elementor-id=\"5553\" class=\"elementor elementor-5553\">\n\t\t\t\t\t\t<section class=\"elementor-section elementor-top-section elementor-element elementor-element-3d921fb elementor-section-boxed elementor-section-height-default elementor-section-height-default\" data-id=\"3d921fb\" data-element_type=\"section\" data-e-type=\"section\" data-settings=\"{&quot;background_background&quot;:&quot;classic&quot;}\">\n\t\t\t\t\t\t<div class=\"elementor-container elementor-column-gap-default\">\n\t\t\t\t\t<div class=\"elementor-column elementor-col-100 elementor-top-column elementor-element elementor-element-2e17a5a\" data-id=\"2e17a5a\" data-element_type=\"column\" data-e-type=\"column\">\n\t\t\t<div class=\"elementor-widget-wrap elementor-element-populated\">\n\t\t\t\t\t\t<div class=\"elementor-element elementor-element-164d87b elementor-widget elementor-widget-page-title\" data-id=\"164d87b\" data-element_type=\"widget\" data-e-type=\"widget\" data-settings=\"{&quot;align_mobile&quot;:&quot;center&quot;}\" data-widget_type=\"page-title.default\">\n\t\t\t\t<div class=\"elementor-widget-container\">\n\t\t\t\t\t\t\t\n\t\t<div class=\"hfe-page-title hfe-page-title-wrapper elementor-widget-heading\">\n\n\t\t\t\t\t\t\t\t<h2 class=\"elementor-heading-title elementor-size-default\">\n\t\t\t\t\t\t\t\t\n\t\t\t\tHist\u00f3ria do Curso  \n\t\t\t<\/h2 > \n\t\t\t\t\t<\/div>\n\t\t\t\t\t\t<\/div>\n\t\t\t\t<\/div>\n\t\t\t\t<section class=\"elementor-section elementor-inner-section elementor-element elementor-element-1019a2a elementor-section-content-middle elementor-section-boxed elementor-section-height-default elementor-section-height-default\" data-id=\"1019a2a\" data-element_type=\"section\" data-e-type=\"section\">\n\t\t\t\t\t\t<div class=\"elementor-container elementor-column-gap-default\">\n\t\t\t\t\t<div class=\"elementor-column elementor-col-50 elementor-inner-column elementor-element elementor-element-ff7be25\" data-id=\"ff7be25\" data-element_type=\"column\" data-e-type=\"column\">\n\t\t\t<div class=\"elementor-widget-wrap elementor-element-populated\">\n\t\t\t\t\t\t<div class=\"elementor-element elementor-element-41d67d2b elementor-widget elementor-widget-text-editor\" data-id=\"41d67d2b\" data-element_type=\"widget\" data-e-type=\"widget\" data-widget_type=\"text-editor.default\">\n\t\t\t\t<div class=\"elementor-widget-container\">\n\t\t\t\t\t\t\t\t\t<p style=\"text-align: justify\">A oferta de ensino superior no Amap\u00e1 iniciou na d\u00e9cada de 1970, no s\u00e9culo XX, por interm\u00e9dio do conv\u00eanio firmado entre o Governo do ent\u00e3o Territ\u00f3rio Federal do Amap\u00e1 e a Universidade Federal do Par\u00e1 (UFPA), com o objetivo de qualifica\u00e7\u00e3o e habilita\u00e7\u00e3o do pessoal j\u00e1 em exerc\u00edcio docente nas unidades de ensino amapaenses. Nesse contexto, instalou-se em Macap\u00e1 o N\u00facleo de Educa\u00e7\u00e3o da Universidade Federal do Par\u00e1 (NEM), na forma de extens\u00e3o do Centro de Educa\u00e7\u00e3o da UFPA, que passou a ofertar diversos cursos, dentre os quais o de Licenciatura em Estudos Sociais, transformado em Licenciatura Plena em Hist\u00f3ria no ano de 1979.<\/p>\t\t\t\t\t\t\t\t<\/div>\n\t\t\t\t<\/div>\n\t\t\t\t\t<\/div>\n\t\t<\/div>\n\t\t\t\t<div class=\"elementor-column elementor-col-50 elementor-inner-column elementor-element elementor-element-700e857\" data-id=\"700e857\" data-element_type=\"column\" data-e-type=\"column\">\n\t\t\t<div class=\"elementor-widget-wrap elementor-element-populated\">\n\t\t\t\t\t\t<div class=\"elementor-element elementor-element-8e7df44 elementor-widget elementor-widget-image\" data-id=\"8e7df44\" data-element_type=\"widget\" data-e-type=\"widget\" data-widget_type=\"image.default\">\n\t\t\t\t<div class=\"elementor-widget-container\">\n\t\t\t\t\t\t\t\t\t\t\t\t\t\t\t<img fetchpriority=\"high\" decoding=\"async\" width=\"420\" height=\"519\" src=\"https:\/\/www2.unifap.br\/historia\/files\/2025\/12\/Logo-Historia-png.png\" class=\"attachment-large size-large wp-image-5327\" alt=\"\" srcset=\"https:\/\/www2.unifap.br\/historia\/files\/2025\/12\/Logo-Historia-png.png 420w, https:\/\/www2.unifap.br\/historia\/files\/2025\/12\/Logo-Historia-png-243x300.png 243w\" sizes=\"(max-width: 420px) 100vw, 420px\" \/>\t\t\t\t\t\t\t\t\t\t\t\t\t\t\t<\/div>\n\t\t\t\t<\/div>\n\t\t\t\t\t<\/div>\n\t\t<\/div>\n\t\t\t\t\t<\/div>\n\t\t<\/section>\n\t\t\t\t<section class=\"elementor-section elementor-inner-section elementor-element elementor-element-aa5b29c elementor-section-content-middle elementor-section-boxed elementor-section-height-default elementor-section-height-default\" data-id=\"aa5b29c\" data-element_type=\"section\" data-e-type=\"section\">\n\t\t\t\t\t\t<div class=\"elementor-container elementor-column-gap-default\">\n\t\t\t\t\t<div class=\"elementor-column elementor-col-50 elementor-inner-column elementor-element elementor-element-6fd8048\" data-id=\"6fd8048\" data-element_type=\"column\" data-e-type=\"column\">\n\t\t\t<div class=\"elementor-widget-wrap elementor-element-populated\">\n\t\t\t\t\t\t<div class=\"elementor-element elementor-element-387d477 elementor-widget elementor-widget-image\" data-id=\"387d477\" data-element_type=\"widget\" data-e-type=\"widget\" data-widget_type=\"image.default\">\n\t\t\t\t<div class=\"elementor-widget-container\">\n\t\t\t\t\t\t\t\t\t\t\t\t\t\t\t<img fetchpriority=\"high\" decoding=\"async\" width=\"420\" height=\"519\" src=\"https:\/\/www2.unifap.br\/historia\/files\/2025\/12\/Logo-Historia-png.png\" class=\"attachment-large size-large wp-image-5327\" alt=\"\" srcset=\"https:\/\/www2.unifap.br\/historia\/files\/2025\/12\/Logo-Historia-png.png 420w, https:\/\/www2.unifap.br\/historia\/files\/2025\/12\/Logo-Historia-png-243x300.png 243w\" sizes=\"(max-width: 420px) 100vw, 420px\" \/>\t\t\t\t\t\t\t\t\t\t\t\t\t\t\t<\/div>\n\t\t\t\t<\/div>\n\t\t\t\t\t<\/div>\n\t\t<\/div>\n\t\t\t\t<div class=\"elementor-column elementor-col-50 elementor-inner-column elementor-element elementor-element-99ae1e8\" data-id=\"99ae1e8\" data-element_type=\"column\" data-e-type=\"column\">\n\t\t\t<div class=\"elementor-widget-wrap elementor-element-populated\">\n\t\t\t\t\t\t<div class=\"elementor-element elementor-element-ec5d398 elementor-widget elementor-widget-text-editor\" data-id=\"ec5d398\" data-element_type=\"widget\" data-e-type=\"widget\" data-widget_type=\"text-editor.default\">\n\t\t\t\t<div class=\"elementor-widget-container\">\n\t\t\t\t\t\t\t\t\t<p style=\"text-align: justify\">Em agosto de 1986, pela Lei Federal n\u00ba 7.530, foi criada a Universidade Federal do Amap\u00e1, que, contudo, somente foi institu\u00edda em mar\u00e7o de 1990, por meio do Decreto n\u00ba 98.997, per\u00edodo em que se registrou a atua\u00e7\u00e3o em conjunto com o NEM. No ano de 1991, ap\u00f3s a realiza\u00e7\u00e3o do processo seletivo ent\u00e3o vigente \u2013 o Exame Vestibular \u2013, a UNIFAP passou a oferecer nove cursos de gradua\u00e7\u00e3o, dentre os quais o curso de Hist\u00f3ria, com dupla forma\u00e7\u00e3o (Licenciatura e Bacharelado), estruturado em uma \u00fanica matriz curricular. Esse modelo permaneceu at\u00e9 a Turma de 2005, quando ambas as forma\u00e7\u00f5es foram desmembradas, mantendo em comum apenas o N\u00facleo B\u00e1sico.<\/p>\t\t\t\t\t\t\t\t<\/div>\n\t\t\t\t<\/div>\n\t\t\t\t\t<\/div>\n\t\t<\/div>\n\t\t\t\t\t<\/div>\n\t\t<\/section>\n\t\t\t\t<section class=\"elementor-section elementor-inner-section elementor-element elementor-element-544ae10 elementor-section-content-middle elementor-section-boxed elementor-section-height-default elementor-section-height-default\" data-id=\"544ae10\" data-element_type=\"section\" data-e-type=\"section\">\n\t\t\t\t\t\t<div class=\"elementor-container elementor-column-gap-default\">\n\t\t\t\t\t<div class=\"elementor-column elementor-col-50 elementor-inner-column elementor-element elementor-element-76dcba3\" data-id=\"76dcba3\" data-element_type=\"column\" data-e-type=\"column\">\n\t\t\t<div class=\"elementor-widget-wrap elementor-element-populated\">\n\t\t\t\t\t\t<div class=\"elementor-element elementor-element-29018d2 elementor-widget elementor-widget-text-editor\" data-id=\"29018d2\" data-element_type=\"widget\" data-e-type=\"widget\" data-widget_type=\"text-editor.default\">\n\t\t\t\t<div class=\"elementor-widget-container\">\n\t\t\t\t\t\t\t\t\t<p style=\"text-align: justify\">Dessa forma, a Licenciatura voltou-se \u00e0 forma\u00e7\u00e3o de agentes pedag\u00f3gicos do conhecimento hist\u00f3rico, enquanto o Bacharelado buscou formar pesquisadores aptos a integrar centros de pesquisa e documenta\u00e7\u00e3o, bem como atuar em assessorias em museus e centros de mem\u00f3ria. Tal configura\u00e7\u00e3o perdurou at\u00e9 o ano de 2015, ocasi\u00e3o em que o Bacharelado foi extinto, mantendo-se apenas a oferta para as turmas em andamento. A partir de ent\u00e3o, permaneceu exclusivamente a Licenciatura, que passou a ofertar processo seletivo para duas turmas por ano, sendo uma no turno da tarde e outra no turno da noite.<\/p>\t\t\t\t\t\t\t\t<\/div>\n\t\t\t\t<\/div>\n\t\t\t\t\t<\/div>\n\t\t<\/div>\n\t\t\t\t<div class=\"elementor-column elementor-col-50 elementor-inner-column elementor-element elementor-element-a701660\" data-id=\"a701660\" data-element_type=\"column\" data-e-type=\"column\">\n\t\t\t<div class=\"elementor-widget-wrap elementor-element-populated\">\n\t\t\t\t\t\t<div class=\"elementor-element elementor-element-f39f939 elementor-widget elementor-widget-image\" data-id=\"f39f939\" data-element_type=\"widget\" data-e-type=\"widget\" data-widget_type=\"image.default\">\n\t\t\t\t<div class=\"elementor-widget-container\">\n\t\t\t\t\t\t\t\t\t\t\t\t\t\t\t<img fetchpriority=\"high\" decoding=\"async\" width=\"420\" height=\"519\" src=\"https:\/\/www2.unifap.br\/historia\/files\/2025\/12\/Logo-Historia-png.png\" class=\"attachment-large size-large wp-image-5327\" alt=\"\" srcset=\"https:\/\/www2.unifap.br\/historia\/files\/2025\/12\/Logo-Historia-png.png 420w, https:\/\/www2.unifap.br\/historia\/files\/2025\/12\/Logo-Historia-png-243x300.png 243w\" sizes=\"(max-width: 420px) 100vw, 420px\" \/>\t\t\t\t\t\t\t\t\t\t\t\t\t\t\t<\/div>\n\t\t\t\t<\/div>\n\t\t\t\t\t<\/div>\n\t\t<\/div>\n\t\t\t\t\t<\/div>\n\t\t<\/section>\n\t\t\t\t\t<\/div>\n\t\t<\/div>\n\t\t\t\t\t<\/div>\n\t\t<\/section>\n\t\t\t\t<\/div>\n\t\t","protected":false},"excerpt":{"rendered":"<p>Hist\u00f3ria do Curso A oferta de ensino superior no Amap\u00e1 iniciou na d\u00e9cada de 1970, no s\u00e9culo XX, por interm\u00e9dio do conv\u00eanio firmado entre o Governo do ent\u00e3o Territ\u00f3rio Federal do Amap\u00e1 e a Universidade Federal do Par\u00e1 (UFPA), com o objetivo de qualifica\u00e7\u00e3o e habilita\u00e7\u00e3o do pessoal j\u00e1 em exerc\u00edcio docente nas unidades de&#8230;<\/p>\n","protected":false},"author":930,"featured_media":0,"parent":0,"menu_order":0,"comment_status":"open","ping_status":"closed","template":"","meta":{"inline_featured_image":false,"site-sidebar-layout":"default","site-content-layout":"","ast-site-content-layout":"full-width-container","site-content-style":"default","site-sidebar-style":"default","ast-global-header-display":"","ast-banner-title-visibility":"","ast-main-header-display":"","ast-hfb-above-header-display":"","ast-hfb-below-header-display":"","ast-hfb-mobile-header-display":"","site-post-title":"","ast-breadcrumbs-content":"","ast-featured-img":"","footer-sml-layout":"","theme-transparent-header-meta":"default","adv-header-id-meta":"","stick-header-meta":"","header-above-stick-meta":"","header-main-stick-meta":"","header-below-stick-meta":"","astra-migrate-meta-layouts":"set","ast-page-background-enabled":"default","ast-page-background-meta":{"desktop":{"background-color":"var(--ast-global-color-4)","background-image":"","background-repeat":"repeat","background-position":"center center","background-size":"auto","background-attachment":"scroll","background-type":"","background-media":"","overlay-type":"","overlay-color":"","overlay-opacity":"","overlay-gradient":""},"tablet":{"background-color":"","background-image":"","background-repeat":"repeat","background-position":"center center","background-size":"auto","background-attachment":"scroll","background-type":"","background-media":"","overlay-type":"","overlay-color":"","overlay-opacity":"","overlay-gradient":""},"mobile":{"background-color":"","background-image":"","background-repeat":"repeat","background-position":"center center","background-size":"auto","background-attachment":"scroll","background-type":"","background-media":"","overlay-type":"","overlay-color":"","overlay-opacity":"","overlay-gradient":""}},"ast-content-background-meta":{"desktop":{"background-color":"var(--ast-global-color-5)","background-image":"","background-repeat":"repeat","background-position":"center center","background-size":"auto","background-attachment":"scroll","background-type":"","background-media":"","overlay-type":"","overlay-color":"","overlay-opacity":"","overlay-gradient":""},"tablet":{"background-color":"var(--ast-global-color-5)","background-image":"","background-repeat":"repeat","background-position":"center center","background-size":"auto","background-attachment":"scroll","background-type":"","background-media":"","overlay-type":"","overlay-color":"","overlay-opacity":"","overlay-gradient":""},"mobile":{"background-color":"var(--ast-global-color-5)","background-image":"","background-repeat":"repeat","background-position":"center center","background-size":"auto","background-attachment":"scroll","background-type":"","background-media":"","overlay-type":"","overlay-color":"","overlay-opacity":"","overlay-gradient":""}},"ngg_post_thumbnail":0,"footnotes":""},"folder":[88],"class_list":["post-5553","page","type-page","status-publish","hentry"],"_links":{"self":[{"href":"https:\/\/www2.unifap.br\/historia\/wp-json\/wp\/v2\/pages\/5553","targetHints":{"allow":["GET"]}}],"collection":[{"href":"https:\/\/www2.unifap.br\/historia\/wp-json\/wp\/v2\/pages"}],"about":[{"href":"https:\/\/www2.unifap.br\/historia\/wp-json\/wp\/v2\/types\/page"}],"author":[{"embeddable":true,"href":"https:\/\/www2.unifap.br\/historia\/wp-json\/wp\/v2\/users\/930"}],"replies":[{"embeddable":true,"href":"https:\/\/www2.unifap.br\/historia\/wp-json\/wp\/v2\/comments?post=5553"}],"version-history":[{"count":16,"href":"https:\/\/www2.unifap.br\/historia\/wp-json\/wp\/v2\/pages\/5553\/revisions"}],"predecessor-version":[{"id":5601,"href":"https:\/\/www2.unifap.br\/historia\/wp-json\/wp\/v2\/pages\/5553\/revisions\/5601"}],"wp:attachment":[{"href":"https:\/\/www2.unifap.br\/historia\/wp-json\/wp\/v2\/media?parent=5553"}],"wp:term":[{"taxonomy":"folder","embeddable":true,"href":"https:\/\/www2.unifap.br\/historia\/wp-json\/wp\/v2\/folder?post=5553"}],"curies":[{"name":"wp","href":"https:\/\/api.w.org\/{rel}","templated":true}]}}