{"id":5568,"date":"2025-12-15T21:15:19","date_gmt":"2025-12-16T00:15:19","guid":{"rendered":"https:\/\/www2.unifap.br\/historia\/?page_id=5568"},"modified":"2025-12-16T00:03:14","modified_gmt":"2025-12-16T03:03:14","slug":"objetivos-perfil-competencias-e-habilidades","status":"publish","type":"page","link":"https:\/\/www2.unifap.br\/historia\/objetivos-perfil-competencias-e-habilidades","title":{"rendered":"Objetivos, Perfil, Compet\u00eancias e Habilidades"},"content":{"rendered":"\t\t<div data-elementor-type=\"wp-page\" data-elementor-id=\"5568\" class=\"elementor elementor-5568\">\n\t\t\t\t\t\t<section class=\"elementor-section elementor-top-section elementor-element elementor-element-3d921fb elementor-section-boxed elementor-section-height-default elementor-section-height-default\" data-id=\"3d921fb\" data-element_type=\"section\" data-e-type=\"section\" data-settings=\"{&quot;background_background&quot;:&quot;classic&quot;}\">\n\t\t\t\t\t\t<div class=\"elementor-container elementor-column-gap-default\">\n\t\t\t\t\t<div class=\"elementor-column elementor-col-100 elementor-top-column elementor-element elementor-element-2e17a5a\" data-id=\"2e17a5a\" data-element_type=\"column\" data-e-type=\"column\">\n\t\t\t<div class=\"elementor-widget-wrap elementor-element-populated\">\n\t\t\t\t\t\t<div class=\"elementor-element elementor-element-164d87b elementor-widget elementor-widget-page-title\" data-id=\"164d87b\" data-element_type=\"widget\" data-e-type=\"widget\" data-settings=\"{&quot;align_mobile&quot;:&quot;center&quot;}\" data-widget_type=\"page-title.default\">\n\t\t\t\t<div class=\"elementor-widget-container\">\n\t\t\t\t\t\t\t\n\t\t<div class=\"hfe-page-title hfe-page-title-wrapper elementor-widget-heading\">\n\n\t\t\t\t\t\t\t\t<h2 class=\"elementor-heading-title elementor-size-default\">\n\t\t\t\t\t\t\t\t\n\t\t\t\tObjetivos, Perfil, Compet\u00eancias e Habilidades  \n\t\t\t<\/h2 > \n\t\t\t\t\t<\/div>\n\t\t\t\t\t\t<\/div>\n\t\t\t\t<\/div>\n\t\t\t\t<div class=\"elementor-element elementor-element-df9cada elementor-widget elementor-widget-accordion\" data-id=\"df9cada\" data-element_type=\"widget\" data-e-type=\"widget\" data-widget_type=\"accordion.default\">\n\t\t\t\t<div class=\"elementor-widget-container\">\n\t\t\t\t\t\t\t<div class=\"elementor-accordion\">\n\t\t\t\t\t\t\t<div class=\"elementor-accordion-item\">\n\t\t\t\t\t<div id=\"elementor-tab-title-2341\" class=\"elementor-tab-title\" data-tab=\"1\" role=\"button\" aria-controls=\"elementor-tab-content-2341\" aria-expanded=\"false\">\n\t\t\t\t\t\t\t\t\t\t\t\t\t<span class=\"elementor-accordion-icon elementor-accordion-icon-left\" aria-hidden=\"true\">\n\t\t\t\t\t\t\t\t\t\t\t\t\t\t\t<span class=\"elementor-accordion-icon-closed\"><i class=\"fas fa-plus\"><\/i><\/span>\n\t\t\t\t\t\t\t\t<span class=\"elementor-accordion-icon-opened\"><i class=\"fas fa-minus\"><\/i><\/span>\n\t\t\t\t\t\t\t\t\t\t\t\t\t\t<\/span>\n\t\t\t\t\t\t\t\t\t\t\t\t<a class=\"elementor-accordion-title\" tabindex=\"0\">Objetivos<\/a>\n\t\t\t\t\t<\/div>\n\t\t\t\t\t<div id=\"elementor-tab-content-2341\" class=\"elementor-tab-content elementor-clearfix\" data-tab=\"1\" role=\"region\" aria-labelledby=\"elementor-tab-title-2341\"><p><strong>Geral<\/strong><\/p><p style=\"text-align: justify\">Formar, por meio das atividades de Ensino, Pesquisa e Extens\u00e3o, discentes aptos \u00e0 inser\u00e7\u00e3o em diferentes setores profissionais que, visando ao desenvolvimento humano na sociedade amapaense e brasileira, promovam o ensino de Hist\u00f3ria e a valoriza\u00e7\u00e3o do patrim\u00f4nio cultural, bem como colaborem para a difus\u00e3o dos instrumentos intelectuais (conte\u00fados, conceitos, m\u00e9todos, entre outros) que favore\u00e7am a compreens\u00e3o do ser humano e do meio em que vive.<\/p><p><strong>Espec\u00edficos<\/strong><\/p><ul><li style=\"text-align: justify\">Preparar profissionais com compet\u00eancia, habilidades e atitudes para atuar no magist\u00e9rio do Ensino Fundamental e M\u00e9dio, bem como em \u00f3rg\u00e3os e institui\u00e7\u00f5es de pesquisa e na assessoria a programas culturais e de preserva\u00e7\u00e3o do patrim\u00f4nio hist\u00f3rico, cultural e natural;<\/li><li style=\"text-align: justify\">Habilitar profissionais capazes de conhecer as principais vertentes te\u00f3ricas que orientam as an\u00e1lises hist\u00f3ricas e de acompanhar os avan\u00e7os metodol\u00f3gicos da Ci\u00eancia Hist\u00f3rica e da Educa\u00e7\u00e3o, realizando de forma cr\u00edtica a articula\u00e7\u00e3o entre teoria e pr\u00e1tica no exerc\u00edcio da tr\u00edade Ensino, Pesquisa e Extens\u00e3o;<\/li><li style=\"text-align: justify\">Compreender o espa\u00e7o escolar como um locus de pesquisa, no qual a reflex\u00e3o sobre a pr\u00e1tica docente deve ser permanentemente investigada, analisada e ressignificada.<\/li><\/ul><\/div>\n\t\t\t\t<\/div>\n\t\t\t\t\t\t\t<div class=\"elementor-accordion-item\">\n\t\t\t\t\t<div id=\"elementor-tab-title-2342\" class=\"elementor-tab-title\" data-tab=\"2\" role=\"button\" aria-controls=\"elementor-tab-content-2342\" aria-expanded=\"false\">\n\t\t\t\t\t\t\t\t\t\t\t\t\t<span class=\"elementor-accordion-icon elementor-accordion-icon-left\" aria-hidden=\"true\">\n\t\t\t\t\t\t\t\t\t\t\t\t\t\t\t<span class=\"elementor-accordion-icon-closed\"><i class=\"fas fa-plus\"><\/i><\/span>\n\t\t\t\t\t\t\t\t<span class=\"elementor-accordion-icon-opened\"><i class=\"fas fa-minus\"><\/i><\/span>\n\t\t\t\t\t\t\t\t\t\t\t\t\t\t<\/span>\n\t\t\t\t\t\t\t\t\t\t\t\t<a class=\"elementor-accordion-title\" tabindex=\"0\">Perfil do Egresso<\/a>\n\t\t\t\t\t<\/div>\n\t\t\t\t\t<div id=\"elementor-tab-content-2342\" class=\"elementor-tab-content elementor-clearfix\" data-tab=\"2\" role=\"region\" aria-labelledby=\"elementor-tab-title-2342\"><p>O egresso do Curso de Licenciatura em Hist\u00f3ria da Universidade Federal do Amap\u00e1 caracteriza-se por:<\/p><ol><li><strong>Autonomia intelectual<\/strong>, sustentada por s\u00f3lido suporte te\u00f3rico-metodol\u00f3gico da Ci\u00eancia Hist\u00f3rica, que lhe permite compreender, interpretar e explicar os processos hist\u00f3ricos em diferentes temporalidades e contextos sociais<\/li><li><strong>Forma\u00e7\u00e3o s\u00f3lida para o exerc\u00edcio da doc\u00eancia<\/strong>, estando apto a atuar no Ensino Fundamental e no Ensino M\u00e9dio, com dom\u00ednio da natureza do conhecimento hist\u00f3rico, de suas formas de produ\u00e7\u00e3o, sistematiza\u00e7\u00e3o e difus\u00e3o<\/li><li><strong>Capacidade de interpretar a sociedade em contextos hist\u00f3ricos distintos<\/strong>, reconhecendo a complexidade dos fen\u00f4menos hist\u00f3ricos, situando-os no tempo e no espa\u00e7o, e relacionando-os aos problemas do mundo presente, especialmente os de car\u00e1ter nacional e regional<\/li><li><strong>Compromisso com a articula\u00e7\u00e3o entre Ensino, Pesquisa e Extens\u00e3o<\/strong>, compreendendo essas dimens\u00f5es como indissoci\u00e1veis na forma\u00e7\u00e3o profissional e na atua\u00e7\u00e3o social do professor de Hist\u00f3ria<\/li><li><strong>Postura cr\u00edtica, reflexiva e criativa<\/strong>, orientada para a investiga\u00e7\u00e3o cient\u00edfica, a produ\u00e7\u00e3o e a difus\u00e3o do conhecimento hist\u00f3rico, bem como para o desenvolvimento do pensamento cient\u00edfico e do entendimento do ser humano e do meio em que vive<\/li><li><strong>Capacidade de atua\u00e7\u00e3o em diferentes espa\u00e7os profissionais<\/strong>, al\u00e9m da doc\u00eancia, podendo colaborar com institui\u00e7\u00f5es p\u00fablicas e privadas em projetos de preserva\u00e7\u00e3o do patrim\u00f4nio hist\u00f3rico, cultural e natural, bem como em assessorias, consultorias e programas culturais<\/li><li><strong>Compromisso \u00e9tico e social<\/strong>, alinhado aos princ\u00edpios constitucionais da educa\u00e7\u00e3o como direito de todos e dever do Estado, voltado ao pleno desenvolvimento da pessoa, ao exerc\u00edcio da cidadania e \u00e0 qualifica\u00e7\u00e3o para o trabalho<\/li><li><strong>Aten\u00e7\u00e3o \u00e0s especificidades regionais amaz\u00f4nicas<\/strong>, considerando as voca\u00e7\u00f5es do Estado do Amap\u00e1 e as quest\u00f5es relacionadas \u00e0 diversidade sociocultural, ambiental e hist\u00f3rica da regi\u00e3o, integrando essas dimens\u00f5es \u00e0 pr\u00e1tica docente e \u00e0 produ\u00e7\u00e3o do conhecimento hist\u00f3rico<\/li><\/ol><p>\u00a0<\/p><\/div>\n\t\t\t\t<\/div>\n\t\t\t\t\t\t\t<div class=\"elementor-accordion-item\">\n\t\t\t\t\t<div id=\"elementor-tab-title-2343\" class=\"elementor-tab-title\" data-tab=\"3\" role=\"button\" aria-controls=\"elementor-tab-content-2343\" aria-expanded=\"false\">\n\t\t\t\t\t\t\t\t\t\t\t\t\t<span class=\"elementor-accordion-icon elementor-accordion-icon-left\" aria-hidden=\"true\">\n\t\t\t\t\t\t\t\t\t\t\t\t\t\t\t<span class=\"elementor-accordion-icon-closed\"><i class=\"fas fa-plus\"><\/i><\/span>\n\t\t\t\t\t\t\t\t<span class=\"elementor-accordion-icon-opened\"><i class=\"fas fa-minus\"><\/i><\/span>\n\t\t\t\t\t\t\t\t\t\t\t\t\t\t<\/span>\n\t\t\t\t\t\t\t\t\t\t\t\t<a class=\"elementor-accordion-title\" tabindex=\"0\">Compet\u00eancias\te Habilidades<\/a>\n\t\t\t\t\t<\/div>\n\t\t\t\t\t<div id=\"elementor-tab-content-2343\" class=\"elementor-tab-content elementor-clearfix\" data-tab=\"3\" role=\"region\" aria-labelledby=\"elementor-tab-title-2343\"><p>O graduado em Hist\u00f3ria dever\u00e1 estar capacitado para o exerc\u00edcio do trabalho docente em todas as suas dimens\u00f5es, o que pressup\u00f5e o dom\u00ednio da natureza do conhecimento hist\u00f3rico, das pr\u00e1ticas de sua produ\u00e7\u00e3o e difus\u00e3o, bem como de um conjunto de compet\u00eancias e habilidades gerais, dentre as quais se destacam:<\/p><ol><li><strong>Atuar no Ensino Fundamental e no Ensino M\u00e9dio<\/strong>, com dom\u00ednio dos conte\u00fados hist\u00f3ricos e das pr\u00e1ticas pedag\u00f3gicas pr\u00f3prias da \u00e1rea de Hist\u00f3ria<\/li><li><strong>Compreender o significado das produ\u00e7\u00f5es hist\u00f3ricas em seus aspectos mais amplos<\/strong>, reconhecendo a complexidade dos processos hist\u00f3ricos e situando-os no tempo e no espa\u00e7o<\/li><li><strong>Relacionar passado e presente<\/strong>, desenvolvendo a habilidade de interpretar os fen\u00f4menos contempor\u00e2neos \u00e0 luz dos processos hist\u00f3ricos, especialmente aqueles relacionados \u00e0 realidade brasileira e amaz\u00f4nica<\/li><li><strong>Dominar os fundamentos te\u00f3rico-metodol\u00f3gicos da Ci\u00eancia Hist\u00f3rica<\/strong>, compreendendo os diferentes m\u00e9todos, abordagens e correntes interpretativas que orientam a produ\u00e7\u00e3o do conhecimento hist\u00f3rico<\/li><li><strong>Produzir e difundir o conhecimento hist\u00f3rico<\/strong>, utilizando diferentes linguagens, recursos did\u00e1ticos e meios de comunica\u00e7\u00e3o, de forma adequada aos contextos educacionais e socioculturais<\/li><li><strong>Desenvolver postura investigativa e reflexiva<\/strong>, compreendendo a pesquisa como princ\u00edpio educativo e o espa\u00e7o escolar como locus permanente de investiga\u00e7\u00e3o e ressignifica\u00e7\u00e3o da pr\u00e1tica docente<\/li><li><strong>Articular teoria e pr\u00e1tica<\/strong>, no exerc\u00edcio integrado das atividades de Ensino, Pesquisa e Extens\u00e3o, reconhecendo essa tr\u00edade como fundamento da forma\u00e7\u00e3o e da atua\u00e7\u00e3o profissional do professor de Hist\u00f3ria<\/li><li><strong>Atuar com responsabilidade \u00e9tica, social e pol\u00edtica<\/strong>, comprometendo-se com a forma\u00e7\u00e3o cidad\u00e3, com a valoriza\u00e7\u00e3o do patrim\u00f4nio hist\u00f3rico, cultural e natural e com o fortalecimento da educa\u00e7\u00e3o p\u00fablica<\/li><\/ol><\/div>\n\t\t\t\t<\/div>\n\t\t\t\t\t\t\t\t<\/div>\n\t\t\t\t\t\t<\/div>\n\t\t\t\t<\/div>\n\t\t\t\t\t<\/div>\n\t\t<\/div>\n\t\t\t\t\t<\/div>\n\t\t<\/section>\n\t\t\t\t<\/div>\n\t\t","protected":false},"excerpt":{"rendered":"<p>Objetivos, Perfil, Compet\u00eancias e Habilidades Objetivos Geral Formar, por meio das atividades de Ensino, Pesquisa e Extens\u00e3o, discentes aptos \u00e0 inser\u00e7\u00e3o em diferentes setores profissionais que, visando ao desenvolvimento humano na sociedade amapaense e brasileira, promovam o ensino de Hist\u00f3ria e a valoriza\u00e7\u00e3o do patrim\u00f4nio cultural, bem como colaborem para a difus\u00e3o dos instrumentos intelectuais&#8230;<\/p>\n","protected":false},"author":930,"featured_media":0,"parent":0,"menu_order":0,"comment_status":"open","ping_status":"closed","template":"","meta":{"inline_featured_image":false,"site-sidebar-layout":"default","site-content-layout":"","ast-site-content-layout":"full-width-container","site-content-style":"default","site-sidebar-style":"default","ast-global-header-display":"","ast-banner-title-visibility":"","ast-main-header-display":"","ast-hfb-above-header-display":"","ast-hfb-below-header-display":"","ast-hfb-mobile-header-display":"","site-post-title":"","ast-breadcrumbs-content":"","ast-featured-img":"","footer-sml-layout":"","theme-transparent-header-meta":"default","adv-header-id-meta":"","stick-header-meta":"","header-above-stick-meta":"","header-main-stick-meta":"","header-below-stick-meta":"","astra-migrate-meta-layouts":"set","ast-page-background-enabled":"default","ast-page-background-meta":{"desktop":{"background-color":"var(--ast-global-color-4)","background-image":"","background-repeat":"repeat","background-position":"center center","background-size":"auto","background-attachment":"scroll","background-type":"","background-media":"","overlay-type":"","overlay-color":"","overlay-opacity":"","overlay-gradient":""},"tablet":{"background-color":"","background-image":"","background-repeat":"repeat","background-position":"center center","background-size":"auto","background-attachment":"scroll","background-type":"","background-media":"","overlay-type":"","overlay-color":"","overlay-opacity":"","overlay-gradient":""},"mobile":{"background-color":"","background-image":"","background-repeat":"repeat","background-position":"center center","background-size":"auto","background-attachment":"scroll","background-type":"","background-media":"","overlay-type":"","overlay-color":"","overlay-opacity":"","overlay-gradient":""}},"ast-content-background-meta":{"desktop":{"background-color":"var(--ast-global-color-5)","background-image":"","background-repeat":"repeat","background-position":"center center","background-size":"auto","background-attachment":"scroll","background-type":"","background-media":"","overlay-type":"","overlay-color":"","overlay-opacity":"","overlay-gradient":""},"tablet":{"background-color":"var(--ast-global-color-5)","background-image":"","background-repeat":"repeat","background-position":"center center","background-size":"auto","background-attachment":"scroll","background-type":"","background-media":"","overlay-type":"","overlay-color":"","overlay-opacity":"","overlay-gradient":""},"mobile":{"background-color":"var(--ast-global-color-5)","background-image":"","background-repeat":"repeat","background-position":"center center","background-size":"auto","background-attachment":"scroll","background-type":"","background-media":"","overlay-type":"","overlay-color":"","overlay-opacity":"","overlay-gradient":""}},"ngg_post_thumbnail":0,"footnotes":""},"folder":[88],"class_list":["post-5568","page","type-page","status-publish","hentry"],"_links":{"self":[{"href":"https:\/\/www2.unifap.br\/historia\/wp-json\/wp\/v2\/pages\/5568","targetHints":{"allow":["GET"]}}],"collection":[{"href":"https:\/\/www2.unifap.br\/historia\/wp-json\/wp\/v2\/pages"}],"about":[{"href":"https:\/\/www2.unifap.br\/historia\/wp-json\/wp\/v2\/types\/page"}],"author":[{"embeddable":true,"href":"https:\/\/www2.unifap.br\/historia\/wp-json\/wp\/v2\/users\/930"}],"replies":[{"embeddable":true,"href":"https:\/\/www2.unifap.br\/historia\/wp-json\/wp\/v2\/comments?post=5568"}],"version-history":[{"count":16,"href":"https:\/\/www2.unifap.br\/historia\/wp-json\/wp\/v2\/pages\/5568\/revisions"}],"predecessor-version":[{"id":5598,"href":"https:\/\/www2.unifap.br\/historia\/wp-json\/wp\/v2\/pages\/5568\/revisions\/5598"}],"wp:attachment":[{"href":"https:\/\/www2.unifap.br\/historia\/wp-json\/wp\/v2\/media?parent=5568"}],"wp:term":[{"taxonomy":"folder","embeddable":true,"href":"https:\/\/www2.unifap.br\/historia\/wp-json\/wp\/v2\/folder?post=5568"}],"curies":[{"name":"wp","href":"https:\/\/api.w.org\/{rel}","templated":true}]}}