{"id":5635,"date":"2025-12-16T01:47:14","date_gmt":"2025-12-16T04:47:14","guid":{"rendered":"https:\/\/www2.unifap.br\/historia\/?page_id=5635"},"modified":"2025-12-16T01:56:56","modified_gmt":"2025-12-16T04:56:56","slug":"contatos-institucionais","status":"publish","type":"page","link":"https:\/\/www2.unifap.br\/historia\/contatos-institucionais","title":{"rendered":"Contatos Institucionais"},"content":{"rendered":"\t\t<div data-elementor-type=\"wp-page\" data-elementor-id=\"5635\" class=\"elementor elementor-5635\">\n\t\t\t\t\t\t<section class=\"elementor-section elementor-top-section elementor-element elementor-element-3d921fb elementor-section-boxed elementor-section-height-default elementor-section-height-default\" data-id=\"3d921fb\" data-element_type=\"section\" data-e-type=\"section\" data-settings=\"{&quot;background_background&quot;:&quot;classic&quot;}\">\n\t\t\t\t\t\t<div class=\"elementor-container elementor-column-gap-default\">\n\t\t\t\t\t<div class=\"elementor-column elementor-col-100 elementor-top-column elementor-element elementor-element-2e17a5a\" data-id=\"2e17a5a\" data-element_type=\"column\" data-e-type=\"column\">\n\t\t\t<div class=\"elementor-widget-wrap elementor-element-populated\">\n\t\t\t\t\t\t<div class=\"elementor-element elementor-element-164d87b elementor-widget elementor-widget-page-title\" data-id=\"164d87b\" data-element_type=\"widget\" data-e-type=\"widget\" data-settings=\"{&quot;align_mobile&quot;:&quot;center&quot;}\" data-widget_type=\"page-title.default\">\n\t\t\t\t<div class=\"elementor-widget-container\">\n\t\t\t\t\t\t\t\n\t\t<div class=\"hfe-page-title hfe-page-title-wrapper elementor-widget-heading\">\n\n\t\t\t\t\t\t\t\t<h2 class=\"elementor-heading-title elementor-size-default\">\n\t\t\t\t\t\t\t\t\n\t\t\t\tContatos Institucionais  \n\t\t\t<\/h2 > \n\t\t\t\t\t<\/div>\n\t\t\t\t\t\t<\/div>\n\t\t\t\t<\/div>\n\t\t\t\t<div class=\"elementor-element elementor-element-6fa5969 elementor-widget elementor-widget-text-editor\" data-id=\"6fa5969\" data-element_type=\"widget\" data-e-type=\"widget\" data-widget_type=\"text-editor.default\">\n\t\t\t\t<div class=\"elementor-widget-container\">\n\t\t\t\t\t\t\t\t\t<p style=\"text-align: justify\">A seguir, disponibilizam-se contatos institucionais e entidades parceiras que mant\u00eam rela\u00e7\u00e3o direta com a \u00e1rea de Hist\u00f3ria, com a forma\u00e7\u00e3o docente, a pesquisa, a preserva\u00e7\u00e3o da mem\u00f3ria e o desenvolvimento educacional e cultural no \u00e2mbito local, regional e nacional. Esses \u00f3rg\u00e3os e associa\u00e7\u00f5es constituem importantes refer\u00eancias para estudantes, docentes e pesquisadores, contribuindo para o fortalecimento das atividades acad\u00eamicas, cient\u00edficas e extensionistas, bem como para a articula\u00e7\u00e3o entre a universidade e a sociedade.<\/p><ul><li style=\"list-style-type: none\"><ul><li>Associa\u00e7\u00e3o Nacional de Hist\u00f3ria \u2013 Seccional Amap\u00e1 \u2013\u00a0<a href=\"http:\/\/ap.anpuh.org\/\" target=\"_blank\" rel=\"noopener\">http:\/\/ap.anpuh.org<\/a><\/li><li>Universidade do Estado do Amap\u00e1 \u2013\u00a0<a href=\"http:\/\/ueap.ap.gov.br\/\" target=\"_blank\" rel=\"noopener\">http:\/\/ueap.ap.gov.br<\/a><\/li><li>Secretaria de Educa\u00e7\u00e3o do Estado do Amap\u00e1 \u2013\u00a0<a href=\"http:\/\/seed.ap.gov.br\/\" target=\"_blank\" rel=\"noopener\">http:\/\/seed.ap.gov.br<\/a><\/li><li>Secretaria de Ci\u00eancia e Tecnologia do Estado do Amap\u00e1 \u2013\u00a0<a href=\"http:\/\/setec.ap.gov.br\/\" target=\"_blank\" rel=\"noopener\">http:\/\/setec.ap.gov.br<\/a><\/li><li>Portal da Prefeitura Municipal de Macap\u00e1 \u2013\u00a0<a href=\"http:\/\/macapa.ap.gov.br\/\" target=\"_blank\" rel=\"noopener\">http:\/\/macapa.ap.gov.br\/<\/a><\/li><li>Associa\u00e7\u00e3o Brasileira de Hist\u00f3ria Oral \u2013\u00a0<a href=\"http:\/\/www.historiaoral.org.br\/\" target=\"_blank\" rel=\"noopener\">http:\/\/www.historiaoral.org.br<\/a><\/li><\/ul><\/li><\/ul>\t\t\t\t\t\t\t\t<\/div>\n\t\t\t\t<\/div>\n\t\t\t\t\t<\/div>\n\t\t<\/div>\n\t\t\t\t\t<\/div>\n\t\t<\/section>\n\t\t\t\t<\/div>\n\t\t","protected":false},"excerpt":{"rendered":"<p>Contatos Institucionais A seguir, disponibilizam-se contatos institucionais e entidades parceiras que mant\u00eam rela\u00e7\u00e3o direta com a \u00e1rea de Hist\u00f3ria, com a forma\u00e7\u00e3o docente, a pesquisa, a preserva\u00e7\u00e3o da mem\u00f3ria e o desenvolvimento educacional e cultural no \u00e2mbito local, regional e nacional. Esses \u00f3rg\u00e3os e associa\u00e7\u00f5es constituem importantes refer\u00eancias para estudantes, docentes e pesquisadores, contribuindo para&#8230;<\/p>\n","protected":false},"author":930,"featured_media":0,"parent":0,"menu_order":0,"comment_status":"open","ping_status":"closed","template":"","meta":{"inline_featured_image":false,"site-sidebar-layout":"default","site-content-layout":"","ast-site-content-layout":"full-width-container","site-content-style":"default","site-sidebar-style":"default","ast-global-header-display":"","ast-banner-title-visibility":"","ast-main-header-display":"","ast-hfb-above-header-display":"","ast-hfb-below-header-display":"","ast-hfb-mobile-header-display":"","site-post-title":"","ast-breadcrumbs-content":"","ast-featured-img":"","footer-sml-layout":"","theme-transparent-header-meta":"default","adv-header-id-meta":"","stick-header-meta":"","header-above-stick-meta":"","header-main-stick-meta":"","header-below-stick-meta":"","astra-migrate-meta-layouts":"set","ast-page-background-enabled":"default","ast-page-background-meta":{"desktop":{"background-color":"var(--ast-global-color-4)","background-image":"","background-repeat":"repeat","background-position":"center center","background-size":"auto","background-attachment":"scroll","background-type":"","background-media":"","overlay-type":"","overlay-color":"","overlay-opacity":"","overlay-gradient":""},"tablet":{"background-color":"","background-image":"","background-repeat":"repeat","background-position":"center center","background-size":"auto","background-attachment":"scroll","background-type":"","background-media":"","overlay-type":"","overlay-color":"","overlay-opacity":"","overlay-gradient":""},"mobile":{"background-color":"","background-image":"","background-repeat":"repeat","background-position":"center center","background-size":"auto","background-attachment":"scroll","background-type":"","background-media":"","overlay-type":"","overlay-color":"","overlay-opacity":"","overlay-gradient":""}},"ast-content-background-meta":{"desktop":{"background-color":"var(--ast-global-color-5)","background-image":"","background-repeat":"repeat","background-position":"center center","background-size":"auto","background-attachment":"scroll","background-type":"","background-media":"","overlay-type":"","overlay-color":"","overlay-opacity":"","overlay-gradient":""},"tablet":{"background-color":"var(--ast-global-color-5)","background-image":"","background-repeat":"repeat","background-position":"center center","background-size":"auto","background-attachment":"scroll","background-type":"","background-media":"","overlay-type":"","overlay-color":"","overlay-opacity":"","overlay-gradient":""},"mobile":{"background-color":"var(--ast-global-color-5)","background-image":"","background-repeat":"repeat","background-position":"center center","background-size":"auto","background-attachment":"scroll","background-type":"","background-media":"","overlay-type":"","overlay-color":"","overlay-opacity":"","overlay-gradient":""}},"ngg_post_thumbnail":0,"footnotes":""},"folder":[88],"class_list":["post-5635","page","type-page","status-publish","hentry"],"_links":{"self":[{"href":"https:\/\/www2.unifap.br\/historia\/wp-json\/wp\/v2\/pages\/5635","targetHints":{"allow":["GET"]}}],"collection":[{"href":"https:\/\/www2.unifap.br\/historia\/wp-json\/wp\/v2\/pages"}],"about":[{"href":"https:\/\/www2.unifap.br\/historia\/wp-json\/wp\/v2\/types\/page"}],"author":[{"embeddable":true,"href":"https:\/\/www2.unifap.br\/historia\/wp-json\/wp\/v2\/users\/930"}],"replies":[{"embeddable":true,"href":"https:\/\/www2.unifap.br\/historia\/wp-json\/wp\/v2\/comments?post=5635"}],"version-history":[{"count":13,"href":"https:\/\/www2.unifap.br\/historia\/wp-json\/wp\/v2\/pages\/5635\/revisions"}],"predecessor-version":[{"id":5653,"href":"https:\/\/www2.unifap.br\/historia\/wp-json\/wp\/v2\/pages\/5635\/revisions\/5653"}],"wp:attachment":[{"href":"https:\/\/www2.unifap.br\/historia\/wp-json\/wp\/v2\/media?parent=5635"}],"wp:term":[{"taxonomy":"folder","embeddable":true,"href":"https:\/\/www2.unifap.br\/historia\/wp-json\/wp\/v2\/folder?post=5635"}],"curies":[{"name":"wp","href":"https:\/\/api.w.org\/{rel}","templated":true}]}}