{"id":1150,"date":"2017-03-21T16:25:20","date_gmt":"2017-03-21T16:25:20","guid":{"rendered":"http:\/\/www2.unifap.br\/indigena\/?page_id=1150"},"modified":"2017-03-21T16:25:20","modified_gmt":"2017-03-21T16:25:20","slug":"mesa-redonda-dialogos-interculturais-o-protagonismo-indigena-na-historia","status":"publish","type":"page","link":"https:\/\/www2.unifap.br\/indigena\/aacc\/mesa-redonda-dialogos-interculturais-o-protagonismo-indigena-na-historia\/","title":{"rendered":"Mesa-redonda: \u201cDi\u00e1logos Interculturais: o protagonismo ind\u00edgena na Hist\u00f3ria\u201d"},"content":{"rendered":"<p><b>Mesa-redonda: \u201cDi\u00e1logos Interculturais: o protagonismo ind\u00edgena na Hist\u00f3ria\u201d<\/b><\/p>\n<p><b>Data:<\/b> 13 de fevereiro de 2016\u00a0\u00a0\u00a0\u00a0\u00a0\u00a0\u00a0\u00a0\u00a0\u00a0\u00a0\u00a0\u00a0\u00a0\u00a0\u00a0\u00a0\u00a0\u00a0\u00a0\u00a0 <b>C.H.:<\/b> 2 horas<\/p>\n<p><b>Local:<\/b> Campus Binacional do Oiapoque<\/p>\n<p>Esta mesa contou com a participa\u00e7\u00e3o e modera\u00e7\u00e3o da Dra. Carina Santos de Almeida (Licenciatura Intercultural Ind\u00edgena\/UNIFAP), Dra. Fernanda Cristina Encarna\u00e7\u00e3o dos Santos (Letra\/UNIFAP), Dr. Alexandre Alves Cruz Jr. (Hist\u00f3ria\/UNIFAP) e Me. Renan Birro (Hist\u00f3ria\/UNIFAP).<\/p>\n","protected":false},"excerpt":{"rendered":"<p>Mesa-redonda: \u201cDi\u00e1logos Interculturais: o protagonismo ind\u00edgena na Hist\u00f3ria\u201d Data: 13 de fevereiro de 2016\u00a0\u00a0\u00a0\u00a0\u00a0\u00a0\u00a0\u00a0\u00a0\u00a0\u00a0\u00a0\u00a0\u00a0\u00a0\u00a0\u00a0\u00a0\u00a0\u00a0\u00a0 C.H.: 2 horas Local: Campus Binacional do Oiapoque Esta mesa contou com a participa\u00e7\u00e3o e modera\u00e7\u00e3o da Dra. Carina Santos de Almeida (Licenciatura Intercultural Ind\u00edgena\/UNIFAP), Dra. Fernanda Cristina Encarna\u00e7\u00e3o dos Santos (Letra\/UNIFAP), Dr. Alexandre Alves Cruz Jr. (Hist\u00f3ria\/UNIFAP) e Me. Renan&#8230;<\/p>\n","protected":false},"author":824,"featured_media":0,"parent":738,"menu_order":4,"comment_status":"open","ping_status":"open","template":"","meta":{"inline_featured_image":false,"ngg_post_thumbnail":0,"footnotes":""},"class_list":["post-1150","page","type-page","status-publish","hentry","entry"],"_links":{"self":[{"href":"https:\/\/www2.unifap.br\/indigena\/wp-json\/wp\/v2\/pages\/1150","targetHints":{"allow":["GET"]}}],"collection":[{"href":"https:\/\/www2.unifap.br\/indigena\/wp-json\/wp\/v2\/pages"}],"about":[{"href":"https:\/\/www2.unifap.br\/indigena\/wp-json\/wp\/v2\/types\/page"}],"author":[{"embeddable":true,"href":"https:\/\/www2.unifap.br\/indigena\/wp-json\/wp\/v2\/users\/824"}],"replies":[{"embeddable":true,"href":"https:\/\/www2.unifap.br\/indigena\/wp-json\/wp\/v2\/comments?post=1150"}],"version-history":[{"count":1,"href":"https:\/\/www2.unifap.br\/indigena\/wp-json\/wp\/v2\/pages\/1150\/revisions"}],"predecessor-version":[{"id":1151,"href":"https:\/\/www2.unifap.br\/indigena\/wp-json\/wp\/v2\/pages\/1150\/revisions\/1151"}],"up":[{"embeddable":true,"href":"https:\/\/www2.unifap.br\/indigena\/wp-json\/wp\/v2\/pages\/738"}],"wp:attachment":[{"href":"https:\/\/www2.unifap.br\/indigena\/wp-json\/wp\/v2\/media?parent=1150"}],"curies":[{"name":"wp","href":"https:\/\/api.w.org\/{rel}","templated":true}]}}