{"id":1163,"date":"2017-03-21T16:35:06","date_gmt":"2017-03-21T16:35:06","guid":{"rendered":"http:\/\/www2.unifap.br\/indigena\/?page_id=1163"},"modified":"2017-03-21T19:18:08","modified_gmt":"2017-03-21T19:18:08","slug":"mesa-redonda-movimento-indigena-ii","status":"publish","type":"page","link":"https:\/\/www2.unifap.br\/indigena\/aacc\/mesa-redonda-movimento-indigena-ii\/","title":{"rendered":"Mesa-redonda: \u201cMovimento Ind\u00edgena II\u201d"},"content":{"rendered":"<p><b>Mesa-redonda: \u201cMovimento Ind\u00edgena II\u201d<\/b><\/p>\n<p><b>Data:<\/b> 25 de fevereiro de 2017\u00a0\u00a0\u00a0\u00a0\u00a0\u00a0\u00a0\u00a0\u00a0\u00a0\u00a0\u00a0\u00a0\u00a0\u00a0\u00a0\u00a0\u00a0\u00a0\u00a0\u00a0 <b>C.H.:<\/b> 2 horas<\/p>\n<p><b>Local:<\/b> Museu Kuahi\/Oiapoque<\/p>\n<p style=\"text-align: justify\">\u00a0\u00a0\u00a0\u00a0\u00a0\u00a0\u00a0\u00a0\u00a0\u00a0\u00a0\u00a0\u00a0 A mesa-redonda foi moderada pelo discente do CLII Edilan dos Santos, com a participa\u00e7\u00e3o das lideran\u00e7as ind\u00edgenas e discentes do CLII Kuripi Waj\u00e3pi, que falou sobre a Associa\u00e7\u00e3o APINA (Conselho das Aldeias Waj\u00e3pi) e os 20 anos da demarca\u00e7\u00e3o da Terra Ind\u00edgena Waj\u00e3pi; Welisson Narciso e S\u00e9rgio dos Santos discutiram sobre a Sa\u00fade Ind\u00edgena; Welisson Narciso, tamb\u00e9m representando os povos Ind\u00edgenas de Oiapoque, juntamente com Mitore Cristina Tyri\u00f3 Kaxuyana, representando os povos do Paru d\u2019Este e Kutanan Waiana, representando os povos da Terra Ind\u00edgena Parque do Tumucumaque, falaram sobre a Associa\u00e7\u00e3o dos Povos Ind\u00edgenas do Amap\u00e1 e Norte do Par\u00e1 (APOIANP). Na sequ\u00eancia da mesa-redonda Noel dos Santos e Kutanan Waiana trataram sobre a Educa\u00e7\u00e3o Escolar Ind\u00edgena; e Sonia Anik\u00e1 falou sobre a revitaliza\u00e7\u00e3o da Organiza\u00e7\u00e3o dos Professores Ind\u00edgenas do Munic\u00edpio de Oiapoque (OPIMO).<\/p>\n","protected":false},"excerpt":{"rendered":"<p>Mesa-redonda: \u201cMovimento Ind\u00edgena II\u201d Data: 25 de fevereiro de 2017\u00a0\u00a0\u00a0\u00a0\u00a0\u00a0\u00a0\u00a0\u00a0\u00a0\u00a0\u00a0\u00a0\u00a0\u00a0\u00a0\u00a0\u00a0\u00a0\u00a0\u00a0 C.H.: 2 horas Local: Museu Kuahi\/Oiapoque \u00a0\u00a0\u00a0\u00a0\u00a0\u00a0\u00a0\u00a0\u00a0\u00a0\u00a0\u00a0\u00a0 A mesa-redonda foi moderada pelo discente do CLII Edilan dos Santos, com a participa\u00e7\u00e3o das lideran\u00e7as ind\u00edgenas e discentes do CLII Kuripi Waj\u00e3pi, que falou sobre a Associa\u00e7\u00e3o APINA (Conselho das Aldeias Waj\u00e3pi) e os 20 anos da&#8230;<\/p>\n","protected":false},"author":824,"featured_media":0,"parent":738,"menu_order":9,"comment_status":"open","ping_status":"open","template":"","meta":{"inline_featured_image":false,"ngg_post_thumbnail":0,"footnotes":""},"class_list":["post-1163","page","type-page","status-publish","hentry","entry"],"_links":{"self":[{"href":"https:\/\/www2.unifap.br\/indigena\/wp-json\/wp\/v2\/pages\/1163","targetHints":{"allow":["GET"]}}],"collection":[{"href":"https:\/\/www2.unifap.br\/indigena\/wp-json\/wp\/v2\/pages"}],"about":[{"href":"https:\/\/www2.unifap.br\/indigena\/wp-json\/wp\/v2\/types\/page"}],"author":[{"embeddable":true,"href":"https:\/\/www2.unifap.br\/indigena\/wp-json\/wp\/v2\/users\/824"}],"replies":[{"embeddable":true,"href":"https:\/\/www2.unifap.br\/indigena\/wp-json\/wp\/v2\/comments?post=1163"}],"version-history":[{"count":2,"href":"https:\/\/www2.unifap.br\/indigena\/wp-json\/wp\/v2\/pages\/1163\/revisions"}],"predecessor-version":[{"id":1218,"href":"https:\/\/www2.unifap.br\/indigena\/wp-json\/wp\/v2\/pages\/1163\/revisions\/1218"}],"up":[{"embeddable":true,"href":"https:\/\/www2.unifap.br\/indigena\/wp-json\/wp\/v2\/pages\/738"}],"wp:attachment":[{"href":"https:\/\/www2.unifap.br\/indigena\/wp-json\/wp\/v2\/media?parent=1163"}],"curies":[{"name":"wp","href":"https:\/\/api.w.org\/{rel}","templated":true}]}}