{"id":1188,"date":"2017-03-21T17:00:01","date_gmt":"2017-03-21T17:00:01","guid":{"rendered":"http:\/\/www2.unifap.br\/indigena\/?page_id=1188"},"modified":"2024-12-26T15:09:02","modified_gmt":"2024-12-26T15:09:02","slug":"egressos","status":"publish","type":"page","link":"https:\/\/www2.unifap.br\/indigena\/egressos\/","title":{"rendered":"egressos"},"content":{"rendered":"\t\t<div data-elementor-type=\"wp-page\" data-elementor-id=\"1188\" class=\"elementor elementor-1188\">\n\t\t\t\t\t\t<section class=\"elementor-section elementor-top-section elementor-element elementor-element-ae5175d elementor-section-boxed elementor-section-height-default elementor-section-height-default\" data-id=\"ae5175d\" data-element_type=\"section\" data-e-type=\"section\">\n\t\t\t\t\t\t<div class=\"elementor-container elementor-column-gap-default\">\n\t\t\t\t\t<div class=\"elementor-column elementor-col-100 elementor-top-column elementor-element elementor-element-12988c0\" data-id=\"12988c0\" data-element_type=\"column\" data-e-type=\"column\">\n\t\t\t<div class=\"elementor-widget-wrap elementor-element-populated\">\n\t\t\t\t\t\t<div class=\"elementor-element elementor-element-80681ee elementor-widget elementor-widget-heading\" data-id=\"80681ee\" data-element_type=\"widget\" data-e-type=\"widget\" data-widget_type=\"heading.default\">\n\t\t\t\t<div class=\"elementor-widget-container\">\n\t\t\t\t\t<h2 class=\"elementor-heading-title elementor-size-default\">Questionario aplicado aos egressos<\/h2>\t\t\t\t<\/div>\n\t\t\t\t<\/div>\n\t\t\t\t<div class=\"elementor-element elementor-element-ebc8aad elementor-widget elementor-widget-text-editor\" data-id=\"ebc8aad\" data-element_type=\"widget\" data-e-type=\"widget\" data-widget_type=\"text-editor.default\">\n\t\t\t\t<div class=\"elementor-widget-container\">\n\t\t\t\t\t\t\t\t\t<p>Conhe\u00e7a os questionarios aplicados aos egressos<\/p>\t\t\t\t\t\t\t\t<\/div>\n\t\t\t\t<\/div>\n\t\t\t\t<div class=\"elementor-element elementor-element-c5db458 elementor-widget elementor-widget-button\" data-id=\"c5db458\" data-element_type=\"widget\" data-e-type=\"widget\" data-widget_type=\"button.default\">\n\t\t\t\t<div class=\"elementor-widget-container\">\n\t\t\t\t\t\t\t\t\t<div class=\"elementor-button-wrapper\">\n\t\t\t\t\t<a class=\"elementor-button elementor-button-link elementor-size-sm\" href=\"https:\/\/drive.google.com\/file\/d\/1wTe4-TPsgK0G_ht-xZfl2f_3jNfXSk9_\/view\" target=\"_blank\">\n\t\t\t\t\t\t<span class=\"elementor-button-content-wrapper\">\n\t\t\t\t\t\t\t\t\t<span class=\"elementor-button-text\">Clique aqui para ver o rel\u00e1torios dos egressos<\/span>\n\t\t\t\t\t<\/span>\n\t\t\t\t\t<\/a>\n\t\t\t\t<\/div>\n\t\t\t\t\t\t\t\t<\/div>\n\t\t\t\t<\/div>\n\t\t\t\t\t<\/div>\n\t\t<\/div>\n\t\t\t\t\t<\/div>\n\t\t<\/section>\n\t\t\t\t<section class=\"elementor-section elementor-top-section elementor-element elementor-element-f2bff6f elementor-section-boxed elementor-section-height-default elementor-section-height-default\" data-id=\"f2bff6f\" data-element_type=\"section\" data-e-type=\"section\">\n\t\t\t\t\t\t<div class=\"elementor-container elementor-column-gap-default\">\n\t\t\t\t\t<div class=\"elementor-column elementor-col-100 elementor-top-column elementor-element elementor-element-cf7df74\" data-id=\"cf7df74\" data-element_type=\"column\" data-e-type=\"column\">\n\t\t\t<div class=\"elementor-widget-wrap elementor-element-populated\">\n\t\t\t\t\t\t<div class=\"elementor-element elementor-element-fd6abab elementor-widget elementor-widget-heading\" data-id=\"fd6abab\" data-element_type=\"widget\" data-e-type=\"widget\" data-widget_type=\"heading.default\">\n\t\t\t\t<div class=\"elementor-widget-container\">\n\t\t\t\t\t<h2 class=\"elementor-heading-title elementor-size-default\">Depoimento dos Egressos<\/h2>\t\t\t\t<\/div>\n\t\t\t\t<\/div>\n\t\t\t\t\t<\/div>\n\t\t<\/div>\n\t\t\t\t\t<\/div>\n\t\t<\/section>\n\t\t\t\t<section class=\"elementor-section elementor-top-section elementor-element elementor-element-a838468 elementor-section-boxed elementor-section-height-default elementor-section-height-default\" data-id=\"a838468\" data-element_type=\"section\" data-e-type=\"section\">\n\t\t\t\t\t\t<div class=\"elementor-container elementor-column-gap-default\">\n\t\t\t\t\t<div class=\"elementor-column elementor-col-50 elementor-top-column elementor-element elementor-element-d0bcda0\" data-id=\"d0bcda0\" data-element_type=\"column\" data-e-type=\"column\">\n\t\t\t<div class=\"elementor-widget-wrap elementor-element-populated\">\n\t\t\t\t\t\t<div class=\"elementor-element elementor-element-1d3b5f1 elementor-widget elementor-widget-video\" data-id=\"1d3b5f1\" data-element_type=\"widget\" data-e-type=\"widget\" data-settings=\"{&quot;video_type&quot;:&quot;hosted&quot;,&quot;controls&quot;:&quot;yes&quot;}\" data-widget_type=\"video.default\">\n\t\t\t\t<div class=\"elementor-widget-container\">\n\t\t\t\t\t\t\t<div class=\"e-hosted-video elementor-wrapper elementor-open-inline\">\n\t\t\t\t\t<video class=\"elementor-video\" src=\"http:\/\/www2.unifap.br\/indigena\/files\/2024\/12\/janina-2-1.mp4\" controls=\"\" preload=\"metadata\" controlsList=\"nodownload\"><\/video>\n\t\t\t\t<\/div>\n\t\t\t\t\t\t<\/div>\n\t\t\t\t<\/div>\n\t\t\t\t\t<\/div>\n\t\t<\/div>\n\t\t\t\t<div class=\"elementor-column elementor-col-50 elementor-top-column elementor-element elementor-element-5a9aa30\" data-id=\"5a9aa30\" data-element_type=\"column\" data-e-type=\"column\">\n\t\t\t<div class=\"elementor-widget-wrap elementor-element-populated\">\n\t\t\t\t\t\t<div class=\"elementor-element elementor-element-7ad4de8 elementor-widget elementor-widget-text-editor\" data-id=\"7ad4de8\" data-element_type=\"widget\" data-e-type=\"widget\" data-widget_type=\"text-editor.default\">\n\t\t\t\t<div class=\"elementor-widget-container\">\n\t\t\t\t\t\t\t\t\t<p>JANINA DOS SANTOS FORTE\u00a0<\/p><p>Mestre em Letras pela Universidade Federal do Amap\u00e1. Graduada no Curso de Licenciatura Intercultural Ind\u00edgena, \u00c1rea de Linguagens e C\u00f3digos, pela Universidade Federal do Amap\u00e1, turma 2021. Foi bolsista do Programa de Educa\u00e7\u00e3o Tutorial Ind\u00edgena (PETI). Presidente da Associa\u00e7\u00e3o das Mulheres Ind\u00edgenas em Mutir\u00e3o (AMIM) e Cacica da Aldeia Esp\u00edrito Santo. Tem experi\u00eancia na \u00e1rea de Letras, L\u00edngua Kheuol, Cultura, Educa\u00e7\u00e3o e Pol\u00edtica Ind\u00edgena.\u00a0<\/p><p>\u00a0<a href=\"http:\/\/lattes.cnpq.br\/0812688179380429\">http:\/\/lattes.cnpq.br\/0812688179380429<\/a><\/p>\t\t\t\t\t\t\t\t<\/div>\n\t\t\t\t<\/div>\n\t\t\t\t\t<\/div>\n\t\t<\/div>\n\t\t\t\t\t<\/div>\n\t\t<\/section>\n\t\t\t\t<section class=\"elementor-section elementor-top-section elementor-element elementor-element-9547a5a elementor-section-boxed elementor-section-height-default elementor-section-height-default\" data-id=\"9547a5a\" data-element_type=\"section\" data-e-type=\"section\">\n\t\t\t\t\t\t<div class=\"elementor-container elementor-column-gap-default\">\n\t\t\t\t\t<div class=\"elementor-column elementor-col-50 elementor-top-column elementor-element elementor-element-c4ca5aa\" data-id=\"c4ca5aa\" data-element_type=\"column\" data-e-type=\"column\">\n\t\t\t<div class=\"elementor-widget-wrap elementor-element-populated\">\n\t\t\t\t\t\t<div class=\"elementor-element elementor-element-0b19a6b elementor-widget elementor-widget-video\" data-id=\"0b19a6b\" data-element_type=\"widget\" data-e-type=\"widget\" data-settings=\"{&quot;video_type&quot;:&quot;hosted&quot;,&quot;controls&quot;:&quot;yes&quot;}\" data-widget_type=\"video.default\">\n\t\t\t\t<div class=\"elementor-widget-container\">\n\t\t\t\t\t\t\t<div class=\"e-hosted-video elementor-wrapper elementor-open-inline\">\n\t\t\t\t\t<video class=\"elementor-video\" src=\"http:\/\/www2.unifap.br\/indigena\/files\/2024\/12\/depoimento-jaciara_ZD2udW3T.mp4\" controls=\"\" preload=\"metadata\" controlsList=\"nodownload\"><\/video>\n\t\t\t\t<\/div>\n\t\t\t\t\t\t<\/div>\n\t\t\t\t<\/div>\n\t\t\t\t\t<\/div>\n\t\t<\/div>\n\t\t\t\t<div class=\"elementor-column elementor-col-50 elementor-top-column elementor-element elementor-element-c3560e4\" data-id=\"c3560e4\" data-element_type=\"column\" data-e-type=\"column\">\n\t\t\t<div class=\"elementor-widget-wrap elementor-element-populated\">\n\t\t\t\t\t\t<div class=\"elementor-element elementor-element-d8088ae elementor-widget elementor-widget-text-editor\" data-id=\"d8088ae\" data-element_type=\"widget\" data-e-type=\"widget\" data-widget_type=\"text-editor.default\">\n\t\t\t\t<div class=\"elementor-widget-container\">\n\t\t\t\t\t\t\t\t\t<p>JACIARA SANTOS DA SILVA<br \/>Possui gradua\u00e7\u00e3o em Licenciatura Intercultural Ind\u00edgena pela Universidade Federal do Amap\u00e1 &#8211; turma 2007, com P\u00f3s-Gradua\u00e7\u00e3o Lato Sensu em Metodologia do Ensino da L\u00edngua Portuguesa e Literatura e Mestrado em Letras pelo Programa de P\u00f3s-Gradua\u00e7\u00e3o da UNIFAP\/PPGLET. Atualmente \u00e9 professora da Secretaria de Estado de Educa\u00e7\u00e3o do Amap\u00e1. Tem experi\u00eancia docente no ensino de l\u00ednguas portuguesa e l\u00edngua ind\u00edgena Kheu\u00f3l Galibi-Marworno. \u00c9 membro-fundadora da Associa\u00e7\u00e3o de Professores Ind\u00edgena do Munic\u00edpio de Oiapoque (OPIMO). \u00c9 membro do N\u00facleo de Estudos de L\u00ednguas Ind\u00edgenas da Universidade Federal do Amap\u00e1 (NELI-UNIFAP\/CNPq).<br \/><a href=\"http:\/\/lattes.cnpq.br\/6085585073370623\">http:\/\/lattes.cnpq.br\/6085585073370623<\/a><\/p>\t\t\t\t\t\t\t\t<\/div>\n\t\t\t\t<\/div>\n\t\t\t\t\t<\/div>\n\t\t<\/div>\n\t\t\t\t\t<\/div>\n\t\t<\/section>\n\t\t\t\t<section class=\"elementor-section elementor-top-section elementor-element elementor-element-a0ca233 elementor-section-boxed elementor-section-height-default elementor-section-height-default\" data-id=\"a0ca233\" data-element_type=\"section\" data-e-type=\"section\">\n\t\t\t\t\t\t<div class=\"elementor-container elementor-column-gap-default\">\n\t\t\t\t\t<div class=\"elementor-column elementor-col-50 elementor-top-column elementor-element elementor-element-a33cc06\" data-id=\"a33cc06\" data-element_type=\"column\" data-e-type=\"column\">\n\t\t\t<div class=\"elementor-widget-wrap elementor-element-populated\">\n\t\t\t\t\t\t<div class=\"elementor-element elementor-element-5f1404b elementor-widget elementor-widget-video\" data-id=\"5f1404b\" data-element_type=\"widget\" data-e-type=\"widget\" data-settings=\"{&quot;video_type&quot;:&quot;hosted&quot;,&quot;controls&quot;:&quot;yes&quot;}\" data-widget_type=\"video.default\">\n\t\t\t\t<div class=\"elementor-widget-container\">\n\t\t\t\t\t\t\t<div class=\"e-hosted-video elementor-wrapper elementor-open-inline\">\n\t\t\t\t\t<video class=\"elementor-video\" src=\"http:\/\/www2.unifap.br\/indigena\/files\/2024\/12\/depoimento-jackson_aDeQQoCj.mp4\" controls=\"\" preload=\"metadata\" controlsList=\"nodownload\"><\/video>\n\t\t\t\t<\/div>\n\t\t\t\t\t\t<\/div>\n\t\t\t\t<\/div>\n\t\t\t\t\t<\/div>\n\t\t<\/div>\n\t\t\t\t<div class=\"elementor-column elementor-col-50 elementor-top-column elementor-element elementor-element-05cf7c8\" data-id=\"05cf7c8\" data-element_type=\"column\" data-e-type=\"column\">\n\t\t\t<div class=\"elementor-widget-wrap elementor-element-populated\">\n\t\t\t\t\t\t<div class=\"elementor-element elementor-element-b5cb1e6 elementor-widget elementor-widget-text-editor\" data-id=\"b5cb1e6\" data-element_type=\"widget\" data-e-type=\"widget\" data-widget_type=\"text-editor.default\">\n\t\t\t\t<div class=\"elementor-widget-container\">\n\t\t\t\t\t\t\t\t\t<p>JACSON DA PAIX\u00c3O SANTOS<\/p><p>Possui gradua\u00e7\u00e3o em Licenciatura Intercultural Ind\u00edgena pela Universidade Federal do Amap\u00e1, turma 2011. \u00c9 professor e cacique da aldeia Santa Izabel.<\/p>\t\t\t\t\t\t\t\t<\/div>\n\t\t\t\t<\/div>\n\t\t\t\t\t<\/div>\n\t\t<\/div>\n\t\t\t\t\t<\/div>\n\t\t<\/section>\n\t\t\t\t<\/div>\n\t\t","protected":false},"excerpt":{"rendered":"<p>Questionario aplicado aos egressos Conhe\u00e7a os questionarios aplicados aos egressos Clique aqui para ver o rel\u00e1torios dos egressos Depoimento dos Egressos http:\/\/www2.unifap.br\/indigena\/files\/2024\/12\/janina-2-1.mp4 JANINA DOS SANTOS FORTE&nbsp; Mestre em Letras pela Universidade Federal do Amap\u00e1. Graduada no Curso de Licenciatura Intercultural Ind\u00edgena, \u00c1rea de Linguagens e C\u00f3digos, pela Universidade Federal do Amap\u00e1, turma 2021. Foi bolsista&#8230;<\/p>\n","protected":false},"author":824,"featured_media":0,"parent":0,"menu_order":9,"comment_status":"open","ping_status":"closed","template":"","meta":{"inline_featured_image":false,"ngg_post_thumbnail":0,"footnotes":""},"class_list":["post-1188","page","type-page","status-publish","hentry","entry"],"_links":{"self":[{"href":"https:\/\/www2.unifap.br\/indigena\/wp-json\/wp\/v2\/pages\/1188","targetHints":{"allow":["GET"]}}],"collection":[{"href":"https:\/\/www2.unifap.br\/indigena\/wp-json\/wp\/v2\/pages"}],"about":[{"href":"https:\/\/www2.unifap.br\/indigena\/wp-json\/wp\/v2\/types\/page"}],"author":[{"embeddable":true,"href":"https:\/\/www2.unifap.br\/indigena\/wp-json\/wp\/v2\/users\/824"}],"replies":[{"embeddable":true,"href":"https:\/\/www2.unifap.br\/indigena\/wp-json\/wp\/v2\/comments?post=1188"}],"version-history":[{"count":21,"href":"https:\/\/www2.unifap.br\/indigena\/wp-json\/wp\/v2\/pages\/1188\/revisions"}],"predecessor-version":[{"id":3337,"href":"https:\/\/www2.unifap.br\/indigena\/wp-json\/wp\/v2\/pages\/1188\/revisions\/3337"}],"wp:attachment":[{"href":"https:\/\/www2.unifap.br\/indigena\/wp-json\/wp\/v2\/media?parent=1188"}],"curies":[{"name":"wp","href":"https:\/\/api.w.org\/{rel}","templated":true}]}}