{"id":1208,"date":"2017-03-21T18:52:04","date_gmt":"2017-03-21T18:52:04","guid":{"rendered":"http:\/\/www2.unifap.br\/indigena\/?page_id=1208"},"modified":"2023-05-17T00:47:05","modified_gmt":"2023-05-17T00:47:05","slug":"documentos-e-formularios","status":"publish","type":"page","link":"https:\/\/www2.unifap.br\/indigena\/documentos-e-formularios\/","title":{"rendered":"DOCUMENTOS E FORMUL\u00c1RIOS"},"content":{"rendered":"<p>Aqui est\u00e3o disponibilizados os links para os Documentos e Formul\u00e1rios utilizados pelo CLII. Click no link para fazer download.<\/p>\n<p>1. Requerimento de Orientador de TCC:\u00a0<a href=\"http:\/\/www2.unifap.br\/indigena\/files\/2016\/11\/Requerimento-TCC-Modelo.docx\">Requerimento TCC &#8211; Modelo<\/a><\/p>\n<p>2. Modelo de relat\u00f3rio &#8211; PROLIND: <a href=\"http:\/\/www2.unifap.br\/indigena\/files\/2023\/05\/RELATORIO-DESCRITIVO-DAS-ATIVIDADES-DESENVOLVIDAS-PROLIND.docx\">RELAT\u00d3RIO DESCRITIVO DAS ATIVIDADES DESENVOLVIDAS &#8211; PROLIND<\/a><\/p>\n<p>3. Modelo de formul\u00e1rio di\u00e1rias PROLIND &#8211;\u00a0<a href=\"http:\/\/www2.unifap.br\/indigena\/files\/2023\/05\/FORMULARIO-DE-DIARIA-PROLIND.docx\">FORMULARIO DE DIARIA-PROLIND<\/a><\/p>\n<p>&nbsp;<\/p>\n<p>&nbsp;<\/p>\n","protected":false},"excerpt":{"rendered":"<p>Aqui est\u00e3o disponibilizados os links para os Documentos e Formul\u00e1rios utilizados pelo CLII. Click no link para fazer download. 1. Requerimento de Orientador de TCC:\u00a0Requerimento TCC &#8211; Modelo 2. Modelo de relat\u00f3rio &#8211; PROLIND: RELAT\u00d3RIO DESCRITIVO DAS ATIVIDADES DESENVOLVIDAS &#8211; PROLIND 3. Modelo de formul\u00e1rio di\u00e1rias PROLIND &#8211;\u00a0FORMULARIO DE DIARIA-PROLIND &nbsp; &nbsp;<\/p>\n","protected":false},"author":824,"featured_media":0,"parent":0,"menu_order":10,"comment_status":"open","ping_status":"open","template":"","meta":{"inline_featured_image":false,"ngg_post_thumbnail":0,"footnotes":""},"class_list":["post-1208","page","type-page","status-publish","hentry","entry"],"_links":{"self":[{"href":"https:\/\/www2.unifap.br\/indigena\/wp-json\/wp\/v2\/pages\/1208","targetHints":{"allow":["GET"]}}],"collection":[{"href":"https:\/\/www2.unifap.br\/indigena\/wp-json\/wp\/v2\/pages"}],"about":[{"href":"https:\/\/www2.unifap.br\/indigena\/wp-json\/wp\/v2\/types\/page"}],"author":[{"embeddable":true,"href":"https:\/\/www2.unifap.br\/indigena\/wp-json\/wp\/v2\/users\/824"}],"replies":[{"embeddable":true,"href":"https:\/\/www2.unifap.br\/indigena\/wp-json\/wp\/v2\/comments?post=1208"}],"version-history":[{"count":6,"href":"https:\/\/www2.unifap.br\/indigena\/wp-json\/wp\/v2\/pages\/1208\/revisions"}],"predecessor-version":[{"id":2063,"href":"https:\/\/www2.unifap.br\/indigena\/wp-json\/wp\/v2\/pages\/1208\/revisions\/2063"}],"wp:attachment":[{"href":"https:\/\/www2.unifap.br\/indigena\/wp-json\/wp\/v2\/media?parent=1208"}],"curies":[{"name":"wp","href":"https:\/\/api.w.org\/{rel}","templated":true}]}}