{"id":1440,"date":"2019-05-25T18:15:59","date_gmt":"2019-05-25T18:15:59","guid":{"rendered":"http:\/\/www2.unifap.br\/indigena\/?page_id=1440"},"modified":"2019-05-25T18:15:59","modified_gmt":"2019-05-25T18:15:59","slug":"kayka-aramtem-referencias-significacoes-e-recriacoes-do-ritual-do-sabio-wet","status":"publish","type":"page","link":"https:\/\/www2.unifap.br\/indigena\/pesquisa-2\/projetos-de-pesquisa-concluidos\/kayka-aramtem-referencias-significacoes-e-recriacoes-do-ritual-do-sabio-wet\/","title":{"rendered":"KAYKA ARAMTEM: Refer\u00eancias, Significa\u00e7\u00f5es e Recria\u00e7\u00f5es do ritual do s\u00e1bio Wet"},"content":{"rendered":"<p>Este projeto de pesquisa consistiu em estudar, registrar e documentar o ritual da Kayka Aramtem, conhecido entre os povos ind\u00edgenas do Oiapoque como Tur\u00e9. Para tanto a equipe realizou o registro audiovisual dos preparativos da Kayka at\u00e9 seu encerramento, que ocorre com a retirada do mastro. Este registro conta com o apoio t\u00e9cnico do Museu do \u00cdndio &#8211; RJ . O projeto visa tamb\u00e9m organizar e sistematizar estes registros em forma de acervo documental a ser disponibilizado ao povo Palikur-Arukwayene atrav\u00e9s do NIRAKAH. Al\u00e9m disso, pretende discutir a bibliografia e a produ\u00e7\u00e3o existente sobre o Tur\u00e9 e reinterpretar os significados que os Palikur-Arukwayene atribuem a esse ritual nos tempos atuais.<\/p>\n<p>Equipe de pesquisa: Elissandra Barros da Silva &#8211; Coordenador\/ Ramiro Esdras Carneiro Batista &#8211; Integrante \/ Adonias Guiome Ioi\u00f4 &#8211; Integrante \/ Carina Santos de Almeida &#8211; Integrante \/ Josieldo Labont\u00ea Orlando &#8211; Integrante.<\/p>\n","protected":false},"excerpt":{"rendered":"<p>Este projeto de pesquisa consistiu em estudar, registrar e documentar o ritual da Kayka Aramtem, conhecido entre os povos ind\u00edgenas do Oiapoque como Tur\u00e9. Para tanto a equipe realizou o registro audiovisual dos preparativos da Kayka at\u00e9 seu encerramento, que ocorre com a retirada do mastro. Este registro conta com o apoio t\u00e9cnico do Museu&#8230;<\/p>\n","protected":false},"author":818,"featured_media":0,"parent":1095,"menu_order":0,"comment_status":"closed","ping_status":"closed","template":"","meta":{"inline_featured_image":false,"ngg_post_thumbnail":0,"footnotes":""},"class_list":["post-1440","page","type-page","status-publish","hentry","entry"],"_links":{"self":[{"href":"https:\/\/www2.unifap.br\/indigena\/wp-json\/wp\/v2\/pages\/1440","targetHints":{"allow":["GET"]}}],"collection":[{"href":"https:\/\/www2.unifap.br\/indigena\/wp-json\/wp\/v2\/pages"}],"about":[{"href":"https:\/\/www2.unifap.br\/indigena\/wp-json\/wp\/v2\/types\/page"}],"author":[{"embeddable":true,"href":"https:\/\/www2.unifap.br\/indigena\/wp-json\/wp\/v2\/users\/818"}],"replies":[{"embeddable":true,"href":"https:\/\/www2.unifap.br\/indigena\/wp-json\/wp\/v2\/comments?post=1440"}],"version-history":[{"count":2,"href":"https:\/\/www2.unifap.br\/indigena\/wp-json\/wp\/v2\/pages\/1440\/revisions"}],"predecessor-version":[{"id":1442,"href":"https:\/\/www2.unifap.br\/indigena\/wp-json\/wp\/v2\/pages\/1440\/revisions\/1442"}],"up":[{"embeddable":true,"href":"https:\/\/www2.unifap.br\/indigena\/wp-json\/wp\/v2\/pages\/1095"}],"wp:attachment":[{"href":"https:\/\/www2.unifap.br\/indigena\/wp-json\/wp\/v2\/media?parent=1440"}],"curies":[{"name":"wp","href":"https:\/\/api.w.org\/{rel}","templated":true}]}}