{"id":1443,"date":"2019-05-25T18:17:13","date_gmt":"2019-05-25T18:17:13","guid":{"rendered":"http:\/\/www2.unifap.br\/indigena\/?page_id=1443"},"modified":"2020-07-04T18:08:57","modified_gmt":"2020-07-04T18:08:57","slug":"kayka-aramtem-saber-e-tradicao-de-um-sabio-arukwayene","status":"publish","type":"page","link":"https:\/\/www2.unifap.br\/indigena\/pesquisa-2\/projetos-de-professores-do-curso-2\/kayka-aramtem-saber-e-tradicao-de-um-sabio-arukwayene\/","title":{"rendered":"Porjeto &#8220;Kayka Aramtem: saber e tradi\u00e7\u00e3o de um s\u00e1bio Arukwayene&#8221;"},"content":{"rendered":"<h3>Kayka Aramtem: saber e tradi\u00e7\u00e3o de um s\u00e1bio Arukwayene<\/h3>\n<p>Registrado no DPq\/UNIFAP &#8211; n.\u00ba PVO714-2018<\/p>\n<p>Resumo: Em novembro de 2016 o s\u00e1bio Wet realizou com os Palikur-Arukwayene, na Aldeia Mawihg (Terra Ind\u00edgena Ua\u00e7\u00e1, Oiapoque-AP), o ritual da Kayka Aramtem. Antes do ritual o s\u00e1bio solicitou apoio do N\u00facleo Kusuvwi de Estudos Palikur-Arukwayene, que entrou em contato com o Museu do \u00cdndio no Rio de Janeiro e a FUNAI. Com isso, o Museu do \u00cdndio gravou todo o ritual, que foi cedido para o NUKEPA, a pedido dos Palikur-Arukwayene, que solicitaram a realiza\u00e7\u00e3o de um document\u00e1rio, uma vez que esse \u00e9 o \u00fanico registro da Kayka. Assim, este projeto visa organizar e sistematizar estes registros em forma de acervo documental a ser disponibilizado ao povo Palikur-Arukwayene, al\u00e9m disso, pretende produzir um document\u00e1rio sobre a Kayka e a mem\u00f3ria do nosso grande s\u00e1bio Wet. Registro: PVO714-2018 &#8211; UNIFAP.<\/p>\n<p><strong>Equipe de pesquisa:<\/strong> Elissandra Barros da Silva &#8211; Coordenador \/ Carina Santos de Almeida &#8211; vice-coordenador \/ Lenise Batista &#8211; bolsista \/ Keyla Labont\u00ea &#8211; bolsista \/ Jeremias Batista Labont\u00ea &#8211; bolsista \/ Vivaldo Ioi\u00f4 Iaparr\u00e1 &#8211; Integrante \/\u00a0 Josieldo Labont\u00ea Orlando &#8211; Integrante.<\/p>\n","protected":false},"excerpt":{"rendered":"<p>Kayka Aramtem: saber e tradi\u00e7\u00e3o de um s\u00e1bio Arukwayene Registrado no DPq\/UNIFAP &#8211; n.\u00ba PVO714-2018 Resumo: Em novembro de 2016 o s\u00e1bio Wet realizou com os Palikur-Arukwayene, na Aldeia Mawihg (Terra Ind\u00edgena Ua\u00e7\u00e1, Oiapoque-AP), o ritual da Kayka Aramtem. Antes do ritual o s\u00e1bio solicitou apoio do N\u00facleo Kusuvwi de Estudos Palikur-Arukwayene, que entrou em&#8230;<\/p>\n","protected":false},"author":818,"featured_media":0,"parent":898,"menu_order":0,"comment_status":"closed","ping_status":"closed","template":"","meta":{"inline_featured_image":false,"ngg_post_thumbnail":0,"footnotes":""},"class_list":["post-1443","page","type-page","status-publish","hentry","entry"],"_links":{"self":[{"href":"https:\/\/www2.unifap.br\/indigena\/wp-json\/wp\/v2\/pages\/1443","targetHints":{"allow":["GET"]}}],"collection":[{"href":"https:\/\/www2.unifap.br\/indigena\/wp-json\/wp\/v2\/pages"}],"about":[{"href":"https:\/\/www2.unifap.br\/indigena\/wp-json\/wp\/v2\/types\/page"}],"author":[{"embeddable":true,"href":"https:\/\/www2.unifap.br\/indigena\/wp-json\/wp\/v2\/users\/818"}],"replies":[{"embeddable":true,"href":"https:\/\/www2.unifap.br\/indigena\/wp-json\/wp\/v2\/comments?post=1443"}],"version-history":[{"count":3,"href":"https:\/\/www2.unifap.br\/indigena\/wp-json\/wp\/v2\/pages\/1443\/revisions"}],"predecessor-version":[{"id":1668,"href":"https:\/\/www2.unifap.br\/indigena\/wp-json\/wp\/v2\/pages\/1443\/revisions\/1668"}],"up":[{"embeddable":true,"href":"https:\/\/www2.unifap.br\/indigena\/wp-json\/wp\/v2\/pages\/898"}],"wp:attachment":[{"href":"https:\/\/www2.unifap.br\/indigena\/wp-json\/wp\/v2\/media?parent=1443"}],"curies":[{"name":"wp","href":"https:\/\/api.w.org\/{rel}","templated":true}]}}