{"id":1582,"date":"2020-07-04T15:18:47","date_gmt":"2020-07-04T15:18:47","guid":{"rendered":"http:\/\/www2.unifap.br\/indigena\/?page_id=1582"},"modified":"2024-12-26T13:47:41","modified_gmt":"2024-12-26T13:47:41","slug":"coordenacao-de-curso","status":"publish","type":"page","link":"https:\/\/www2.unifap.br\/indigena\/coordenacao-de-curso\/","title":{"rendered":"COORDENA\u00c7\u00c3O DE CURSO"},"content":{"rendered":"<p>A Coordena\u00e7\u00e3o de Curso tem gest\u00e3o colegiada, participativa e comunit\u00e1ria, sendo realizada considerando a autoavalia\u00e7\u00e3o institucional e o resultado das avalia\u00e7\u00f5es externas como insumo para aprimoramento cont\u00ednuo do planejamento do Curso, com evid\u00eancia da apropria\u00e7\u00e3o dos resultados pela comunidade acad\u00eamica, atrav\u00e9s de processo de autoavalia\u00e7\u00e3o peri\u00f3dica do Curso.<br \/>\nA Coordena\u00e7\u00e3o de curso \u00e9 formada pelo: Coordenador(a) de curso, Vice coordenador(a) de curso e servidores lotados na coordena\u00e7\u00e3o.<\/p>\n<p><strong>Gest\u00e3o 03\/2024 \u2013 03\/2025:<\/strong> Profa. Dra. Gelsama Mara F. Santos (Coordenadora) e Profa. Dra Solange Rodrigues Silva (Vice-Coordenadora)<br \/>\n<strong>Gest\u00e3o 09\/2023 \u2013 02\/2024 :<\/strong> Profa. Dra Solange Rodrigues Silva (Coordenadora) e Profa. Dra. Gelsama Mara F. Santos (Vice-Coordenadora)<br \/>\n<strong>Gest\u00e3o 09\/2022 \u2013 08\/2023 :<\/strong> Profa. Dra. Gelsama Mara F. Santos (Coordenadora) e Profa. Dra Solange Rodrigues Silva (Vice-Coordenadora)<br \/>\n<strong>Gest\u00e3o 05\/2022 \u2013 08\/2022 :<\/strong> Profa. Dra. Maria Adriana Leite (Coordenadora) e Profa. Dra Solange Rodrigues Silva (Vice-Coordenadora)<\/p>\n<p><strong>Gest\u00e3o 10\/2020 \u2013 12\/2021:<\/strong>&nbsp;Profa. Da. Carina Santos de Almeida (Coordenadora) e&nbsp;Profa. Dra Elissandra Barros da Silva (Vice-Coordenadora)<\/p>\n<p><strong>Gest\u00e3o 04\/2019 \u2013 09\/2020: <\/strong>Profa. Da. Janielle da Silva Melo da Cunha (Coordenadora) e Profa. Ma. Maria Adriana Leite (Vice-Coordenadora)<\/p>\n<p><strong>Gest\u00e3o 10\/2018 \u2013 03\/2019:<\/strong> Profa. Ma. Maria Adriana Leite (Coordenadora) e Profa. Dra. Janielle da Silva Melo da Cunha (Vice-Coordenadora)<\/p>\n<p><strong>Gest\u00e3o 04\/2017 \u2013 09\/2018:<\/strong> Profa. Ma. Rosilene Cruz de Ara\u00fajo&nbsp;(Coordenadora) e Profa. Ma. Evilania Bento da Cunha (Vice-Coordenadora)<\/p>\n<p><strong>Gest\u00e3o 08\/2016 \u2013 03\/2017:<\/strong> Prof. Dr. Glauber Romling da Silva (Coordenador) e Profa. Ma. Rosilene Cruz de Ara\u00fajo (Vice-Coordenadora)<\/p>\n<p><strong>Gest\u00e3o 03\/2014 \u2013 07\/2016: <\/strong>Profa. Dra. Cilene Campetela (Coordenadora) e&nbsp;Profa. Dra. Carina Santos de Almeida&nbsp;(Vice-Coordenadora)<\/p>\n<p><strong>Gest\u00e3o 04\/2013- 03\/2014:<\/strong>&nbsp;Profa. Ma. Jussara de Pinho Barreiros (Coordenadora).<\/p>\n<p><strong>Gest\u00e3o 08\/2012 -03\/2013:<\/strong>&nbsp;Prof. Me. Adilson Mendes (Coordenador) e Profa. Ma. Marina Te\u00f3filo Pignati (Vice-Coordenadora).<\/p>\n<p><strong>Gest\u00e3o 05\/2010 \u2013 07\/2012:<\/strong>&nbsp;Profa. Ma.&nbsp; Meire Adriana da Silva (Coordenadora) e Profa. Ma. Rejane Aparecida Rodrigues Candado (Vice-Coordenadora).<\/p>\n<p><strong>Gest\u00e3o 07\/2007 \u2013 04\/2010: <\/strong>&nbsp;Prof. Jo\u00e3o Beneilson Maia Gatinho (Coordenador) e Profa. Esp. Sandra do Socorro Almeida Monteiro (Vice-Coordenadora).<\/p>\n","protected":false},"excerpt":{"rendered":"<p>A Coordena\u00e7\u00e3o de Curso tem gest\u00e3o colegiada, participativa e comunit\u00e1ria, sendo realizada considerando a autoavalia\u00e7\u00e3o institucional e o resultado das avalia\u00e7\u00f5es externas como insumo para aprimoramento cont\u00ednuo do planejamento do Curso, com evid\u00eancia da apropria\u00e7\u00e3o dos resultados pela comunidade acad\u00eamica, atrav\u00e9s de processo de autoavalia\u00e7\u00e3o peri\u00f3dica do Curso. A Coordena\u00e7\u00e3o de curso \u00e9 formada pelo:&#8230;<\/p>\n","protected":false},"author":818,"featured_media":0,"parent":0,"menu_order":0,"comment_status":"closed","ping_status":"closed","template":"","meta":{"inline_featured_image":false,"ngg_post_thumbnail":0,"footnotes":""},"class_list":["post-1582","page","type-page","status-publish","hentry","entry"],"_links":{"self":[{"href":"https:\/\/www2.unifap.br\/indigena\/wp-json\/wp\/v2\/pages\/1582","targetHints":{"allow":["GET"]}}],"collection":[{"href":"https:\/\/www2.unifap.br\/indigena\/wp-json\/wp\/v2\/pages"}],"about":[{"href":"https:\/\/www2.unifap.br\/indigena\/wp-json\/wp\/v2\/types\/page"}],"author":[{"embeddable":true,"href":"https:\/\/www2.unifap.br\/indigena\/wp-json\/wp\/v2\/users\/818"}],"replies":[{"embeddable":true,"href":"https:\/\/www2.unifap.br\/indigena\/wp-json\/wp\/v2\/comments?post=1582"}],"version-history":[{"count":12,"href":"https:\/\/www2.unifap.br\/indigena\/wp-json\/wp\/v2\/pages\/1582\/revisions"}],"predecessor-version":[{"id":3311,"href":"https:\/\/www2.unifap.br\/indigena\/wp-json\/wp\/v2\/pages\/1582\/revisions\/3311"}],"wp:attachment":[{"href":"https:\/\/www2.unifap.br\/indigena\/wp-json\/wp\/v2\/media?parent=1582"}],"curies":[{"name":"wp","href":"https:\/\/api.w.org\/{rel}","templated":true}]}}

COORDENAÇÃO DE CURSO

<p>A Coordenação de Curso tem gestão colegiada, participativa e comunitária, sendo realizada considerando a autoavaliação institucional e o resultado das avaliações externas como insumo para aprimoramento contínuo do planejamento do Curso, com evidência da apropriação dos resultados pela comunidade acadêmica, através de processo de autoavaliação periódica do Curso.<br />
A Coordenação de curso é formada pelo: Coordenador(a) de curso, Vice coordenador(a) de curso e servidores lotados na coordenação.</p>
<p><strong>Gestão 03/2024 – 03/2025:</strong> Profa. Dra. Gelsama Mara F. Santos (Coordenadora) e Profa. Dra Solange Rodrigues Silva (Vice-Coordenadora)<br />
<strong>Gestão 09/2023 – 02/2024 :</strong> Profa. Dra Solange Rodrigues Silva (Coordenadora) e Profa. Dra. Gelsama Mara F. Santos (Vice-Coordenadora)<br />
<strong>Gestão 09/2022 – 08/2023 :</strong> Profa. Dra. Gelsama Mara F. Santos (Coordenadora) e Profa. Dra Solange Rodrigues Silva (Vice-Coordenadora)<br />
<strong>Gestão 05/2022 – 08/2022 :</strong> Profa. Dra. Maria Adriana Leite (Coordenadora) e Profa. Dra Solange Rodrigues Silva (Vice-Coordenadora)</p>
<p><strong>Gestão 10/2020 – 12/2021:</strong>&nbsp;Profa. Da. Carina Santos de Almeida (Coordenadora) e&nbsp;Profa. Dra Elissandra Barros da Silva (Vice-Coordenadora)</p>
<p><strong>Gestão 04/2019 – 09/2020: </strong>Profa. Da. Janielle da Silva Melo da Cunha (Coordenadora) e Profa. Ma. Maria Adriana Leite (Vice-Coordenadora)</p>
<p><strong>Gestão 10/2018 – 03/2019:</strong> Profa. Ma. Maria Adriana Leite (Coordenadora) e Profa. Dra. Janielle da Silva Melo da Cunha (Vice-Coordenadora)</p>
<p><strong>Gestão 04/2017 – 09/2018:</strong> Profa. Ma. Rosilene Cruz de Araújo&nbsp;(Coordenadora) e Profa. Ma. Evilania Bento da Cunha (Vice-Coordenadora)</p>
<p><strong>Gestão 08/2016 – 03/2017:</strong> Prof. Dr. Glauber Romling da Silva (Coordenador) e Profa. Ma. Rosilene Cruz de Araújo (Vice-Coordenadora)</p>
<p><strong>Gestão 03/2014 – 07/2016: </strong>Profa. Dra. Cilene Campetela (Coordenadora) e&nbsp;Profa. Dra. Carina Santos de Almeida&nbsp;(Vice-Coordenadora)</p>
<p><strong>Gestão 04/2013- 03/2014:</strong>&nbsp;Profa. Ma. Jussara de Pinho Barreiros (Coordenadora).</p>
<p><strong>Gestão 08/2012 -03/2013:</strong>&nbsp;Prof. Me. Adilson Mendes (Coordenador) e Profa. Ma. Marina Teófilo Pignati (Vice-Coordenadora).</p>
<p><strong>Gestão 05/2010 – 07/2012:</strong>&nbsp;Profa. Ma.&nbsp; Meire Adriana da Silva (Coordenadora) e Profa. Ma. Rejane Aparecida Rodrigues Candado (Vice-Coordenadora).</p>
<p><strong>Gestão 07/2007 – 04/2010: </strong>&nbsp;Prof. João Beneilson Maia Gatinho (Coordenador) e Profa. Esp. Sandra do Socorro Almeida Monteiro (Vice-Coordenadora).</p>

<p>A Coordenação de Curso tem gestão colegiada, participativa e comunitária, sendo realizada considerando a autoavaliação institucional e o resultado das avaliações externas como insumo para aprimoramento contínuo do planejamento do Curso, com evidência da apropriação dos resultados pela comunidade acadêmica, através de processo de autoavaliação periódica do Curso. A Coordenação de curso é formada pelo:&#8230;</p>
