{"id":1584,"date":"2020-07-04T15:21:01","date_gmt":"2020-07-04T15:21:01","guid":{"rendered":"http:\/\/www2.unifap.br\/indigena\/?page_id=1584"},"modified":"2025-01-30T20:02:59","modified_gmt":"2025-01-30T20:02:59","slug":"nde","status":"publish","type":"page","link":"https:\/\/www2.unifap.br\/indigena\/coordenacao-de-curso\/nde\/","title":{"rendered":"N\u00facleo Docente Estruturante &#8211; NDE"},"content":{"rendered":"\t\t<div data-elementor-type=\"wp-page\" data-elementor-id=\"1584\" class=\"elementor elementor-1584\">\n\t\t\t\t\t\t<section class=\"elementor-section elementor-top-section elementor-element elementor-element-18a95f3c elementor-section-boxed elementor-section-height-default elementor-section-height-default\" data-id=\"18a95f3c\" data-element_type=\"section\" data-e-type=\"section\">\n\t\t\t\t\t\t<div class=\"elementor-container elementor-column-gap-default\">\n\t\t\t\t\t<div class=\"elementor-column elementor-col-100 elementor-top-column elementor-element elementor-element-3ca03545\" data-id=\"3ca03545\" data-element_type=\"column\" data-e-type=\"column\">\n\t\t\t<div class=\"elementor-widget-wrap elementor-element-populated\">\n\t\t\t\t\t\t<div class=\"elementor-element elementor-element-5d009f61 elementor-widget elementor-widget-text-editor\" data-id=\"5d009f61\" data-element_type=\"widget\" data-e-type=\"widget\" data-widget_type=\"text-editor.default\">\n\t\t\t\t<div class=\"elementor-widget-container\">\n\t\t\t\t\t\t\t\t\t<div class=\"clearfix entry-content\"><h2>O N\u00facleo Docente Estruturante<\/h2><p>Com o objetivo de acompanhar o Projeto Pedag\u00f3gico do CLII e programar suas poss\u00edveis altera\u00e7\u00f5es e atualiza\u00e7\u00f5es cont\u00ednuas. O N\u00facleo Docente Estruturante (NDE) \u00e9 formado por docentes efetivos que atuam nas \u00e1reas de conhecimento do CLII e atualizado conforme as demandas de Curso.<\/p><p><a href=\"https:\/\/drive.google.com\/file\/d\/1osmJRPm6dT7in5iyMXb0-lQbolIj7Yk2\/view?usp=drive_link\" target=\"_blank\" rel=\"noopener\"><strong>PORTARIA N\u00ba 0147\/2025<\/strong><\/a> : constitu\u00edda pelos membros docentes:<br \/>Dra. Gelsama Mara F. dos Santos (Presidenta), Dr. Agerdanio Andrade de Souza, Dra. Carina Santos de Almeida, Dra. Claudiane de Menezes Ramos, Dra. Cristiane do Socorro dos Santos Nery, Dra. Elissandra Barros da Silva, Dra. Evilania Bento da Cunha, Dr. Glauber Romling da Silva, Dra. Jussara de Pinho Barreiros, Dra. Maria Adriana Leite, Dra. Mary Gon\u00e7alves Fonseca, Dra. Solange Rodrigues da Silva, Dr. Tadeu Lopes Machado.<\/p><\/div><p><a href=\"https:\/\/drive.google.com\/file\/d\/1osmJRPm6dT7in5iyMXb0-lQbolIj7Yk2\/view?usp=drive_link\" target=\"_blank\" rel=\"noopener\"><strong>PORTARIA N\u00ba 0147\/2025<\/strong><\/a><\/p>\t\t\t\t\t\t\t\t<\/div>\n\t\t\t\t<\/div>\n\t\t\t\t<div class=\"elementor-element elementor-element-d3f9800 elementor-widget elementor-widget-toggle\" data-id=\"d3f9800\" data-element_type=\"widget\" data-e-type=\"widget\" data-widget_type=\"toggle.default\">\n\t\t\t\t<div class=\"elementor-widget-container\">\n\t\t\t\t\t\t\t<div class=\"elementor-toggle\">\n\t\t\t\t\t\t\t<div class=\"elementor-toggle-item\">\n\t\t\t\t\t<div id=\"elementor-tab-title-2221\" class=\"elementor-tab-title\" data-tab=\"1\" role=\"button\" aria-controls=\"elementor-tab-content-2221\" aria-expanded=\"false\">\n\t\t\t\t\t\t\t\t\t\t\t\t<span class=\"elementor-toggle-icon elementor-toggle-icon-left\" aria-hidden=\"true\">\n\t\t\t\t\t\t\t\t\t\t\t\t\t\t\t<span class=\"elementor-toggle-icon-closed\"><i class=\"fas fa-caret-right\"><\/i><\/span>\n\t\t\t\t\t\t\t\t<span class=\"elementor-toggle-icon-opened\"><i class=\"elementor-toggle-icon-opened fas fa-caret-up\"><\/i><\/span>\n\t\t\t\t\t\t\t\t\t\t\t\t\t<\/span>\n\t\t\t\t\t\t\t\t\t\t\t\t<a class=\"elementor-toggle-title\" tabindex=\"0\">ATAS DE REUNI\u00c3O NDE 2025.<\/a>\n\t\t\t\t\t<\/div>\n\n\t\t\t\t\t<div id=\"elementor-tab-content-2221\" class=\"elementor-tab-content elementor-clearfix\" data-tab=\"1\" role=\"region\" aria-labelledby=\"elementor-tab-title-2221\">Conte\u00fado da altern\u00e2ncia<\/div>\n\t\t\t\t<\/div>\n\t\t\t\t\t\t\t<div class=\"elementor-toggle-item\">\n\t\t\t\t\t<div id=\"elementor-tab-title-2222\" class=\"elementor-tab-title\" data-tab=\"2\" role=\"button\" aria-controls=\"elementor-tab-content-2222\" aria-expanded=\"false\">\n\t\t\t\t\t\t\t\t\t\t\t\t<span class=\"elementor-toggle-icon elementor-toggle-icon-left\" aria-hidden=\"true\">\n\t\t\t\t\t\t\t\t\t\t\t\t\t\t\t<span class=\"elementor-toggle-icon-closed\"><i class=\"fas fa-caret-right\"><\/i><\/span>\n\t\t\t\t\t\t\t\t<span class=\"elementor-toggle-icon-opened\"><i class=\"elementor-toggle-icon-opened fas fa-caret-up\"><\/i><\/span>\n\t\t\t\t\t\t\t\t\t\t\t\t\t<\/span>\n\t\t\t\t\t\t\t\t\t\t\t\t<a class=\"elementor-toggle-title\" tabindex=\"0\">ATAS DE REUNI\u00c3O NDE 2024.<\/a>\n\t\t\t\t\t<\/div>\n\n\t\t\t\t\t<div id=\"elementor-tab-content-2222\" class=\"elementor-tab-content elementor-clearfix\" data-tab=\"2\" role=\"region\" aria-labelledby=\"elementor-tab-title-2222\"><p>ATAS DE REUNI\u00c3O NDE 2024.<\/p><p><a href=\"https:\/\/drive.google.com\/drive\/folders\/1oQOxcyx06mLcLw2rMMaoh_mg1sAA9wrO?usp=sharing\" target=\"_blank\" rel=\"noopener\">Clique aqui para Acessar as atas de 2024.<\/a><\/p><\/div>\n\t\t\t\t<\/div>\n\t\t\t\t\t\t\t<div class=\"elementor-toggle-item\">\n\t\t\t\t\t<div id=\"elementor-tab-title-2223\" class=\"elementor-tab-title\" data-tab=\"3\" role=\"button\" aria-controls=\"elementor-tab-content-2223\" aria-expanded=\"false\">\n\t\t\t\t\t\t\t\t\t\t\t\t<span class=\"elementor-toggle-icon elementor-toggle-icon-left\" aria-hidden=\"true\">\n\t\t\t\t\t\t\t\t\t\t\t\t\t\t\t<span class=\"elementor-toggle-icon-closed\"><i class=\"fas fa-caret-right\"><\/i><\/span>\n\t\t\t\t\t\t\t\t<span class=\"elementor-toggle-icon-opened\"><i class=\"elementor-toggle-icon-opened fas fa-caret-up\"><\/i><\/span>\n\t\t\t\t\t\t\t\t\t\t\t\t\t<\/span>\n\t\t\t\t\t\t\t\t\t\t\t\t<a class=\"elementor-toggle-title\" tabindex=\"0\">ATAS DE REUNI\u00c3O NDE 2023.<\/a>\n\t\t\t\t\t<\/div>\n\n\t\t\t\t\t<div id=\"elementor-tab-content-2223\" class=\"elementor-tab-content elementor-clearfix\" data-tab=\"3\" role=\"region\" aria-labelledby=\"elementor-tab-title-2223\"><p>ATAS DE REUNI\u00c3O NDE 2023.<\/p><p><a href=\"https:\/\/drive.google.com\/file\/d\/145SETPjWzkSVspaJEr93AXoW_3CcC4cX\/view?usp=drive_link\">2023_01_18<\/a><\/p><p><a href=\"https:\/\/drive.google.com\/file\/d\/1uYSlQ8vpfE-2hoDqy5N459wXTWd4Mjv8\/view?usp=drive_link\">2023_07_06<\/a><\/p><p><a href=\"https:\/\/drive.google.com\/file\/d\/1eQnWHw-HYQ87xbutI4NaGPE3KLUjbWJ2\/view?usp=drive_link\">2023_08_03<\/a><\/p><p><a href=\"https:\/\/drive.google.com\/file\/d\/1UqENexkYafPUdCsXAmkEfUpUEB_ZAHDY\/view?usp=drive_link\">2023_09_14<\/a><\/p><\/div>\n\t\t\t\t<\/div>\n\t\t\t\t\t\t\t<div class=\"elementor-toggle-item\">\n\t\t\t\t\t<div id=\"elementor-tab-title-2224\" class=\"elementor-tab-title\" data-tab=\"4\" role=\"button\" aria-controls=\"elementor-tab-content-2224\" aria-expanded=\"false\">\n\t\t\t\t\t\t\t\t\t\t\t\t<span class=\"elementor-toggle-icon elementor-toggle-icon-left\" aria-hidden=\"true\">\n\t\t\t\t\t\t\t\t\t\t\t\t\t\t\t<span class=\"elementor-toggle-icon-closed\"><i class=\"fas fa-caret-right\"><\/i><\/span>\n\t\t\t\t\t\t\t\t<span class=\"elementor-toggle-icon-opened\"><i class=\"elementor-toggle-icon-opened fas fa-caret-up\"><\/i><\/span>\n\t\t\t\t\t\t\t\t\t\t\t\t\t<\/span>\n\t\t\t\t\t\t\t\t\t\t\t\t<a class=\"elementor-toggle-title\" tabindex=\"0\">ATAS DE REUNI\u00c3O NDE 2021.<\/a>\n\t\t\t\t\t<\/div>\n\n\t\t\t\t\t<div id=\"elementor-tab-content-2224\" class=\"elementor-tab-content elementor-clearfix\" data-tab=\"4\" role=\"region\" aria-labelledby=\"elementor-tab-title-2224\"><p>ATAS DE REUNI\u00c3O NDE 2021.<\/p><p><a href=\"https:\/\/drive.google.com\/file\/d\/1Qmib1cO1nmdzx_d3H4vSR9CtlmZmscxs\/view?usp=drive_link\">2021_02_12<\/a><\/p><p><a href=\"https:\/\/drive.google.com\/file\/d\/1N4fJ8Sj92u2Jdtl6BED3iyu5uEI-R7hH\/view?usp=drive_link\">2021_02_17<\/a><\/p><p><a href=\"https:\/\/drive.google.com\/file\/d\/1cqeP_zlOh_tKTE_vCF4e3nMBQFqe_qt8\/view?usp=drive_link\">2021_02_26<\/a><\/p><p><a href=\"https:\/\/drive.google.com\/file\/d\/1qlRgtTB_kESGmho0INVa5P6TGsSeKW4H\/view?usp=drive_link\">2021_03_16<\/a><\/p><p><a href=\"https:\/\/drive.google.com\/file\/d\/1ZRWMaAmBN_eZafpcXK-fbU_1E_WZ5JUb\/view?usp=drive_link\">2021_05_17<\/a><\/p><p><a href=\"https:\/\/drive.google.com\/file\/d\/10A2nsAItXofTdWlIlx_RJK8TE49piP_7\/view?usp=drive_link\">2021_06_29<\/a><\/p><p><a href=\"https:\/\/drive.google.com\/file\/d\/1ixIKa9LTREu7ePgcM5CWJLOcZ6aVzncT\/view?usp=drive_link\">2021_07_26<\/a><\/p><p><a href=\"https:\/\/drive.google.com\/file\/d\/1oHPejdVBP5250T7AxnWoSVdAdqCmv0LS\/view?usp=drive_link\">2021-08_02<\/a><\/p><p><a href=\"https:\/\/drive.google.com\/file\/d\/1e4XrooWLaIPXutfnn7OCYHFdre2lgECU\/view?usp=drive_link\">2021_09_10<\/a><\/p><p><a href=\"https:\/\/drive.google.com\/file\/d\/1mPCBdsEYmlEWxnpozLzN630UFyiQGrMC\/view?usp=drive_link\">2021_11_10<\/a><\/p><\/div>\n\t\t\t\t<\/div>\n\t\t\t\t\t\t\t<div class=\"elementor-toggle-item\">\n\t\t\t\t\t<div id=\"elementor-tab-title-2225\" class=\"elementor-tab-title\" data-tab=\"5\" role=\"button\" aria-controls=\"elementor-tab-content-2225\" aria-expanded=\"false\">\n\t\t\t\t\t\t\t\t\t\t\t\t<span class=\"elementor-toggle-icon elementor-toggle-icon-left\" aria-hidden=\"true\">\n\t\t\t\t\t\t\t\t\t\t\t\t\t\t\t<span class=\"elementor-toggle-icon-closed\"><i class=\"fas fa-caret-right\"><\/i><\/span>\n\t\t\t\t\t\t\t\t<span class=\"elementor-toggle-icon-opened\"><i class=\"elementor-toggle-icon-opened fas fa-caret-up\"><\/i><\/span>\n\t\t\t\t\t\t\t\t\t\t\t\t\t<\/span>\n\t\t\t\t\t\t\t\t\t\t\t\t<a class=\"elementor-toggle-title\" tabindex=\"0\">ATAS DE REUNI\u00c3O NDE 2020.<\/a>\n\t\t\t\t\t<\/div>\n\n\t\t\t\t\t<div id=\"elementor-tab-content-2225\" class=\"elementor-tab-content elementor-clearfix\" data-tab=\"5\" role=\"region\" aria-labelledby=\"elementor-tab-title-2225\"><p><a href=\"https:\/\/drive.google.com\/file\/d\/1jqreVu0L195fyFCpGsxpjzrUkxfJkY6M\/view?usp=drive_link\">2020_11_10<\/a><\/p><p><a href=\"https:\/\/drive.google.com\/file\/d\/12benNRkCjb_t8AqNgOwlPOg8pFj1udeT\/view?usp=drive_link\">2020_11_12<\/a><\/p><p><a href=\"https:\/\/drive.google.com\/file\/d\/1TqbAtwqCZ3mJSLvMDPJHxBl9O6zkspnL\/view?usp=drive_link\">2020_11_19<\/a><\/p><\/div>\n\t\t\t\t<\/div>\n\t\t\t\t\t\t\t\t<\/div>\n\t\t\t\t\t\t<\/div>\n\t\t\t\t<\/div>\n\t\t\t\t\t<\/div>\n\t\t<\/div>\n\t\t\t\t\t<\/div>\n\t\t<\/section>\n\t\t\t\t<\/div>\n\t\t","protected":false},"excerpt":{"rendered":"<p>O N\u00facleo Docente Estruturante Com o objetivo de acompanhar o Projeto Pedag\u00f3gico do CLII e programar suas poss\u00edveis altera\u00e7\u00f5es e atualiza\u00e7\u00f5es cont\u00ednuas. O N\u00facleo Docente Estruturante (NDE) \u00e9 formado por docentes efetivos que atuam nas \u00e1reas de conhecimento do CLII e atualizado conforme as demandas de Curso. PORTARIA N\u00ba 0147\/2025 : constitu\u00edda pelos membros docentes:Dra&#8230;.<\/p>\n","protected":false},"author":818,"featured_media":0,"parent":1582,"menu_order":0,"comment_status":"closed","ping_status":"closed","template":"","meta":{"inline_featured_image":false,"ngg_post_thumbnail":0,"footnotes":""},"class_list":["post-1584","page","type-page","status-publish","hentry","entry"],"_links":{"self":[{"href":"https:\/\/www2.unifap.br\/indigena\/wp-json\/wp\/v2\/pages\/1584","targetHints":{"allow":["GET"]}}],"collection":[{"href":"https:\/\/www2.unifap.br\/indigena\/wp-json\/wp\/v2\/pages"}],"about":[{"href":"https:\/\/www2.unifap.br\/indigena\/wp-json\/wp\/v2\/types\/page"}],"author":[{"embeddable":true,"href":"https:\/\/www2.unifap.br\/indigena\/wp-json\/wp\/v2\/users\/818"}],"replies":[{"embeddable":true,"href":"https:\/\/www2.unifap.br\/indigena\/wp-json\/wp\/v2\/comments?post=1584"}],"version-history":[{"count":21,"href":"https:\/\/www2.unifap.br\/indigena\/wp-json\/wp\/v2\/pages\/1584\/revisions"}],"predecessor-version":[{"id":3568,"href":"https:\/\/www2.unifap.br\/indigena\/wp-json\/wp\/v2\/pages\/1584\/revisions\/3568"}],"up":[{"embeddable":true,"href":"https:\/\/www2.unifap.br\/indigena\/wp-json\/wp\/v2\/pages\/1582"}],"wp:attachment":[{"href":"https:\/\/www2.unifap.br\/indigena\/wp-json\/wp\/v2\/media?parent=1584"}],"curies":[{"name":"wp","href":"https:\/\/api.w.org\/{rel}","templated":true}]}}