{"id":1596,"date":"2020-07-04T15:27:08","date_gmt":"2020-07-04T15:27:08","guid":{"rendered":"http:\/\/www2.unifap.br\/indigena\/?page_id=1596"},"modified":"2020-07-04T15:47:33","modified_gmt":"2020-07-04T15:47:33","slug":"profa-ms-jussara-de-pinho-barreiros","status":"publish","type":"page","link":"https:\/\/www2.unifap.br\/indigena\/colegiado\/profa-ms-jussara-de-pinho-barreiros\/","title":{"rendered":"Profa. Dra. Jussara de Pinho Barreiros"},"content":{"rendered":"<header class=\"entry-header\">\n<h2 class=\"entry-title\">Profa. Dra. Jussara de Pinho Barreiros<\/h2>\n<\/header>\n<div class=\"clearfix entry-content\">\n<p>Professora adjunta do Curso de Licenciatura Intercultural Ind\u00edgena da Universidade Federal do Amap\u00e1, Campus Binacional de Oiapoque. Doutora em Hist\u00f3ria da Ci\u00eancia pela PUC-SP (2020), mestra em Direito Ambiental e Pol\u00edticas P\u00fablicas pela UNIFAP (2012), graduada em Educa\u00e7\u00e3o Art\u00edstica pela UFPA (1990) e especialista em Ensino Superior pela UNAMA (1994). Tem experi\u00eancia em pesquisa em Hist\u00f3ria da Ci\u00eancia, Direito Ambiental e Pol\u00edticas P\u00fablicas, com \u00eanfase nos assuntos: Estudo sobre o Plano de Vida dos Povos e Organiza\u00e7\u00f5es Ind\u00edgenas do Oiapoque (2009) e o Projeto Etnoconserva\u00e7\u00e3o de Quel\u00f4nios no contexto da pol\u00edticas socioambientais em terras ind\u00edgenas; O ritual do Tur\u00e9 como objeto de estudo da Hist\u00f3ria da Ci\u00eancia. No magist\u00e9rio superior, ministra disciplinas da \u00e1rea de Ci\u00eancias das Linguagens e C\u00f3digos na forma\u00e7\u00e3o inicial de professores ind\u00edgenas, com foco em: Arte Ind\u00edgena, Ensino de Arte na Educa\u00e7\u00e3o Escolar Ind\u00edgena e Ensino de Arte na Educa\u00e7\u00e3o Superior Ind\u00edgena. \u00c9 membro do Conselho Editorial da Science and Knowledge in Focus, peri\u00f3dico eletr\u00f4nico publicado pelo Curso de Gradua\u00e7\u00e3o em Matem\u00e1tica da UNIFAP, Se\u00e7\u00e3o 2: Ci\u00eancia, Povo Ind\u00edgena e Saber. Na pesquisa e a\u00e7\u00f5es extensionistas atua na equipe de pesquisadores do N\u00facleo de Pesquisa Hist\u00f3ria da Ci\u00eancia e Ensino (NUPHCE\/CNPq).<\/p>\n<p>Curr\u00edculo Lattes: http:\/\/lattes.cnpq.br\/0371929976427800<\/p>\n<p>E-mail: jussaraw-ap@ig.com.br<\/p>\n<\/div>\n","protected":false},"excerpt":{"rendered":"<p>Profa. Dra. Jussara de Pinho Barreiros Professora adjunta do Curso de Licenciatura Intercultural Ind\u00edgena da Universidade Federal do Amap\u00e1, Campus Binacional de Oiapoque. Doutora em Hist\u00f3ria da Ci\u00eancia pela PUC-SP (2020), mestra em Direito Ambiental e Pol\u00edticas P\u00fablicas pela UNIFAP (2012), graduada em Educa\u00e7\u00e3o Art\u00edstica pela UFPA (1990) e especialista em Ensino Superior pela UNAMA&#8230;<\/p>\n","protected":false},"author":818,"featured_media":0,"parent":639,"menu_order":0,"comment_status":"closed","ping_status":"closed","template":"","meta":{"inline_featured_image":false,"ngg_post_thumbnail":0,"footnotes":""},"class_list":["post-1596","page","type-page","status-publish","hentry","entry"],"_links":{"self":[{"href":"https:\/\/www2.unifap.br\/indigena\/wp-json\/wp\/v2\/pages\/1596","targetHints":{"allow":["GET"]}}],"collection":[{"href":"https:\/\/www2.unifap.br\/indigena\/wp-json\/wp\/v2\/pages"}],"about":[{"href":"https:\/\/www2.unifap.br\/indigena\/wp-json\/wp\/v2\/types\/page"}],"author":[{"embeddable":true,"href":"https:\/\/www2.unifap.br\/indigena\/wp-json\/wp\/v2\/users\/818"}],"replies":[{"embeddable":true,"href":"https:\/\/www2.unifap.br\/indigena\/wp-json\/wp\/v2\/comments?post=1596"}],"version-history":[{"count":5,"href":"https:\/\/www2.unifap.br\/indigena\/wp-json\/wp\/v2\/pages\/1596\/revisions"}],"predecessor-version":[{"id":1634,"href":"https:\/\/www2.unifap.br\/indigena\/wp-json\/wp\/v2\/pages\/1596\/revisions\/1634"}],"up":[{"embeddable":true,"href":"https:\/\/www2.unifap.br\/indigena\/wp-json\/wp\/v2\/pages\/639"}],"wp:attachment":[{"href":"https:\/\/www2.unifap.br\/indigena\/wp-json\/wp\/v2\/media?parent=1596"}],"curies":[{"name":"wp","href":"https:\/\/api.w.org\/{rel}","templated":true}]}}